{"id":153,"date":"2017-11-08T14:27:32","date_gmt":"2017-11-08T13:27:32","guid":{"rendered":"https:\/\/www.hsu-hh.de\/histec\/?page_id=153"},"modified":"2024-03-18T16:41:50","modified_gmt":"2024-03-18T15:41:50","slug":"teammoritz","status":"publish","type":"page","link":"https:\/\/www.hsu-hh.de\/histec\/teammoritz","title":{"rendered":"Carolin Moritz"},"content":{"rendered":"\n<h2 class=\"wp-block-heading\">Kontakt<\/h2>\n\n\n<script type=\"application\/ld+json\">[{\"@context\": \"https:\/\/www.schema.org\",\"@type\": \"Person\",\"name\": \"Carolin Moritz\",\"worksFor\": [{\t\"@type\": \"Organization\",\t\"name\": \"Helmut-Schmidt-Universit\u00e4t\",\t\"url\": \"https:\/\/www.hsu-hh.de\"\t, \"department\": {\"@type\": \"Organization\",\t\t\t\t\t\"name\": \"Wissensgeschichte moderner Gesellschaften\",\t\t\t\t\t\"location\": {\t\t\t\t\t\t\"@type\": \"PostalAddress\",\t\t\t\t\t\t\"addressLocality\": \"\",        \t\t\t\t\"postalCode\": \"22043\",        \t\t\t\t\"streetAddress\": \"Holstenhofweg 85 , Geb\u00e4ude \"\t\t\t\t\t}},\t\"location\": {\t\t\"@type\": \"PostalAddress\",    \t\"addressLocality\": \"\",    \t\"postalCode\": \"22008\",    \t\"postOfficeBoxNumber\": \"700822\"\t}   }],\"image\": \"https:\/\/www.hsu-hh.de\/histec\/wp-content\/uploads\/sites\/734\/2017\/11\/Foto-Moritz-120x150.jpg\",\"telephone\": \"+49406541-3533\",\"faxNumber\": \"\",\"email\": \"carolin.moritz@hsu-hh.de\"}]<\/script><div class=\"clearfix\"><\/div><div class=\"ansprechparter-container \" style=\"margin-top:1em; \"><div class=\"row ansprechpartner-item ansprechparter-header\" ><div class=\"col-xs-8 col-lg-12\" style=\"margin-bottom: 30px;\"><h3 class=\"ansprechparter-headline\">Carolin Moritz<\/h3><\/div><\/div><div class=\"col-md-4 col-lg-3 col-xs-4 ansprechpartner-item floatright img-circle center-block\" style=\"margin-bottom: 30px;\"><div class=\"img-responsive-wrapper\"><img decoding=\"async\" src=\"https:\/\/www.hsu-hh.de\/histec\/wp-content\/uploads\/sites\/734\/2017\/11\/Foto-Moritz-120x150.jpg\" alt=\"Carolin Moritz\" class=\"img-circle img-responsive center-block\" \/><\/div><\/div><div class=\"col-md-12 col-lg-3 col-xs-12 ansprechpartner-item kontakt floatright\" style=\"margin-bottom: 30px; \"><div class=\"row\"><div class=\"col-xs-12 col-sm-6 col-lg-12\"><div class=\"row\"><div class=\"col-xs-4 col-lg-4 row-text bold\" >Raum:<\/div><div class=\" row-text\">2219<\/div><\/div><\/div><div class=\"col-xs-12 col-sm-6 col-lg-12\"><div class=\"row\"><div class=\"col-xs-4 col-lg-4 row-text bold\">Telefon:<\/div><div class=\" row-text\">+49406541-3533<\/div><\/div><\/div><div class=\"col-xs-12 col-sm-6 col-lg-12\"><div class=\"row\"><div class=\"col-xs-4 col-lg-4 row-text bold\">E-Mail:<\/div><div class=\"row-text\" style=\"overflow:hidden; word-break: break-word\"><a href=\"mailto:carolin.moritz@hsu-hh.de\" rel=\"nofollow\">carolin.moritz@hsu-hh.de<\/a><\/div><\/div><\/div><\/div><\/div><div class=\"col-md-6 col-lg-3 col-xs-12 ansprechpartner-item anschrift floatright\" ><div class=\"row-headline\">Besucheranschrift<\/div><div class=\"dataBesucheranschrift\" style=\"\"><div class=\"row-text\">Helmut-Schmidt-Universit\u00e4t<\/div><div class=\"row-text\">Geb\u00e4ude <\/div><div class=\"row-text\">Holstenhofweg 85<\/div><div class=\"row-text\">22043 Hamburg<\/div><\/div><\/div><div class=\"col-md-6 col-lg-3 col-xs-12 ansprechpartner-item anschrift floatright\"><div class=\"row-headline\">Postanschrift<\/div><div class=\"dataPostanschrift\" style=\"\"><div class=\"row-text\">Helmut-Schmidt-Universit\u00e4t<\/div><div class=\"row-text\">Fakult\u00e4t f\u00fcr Geistes und<\/div><div class=\"row-text\">Sozialwissenschaften<\/div><div class=\"row-text\">Wissensgeschichte moderner Gesellschaften<\/div><div class=\"row-text\">Postfach 70 08 22<\/div><div class=\"row-text\">22008 Hamburg<\/div><\/div><\/div><\/div><div class=\"clearfix\"><\/div>\n\n\n<div style=\"height:30px\" aria-hidden=\"true\" class=\"wp-block-spacer\"><\/div>\n\n\n\n\n\n\n\n<h3>CV<\/h3>\n\n\n\n<p><strong>Seit September 2015<\/strong><br>Wissenschaftliche Mitarbeiterin am Lehrstuhl f\u00fcr Neuere Sozial-, Wirtschafts- und Technikgeschichte, Lehrstuhl <abbr title=\"Professor\">Prof.<\/abbr> <abbr title=\"Doktor\">Dr.<\/abbr> H. Hartmann, Helmut-Schmidt-Universit\u00e4t der Bundeswehr Hamburg<\/p>\n\n\n\n<p><strong>2009-2015<\/strong><br>Studium der Mittleren\/Neueren Geschichte und der Germanistik an der Ruprecht-Karls-Universit\u00e4t Heidelberg, I. Staatsexamen<\/p>\n\n\n\n\n\n\n\n<h3>Publikationen<\/h3>\n\n\n\n\n\n\n\n<h3>Forschung<\/h3>\n\n\n\n<p><strong>Mutterschaft in sozialen \u201eRandgruppen\u201c im 20. Jahrhundert:<\/strong><\/p>\n\n\n\n<p>\u201eRandst\u00e4ndige\u201c Mutterschaft wird bis heute gesellschaftlich tabuisiert, wenngleich im Laufe des 20. Jahrhunderts unterschiedliche Vorstellungen von \u201eRandst\u00e4ndigkeit\u201c diskutiert wurden. W\u00e4hrend beispielsweise bis in die 1960er Jahre auch alleinerziehende M\u00fctter eine soziale und rechtliche Diskriminierung erfuhren, \u00e4nderte sich dies in Westdeutschland ab den 1970er Jahren.<br>Das Forschungsprojekt wiederum fokussiert prim\u00e4r die Mutterschaft in drei anderen sogenannten sozialen \u201eRandgruppen\u201c: Obdachlosen, Inhaftierten und Prostituierten. Es soll untersucht werden, wie Mutterschaft in diesen Gruppen gesellschaftlich wahrgenommen und wie mit ihr umgegangen wurde. Insbesondere m\u00f6chte das Vorhaben analysieren, in welchem Rahmen Hilfseinrichtungen, aber auch Sanktionen f\u00fcr und gegen\u00fcber diesen Frauen eingerichtet <abbr title=\"beziehungsweise\">bzw.<\/abbr> ausgef\u00fchrt wurden. Dar\u00fcber hinaus wird er\u00f6rtert, welcher Wandel sich in Wahrnehmung und Handlung gegen\u00fcber \u201erandst\u00e4ndigen\u201c M\u00fcttern mit welchen Folgen im Verlauf des 20. Jahrhunderts vollzogen hat. Am Beispiel der Stadt Hamburg fragt das Projekt konkret, welche Einrichtungen in Hamburg f\u00fcr \u201erandst\u00e4ndige\u201c M\u00fctter etabliert wurden. Geschah dies aufgrund staatlicher oder privater Initiative? Welche handlungsleitenden Motive lagen der Gr\u00fcndung und Betreibung dieser Einrichtungen zugrunde? Hat sich innerhalb der Gesellschaft ein Wandel in der Wahrnehmung dieser Frauen vollzogen und welche Auswirkungen hatte dieser Wandel f\u00fcr das Leben von Mutter und Kind?<\/p>\n\n\n\n<p>(Hilfs-)Einrichtungen dienten, so die Hypothese, nicht nur zur Unterst\u00fctzung dieser Frauen, sondern f\u00fchrten vor allem auch zur gesellschaftlichen Ausgrenzung \u201erandst\u00e4ndiger\u201c Mutterschaft. Im geografischen Raum Hamburg gab es staatliche Bestrebungen, \u00f6ffentliche Sichtbarkeit von \u201eanormaler\u201c Mutterschaft zu reduzieren. Im 20. Jahrhundert vollzog sich ein Wandel in der Vorstellung von \u201eNormalit\u00e4t\u201c und \u201eAnormalit\u00e4t\u201c von Mutterschaft und damit einhergehend auch einen Wandel in der Wahrnehmung und der Akzeptanz von \u201erandst\u00e4ndigen\u201c Frauen und ihren Kindern.<\/p>\n\n\n\n\n\n\n\n\n","protected":false},"excerpt":{"rendered":"<p>Kontakt CV Seit September 2015Wissenschaftliche Mitarbeiterin am Lehrstuhl f\u00fcr Neuere Sozial-, Wirtschafts- und Technikgeschichte, Lehrstuhl Prof. Dr. H. Hartmann, Helmut-Schmidt-Universit\u00e4t der Bundeswehr Hamburg 2009-2015Studium der Mittleren\/Neueren Geschichte und der Germanistik [&hellip;]<\/p>\n","protected":false},"author":111,"featured_media":154,"parent":0,"menu_order":0,"comment_status":"closed","ping_status":"closed","template":"","meta":{"footnotes":""},"categories":[8],"tags":[],"class_list":["post-153","page","type-page","status-publish","has-post-thumbnail","hentry","category-team"],"_links":{"self":[{"href":"https:\/\/www.hsu-hh.de\/histec\/wp-json\/wp\/v2\/pages\/153","targetHints":{"allow":["GET"]}}],"collection":[{"href":"https:\/\/www.hsu-hh.de\/histec\/wp-json\/wp\/v2\/pages"}],"about":[{"href":"https:\/\/www.hsu-hh.de\/histec\/wp-json\/wp\/v2\/types\/page"}],"author":[{"embeddable":true,"href":"https:\/\/www.hsu-hh.de\/histec\/wp-json\/wp\/v2\/users\/111"}],"replies":[{"embeddable":true,"href":"https:\/\/www.hsu-hh.de\/histec\/wp-json\/wp\/v2\/comments?post=153"}],"version-history":[{"count":16,"href":"https:\/\/www.hsu-hh.de\/histec\/wp-json\/wp\/v2\/pages\/153\/revisions"}],"predecessor-version":[{"id":1580,"href":"https:\/\/www.hsu-hh.de\/histec\/wp-json\/wp\/v2\/pages\/153\/revisions\/1580"}],"wp:featuredmedia":[{"embeddable":true,"href":"https:\/\/www.hsu-hh.de\/histec\/wp-json\/wp\/v2\/media\/154"}],"wp:attachment":[{"href":"https:\/\/www.hsu-hh.de\/histec\/wp-json\/wp\/v2\/media?parent=153"}],"wp:term":[{"taxonomy":"category","embeddable":true,"href":"https:\/\/www.hsu-hh.de\/histec\/wp-json\/wp\/v2\/categories?post=153"},{"taxonomy":"post_tag","embeddable":true,"href":"https:\/\/www.hsu-hh.de\/histec\/wp-json\/wp\/v2\/tags?post=153"}],"curies":[{"name":"wp","href":"https:\/\/api.w.org\/{rel}","templated":true}]}}