{"id":128,"date":"2017-11-06T15:06:09","date_gmt":"2017-11-06T14:06:09","guid":{"rendered":"https:\/\/www.hsu-hh.de\/histec\/?page_id=128"},"modified":"2022-10-26T09:28:33","modified_gmt":"2022-10-26T07:28:33","slug":"teamhessler","status":"publish","type":"page","link":"https:\/\/www.hsu-hh.de\/histec\/teamhessler","title":{"rendered":"Martina He\u00dfler"},"content":{"rendered":"<h3>Kontakt<\/h3>\n<div class=\"ansprechparter-container\">\n<div class=\"row ansprechpartner-item ansprechparter-header\">\n<div class=\"col-xs-8 col-lg-12\" style=\"margin-bottom: 30px\">\n<h3 class=\"ansprechparter-headline\">Martina He\u00dfler<\/h3>\n<\/div>\n<div class=\"col-md-4 col-lg-3 col-xs-4 ansprechpartner-item floatright img-circle center-block\" style=\"margin-bottom: 30px\"><\/div>\n<\/div>\n<div class=\"clearfix\">Frau <abbr title=\"Professor\">Prof.<\/abbr> <abbr title=\"Doktor\">Dr.<\/abbr> Martina He\u00dfler ist seit 1. Februar 2019 Inhaberin des Lehrstuhls f\u00fcr Technikgeschichte an der <abbr title=\"Technische Universit\u00e4t\">TU<\/abbr> Darmstadt.<\/div>\n<div>Hier der Link zur Hompage: <a href=\"https:\/\/www.geschichte.tu-darmstadt.de\/institut_fuer_geschichte_1\/ifg_kontaktdetails_29568.de.jsp\" rel='nofollow'><abbr title=\"Technische Universit\u00e4t\">TU<\/abbr> Darmstadt<\/a><\/div>\n<\/div>\n","protected":false},"excerpt":{"rendered":"<p>Kontakt Martina He\u00dfler Frau Prof. Dr. Martina He\u00dfler ist seit 1. Februar 2019 Inhaberin des Lehrstuhls f\u00fcr Technikgeschichte an der TU Darmstadt. Hier der Link zur Hompage: TU Darmstadt<\/p>\n","protected":false},"author":111,"featured_media":130,"parent":0,"menu_order":0,"comment_status":"closed","ping_status":"closed","template":"","meta":{"footnotes":""},"categories":[8],"tags":[],"class_list":["post-128","page","type-page","status-publish","has-post-thumbnail","hentry","category-team"],"_links":{"self":[{"href":"https:\/\/www.hsu-hh.de\/histec\/wp-json\/wp\/v2\/pages\/128","targetHints":{"allow":["GET"]}}],"collection":[{"href":"https:\/\/www.hsu-hh.de\/histec\/wp-json\/wp\/v2\/pages"}],"about":[{"href":"https:\/\/www.hsu-hh.de\/histec\/wp-json\/wp\/v2\/types\/page"}],"author":[{"embeddable":true,"href":"https:\/\/www.hsu-hh.de\/histec\/wp-json\/wp\/v2\/users\/111"}],"replies":[{"embeddable":true,"href":"https:\/\/www.hsu-hh.de\/histec\/wp-json\/wp\/v2\/comments?post=128"}],"version-history":[{"count":30,"href":"https:\/\/www.hsu-hh.de\/histec\/wp-json\/wp\/v2\/pages\/128\/revisions"}],"predecessor-version":[{"id":935,"href":"https:\/\/www.hsu-hh.de\/histec\/wp-json\/wp\/v2\/pages\/128\/revisions\/935"}],"wp:featuredmedia":[{"embeddable":true,"href":"https:\/\/www.hsu-hh.de\/histec\/wp-json\/wp\/v2\/media\/130"}],"wp:attachment":[{"href":"https:\/\/www.hsu-hh.de\/histec\/wp-json\/wp\/v2\/media?parent=128"}],"wp:term":[{"taxonomy":"category","embeddable":true,"href":"https:\/\/www.hsu-hh.de\/histec\/wp-json\/wp\/v2\/categories?post=128"},{"taxonomy":"post_tag","embeddable":true,"href":"https:\/\/www.hsu-hh.de\/histec\/wp-json\/wp\/v2\/tags?post=128"}],"curies":[{"name":"wp","href":"https:\/\/api.w.org\/{rel}","templated":true}]}}