{"id":905,"date":"2021-04-12T15:34:28","date_gmt":"2021-04-12T13:34:28","guid":{"rendered":"https:\/\/www.hsu-hh.de\/hisost\/?page_id=905"},"modified":"2025-11-12T20:49:11","modified_gmt":"2025-11-12T19:49:11","slug":"melanie-hussinger-m-a","status":"publish","type":"page","link":"https:\/\/www.hsu-hh.de\/hisost\/melanie-hussinger-m-a\/","title":{"rendered":"Melanie Hussinger, M.A."},"content":{"rendered":"<script type=\"application\/ld+json\">[{\"@context\": \"https:\/\/www.schema.org\",\"@type\": \"Person\",\"name\": \"Melanie Hussinger\",\"worksFor\": [{\t\"@type\": \"Organization\",\t\"name\": \"Helmut-Schmidt-Universit\u00e4t\",\t\"url\": \"https:\/\/www.hsu-hh.de\"\t, \"department\": {\"@type\": \"Organization\",\t\t\t\t\t\"name\": \"Geschichte Ost- und Ostmitteleuropas\",\t\t\t\t\t\"location\": {\t\t\t\t\t\t\"@type\": \"PostalAddress\",\t\t\t\t\t\t\"addressLocality\": \"\",        \t\t\t\t\"postalCode\": \"22043\",        \t\t\t\t\"streetAddress\": \"Holstenhofweg 85 , Geb\u00e4ude H1\"\t\t\t\t\t}},\t\"location\": {\t\t\"@type\": \"PostalAddress\",    \t\"addressLocality\": \"\",    \t\"postalCode\": \"22008\",    \t\"postOfficeBoxNumber\": \"700822\"\t}   }],\"image\": \"https:\/\/www.hsu-hh.de\/hisost\/wp-content\/uploads\/sites\/832\/2025\/11\/Melanie-Foto-black-white-150x150.jpg\",\"telephone\": \"\",\"faxNumber\": \"\",\"email\": \"melanie.hussinger@hsu-hh.de\"}]<\/script><div class=\"clearfix\"><\/div><div class=\"ansprechparter-container \" style=\"margin-top:1em; \"><div class=\"row ansprechpartner-item ansprechparter-header\" ><div class=\"col-xs-8 col-lg-12\" style=\"margin-bottom: 30px;\"><h3 class=\"ansprechparter-headline\">Melanie Hussinger<\/h3><\/div><\/div><div class=\"col-md-4 col-lg-3 col-xs-4 ansprechpartner-item floatright img-circle center-block\" style=\"margin-bottom: 30px;\"><div class=\"img-responsive-wrapper\"><img decoding=\"async\" src=\"https:\/\/www.hsu-hh.de\/hisost\/wp-content\/uploads\/sites\/832\/2025\/11\/Melanie-Foto-black-white-150x150.jpg\" alt=\"\" class=\"img-circle img-responsive center-block\" \/><\/div><\/div><div class=\"col-md-12 col-lg-3 col-xs-12 ansprechpartner-item kontakt floatright\" style=\"margin-bottom: 30px; \"><div class=\"row\"><div class=\"col-xs-12 col-sm-6 col-lg-12\"><div class=\"row\"><div class=\"col-xs-4 col-lg-4 row-text bold\" >Raum:<\/div><div class=\" row-text\">2324<\/div><\/div><\/div><div class=\"col-xs-12 col-sm-6 col-lg-12\"><div class=\"row\"><div class=\"col-xs-4 col-lg-4 row-text bold\">E-Mail:<\/div><div class=\"row-text\" style=\"overflow:hidden; word-break: break-word\"><a href=\"mailto:melanie.hussinger@hsu-hh.de\" rel=\"nofollow\">melanie.hussinger@hsu-hh.de<\/a><\/div><\/div><\/div><\/div><\/div><div class=\"col-md-6 col-lg-3 col-xs-12 ansprechpartner-item anschrift floatright\" ><div class=\"row-headline\">Besucheranschrift<\/div><div class=\"dataBesucheranschrift\" style=\"\"><div class=\"row-text\">Helmut-Schmidt-Universit\u00e4t<\/div><div class=\"row-text\">Geb\u00e4ude H1<\/div><div class=\"row-text\">Holstenhofweg 85<\/div><div class=\"row-text\">22043 Hamburg<\/div><\/div><\/div><div class=\"col-md-6 col-lg-3 col-xs-12 ansprechpartner-item anschrift floatright\"><div class=\"row-headline\">Postanschrift<\/div><div class=\"dataPostanschrift\" style=\"\"><div class=\"row-text\">Helmut-Schmidt-Universit\u00e4t<\/div><div class=\"row-text\">Fakult\u00e4t GeiSo<\/div><div class=\"row-text\">Geschichte Ost- und Ostmitteleuropas<\/div><div class=\"row-text\">Postfach 70 08 22<\/div><div class=\"row-text\">22008 Hamburg<\/div><\/div><\/div><\/div><div class=\"clearfix\"><\/div>\n\n<\/p>\n<h3>Vita<\/h3>\n<ul>\n<li>seit 04\/2021 Wissenschaftliche Mitarbeiterin an der Professur f\u00fcr Geschichte Osteuropas und Ostmitteleuropas der Helmut-Schmidt-Universit\u00e4t Hamburg<\/li>\n<li>2018-2021: studentische Hilfskraft am Leibniz-Institut f\u00fcr Ost- und S\u00fcdosteuropaforschung Regensburg<\/li>\n<li>2017-2020: Masterstudium der Osteuropastudien an der Universit\u00e4t Regensburg. Thema der Abschlussarbeit (M.A.): \u201eEin Name, ein Leben ein Zeichen. Historisches Gedenken im zivilgesellschaftlichen Projekt Poslednij Adres\u201c (ausgezeichnet mit dem 2. Regensburger Preis f\u00fcr herausragende Abschlussarbeiten im Bereich der Area Studies)<\/li>\n<li>2016: Auslandssemester an der staatlichen Universit\u00e4t in Ivanovo, Russland (russische Literatur, Kultur und Geschichte)<\/li>\n<li>2013-2017: Bachelorstudium European Studies (B.A.) an der Universit\u00e4t Passau<\/li>\n<\/ul>\n<h3>Aktuelle Forschungsprojekte<\/h3>\n<p><strong>Promotionsprojekt<\/strong>:<\/p>\n<p>Die Pr\u00e4senz der Toten. Repressionen, Rehabilitierungen und Rituale in postsozialistischen Erinnerungslandschaften<\/p>\n<p>Vom Pariser Vorort Boulogne-Billancourt \u00fcber Moskau bis ins georgische Tbilissi: Das zivilgesellschaftliche Erinnern und \u00f6ffentliche Gedenken an die Opfer der <abbr title=\"sogenannt\">sog.<\/abbr> politischen Repressionen der Sowjetunion hinterlie\u00df und hinterl\u00e4sst seine Spuren in der postsozialistischen Erinnerungslandschaft. Eine besondere gesellschaftliche Initiative, die sich diesem Erinnern seit 2014 verschrieben hat, ist &#8222;Poslednij Adres&#8220;, die Letzte Adresse. Dieses transnationale Aktivist:innen-Netzwerk bringt mit gesellschaftlicher Unterst\u00fctzung in- und au\u00dferhalb Russlands kleine Gedenkt\u00e4felchen an. Sind die Toten des vorherigen Jahrhunderts dadurch erst einmal pr\u00e4sent in den St\u00e4dten und D\u00f6rfern, entfalten sie eine ganz eigene Dynamik, die von ritualisierten Anbringungszeremonien \u00fcber mediale Diskussionen bis hin zu offenkundigem Vandalismus f\u00fchrt. Immanent dabei sind die Fragen, wer die Opfer der politischen Repressionen sind und ob ihre \u00f6ffentliche Erinnerung gew\u00fcnscht ist. Das Promotionsvorhaben verfolgt die Spuren der Verstorbenen anhand der Letzten Adressen auf verschiedenen Wegen: etwa durch die teilnehmende Beobachtung, Expert:inneninterviews, Archivforschungen oder mithilfe der Aufbereitung und Analyse von <abbr title=\"unter anderem\">u.a.<\/abbr> online gef\u00fchrten Diskursen. Dabei soll stets im Blick behalten werden, dass vereinfachende T\u00e4ter- und Opfergegen\u00fcberstellungen im postsowjetischen Kontext oftmals zu kurz greifen.<\/p>\n<\/p>\n<h3>Forschungsschwerpunkte<\/h3>\n<ul>\n<li>Erinnerungskultur und \u2013politik in Osteuropa<\/li>\n<li>Zivilgesellschaftliche Bewegungen in der Perestrojka<\/li>\n<li>Praktiken des Erinnerns und Gedenkens in der Sowjetunion und Russland<\/li>\n<li>Stalinismus und Aufarbeitung<\/li>\n<\/ul>\n<h3>Lehrveranstaltungen<\/h3>\n<p><strong>Proseminare<\/strong><\/p>\n<ul>\n<li>Das zerfallende Imperium. Von der Perestrojka bis zum Ende der Sowjetunion (Helmut-Schmidt-Universit\u00e4t, Wintertrimester 2024)<\/li>\n<li>Die Sprache der Opfer? Erinnerungen an den Stalinismus in Russland (Helmut-Schmidt-Universit\u00e4t, Herbsttrimester 2021)<\/li>\n<\/ul>\n<p><strong>ISA-Seminare<\/strong><\/p>\n<ul>\n<li>Osteuropa: R\u00e4ume, Geschichte, Kulturen (Helmut-Schmidt-Universit\u00e4t, Fr\u00fchjahrstrimester 2021)<\/li>\n<li>Von der Sezession zur Nation. Umbr\u00fcche im Kaukasus (Helmut-Schmidt-Universit\u00e4t, Herbsttrimester 2022)<\/li>\n<\/ul>\n<p><strong>\u00dcbungen<\/strong><\/p>\n<ul>\n<li>&#8222;F\u00fcr eure und unsere Freiheit&#8220;. Protest und Dissens in der Sowjetunion (Helmut-Schmidt-Universit\u00e4t, Wintertrimester 2023)<\/li>\n<li>Alltag im Stalinismus, gem. mit <abbr title=\"Professor\">Prof.<\/abbr> <abbr title=\"Doktor\">Dr.<\/abbr> J\u00f6rn Happel (Helmut-Schmidt-Universit\u00e4t, Herbsttrimester 2023)<\/li>\n<\/ul>\n<p><strong>Exkursionen<\/strong><\/p>\n<ul>\n<li>Die Trag\u00f6die Mitteleuropas. Exkursion durch Tschechien, Polen und Ungarn (Helmut-Schmidt-Universit\u00e4t, Fr\u00fchjahrstrimester 2024)<\/li>\n<li>Die okkupierte Nation? Begegnungen mit dem sowjetischen Erbe in Polen, Litauen und Lettland (Helmut-Schmidt-Universit\u00e4t, September 2023)<\/li>\n<\/ul>\n<h3>Publikationen<\/h3>\n<p><strong>Monographie<\/strong>:<\/p>\n<p>Russlands Letzte Adressen. Gesellschaftliches Erinnern an die Opfer des Stalinismus. Berlin: Peter Lang Verlag 2022.<\/p>\n<p><strong>Herausgeberschaften:<\/strong><\/p>\n<p>Expeditions in the Long Nineteenth Century. Discovering, Surveying, and Ordering. New York 2024 [gemeinsam mit J\u00f6rn Happel und Hajo Raupach]<\/p>\n<p><strong>Artikel:<\/strong><\/p>\n<p>\u201e<em>Tote Ehrenb\u00fcrger l\u00e4sst Gemeindeordnung nicht zu<\/em>. Remembering Soviet repression in Germany\u201c, in: <em>Qualestoria. Rivista di storia contemporanea.<\/em> LII, N.ro 2, Dicembre 2024, EUT Edizioni Universit\u00e0 di Trieste, Trieste, 2024, S. 147-167. [Double-blind peer review]<\/p>\n<p>\u201eDie Gedenkaktion \u201aLetzte Adresse\u2018. Genese, Erinnerungsinhalte. Deutungen\u201c, in: <em>Reflexionen. Zeitschrift der Gedenkst\u00e4tte Buchenwald<\/em> (26.1.2024), S. 48-53.<\/p>\n<p><strong>Blog-Eintr\u00e4ge:<\/strong><\/p>\n<p>gem. mit Hajo Raupach: \u201eHerbst der Erinnerung. Partizipatives Gedenken an den Grossen Terror im heutigen Russland&#8220; in: <em>Frictions: Europe, America and Global Transformations<\/em> (08.12.2022), doi: 10.15457\/frictions\/0023.<\/p>\n<p><strong>Rezensionen:<\/strong><\/p>\n<p>Salmi-Niklander et al. (<abbr title=\"Herausgeber\">Hrsg.<\/abbr>): Friction, Fragmentation, and Diversity. Localized Politics of European Memories, Amsterdam: Amsterdam University Press 2022, in: H-Soz-Kult, 5.2.2024.<\/p>\n<p>Elnura Jivazada: Eine Nation und ihre Denkm\u00e4ler. Erinnerungskultur im postsowjetischen Aserbaidschan. Stuttgart 2021: <abbr title=\"International Standard Book Number\">ISBN<\/abbr> 978-3-515-13024-0, , In: H-Soz-Kult, 12.04.2022.<\/p>","protected":false},"excerpt":{"rendered":"<p>Vita seit 04\/2021 Wissenschaftliche Mitarbeiterin an der Professur f\u00fcr Geschichte Osteuropas und Ostmitteleuropas der Helmut-Schmidt-Universit\u00e4t Hamburg 2018-2021: studentische Hilfskraft am Leibniz-Institut f\u00fcr Ost- und S\u00fcdosteuropaforschung Regensburg 2017-2020: Masterstudium der Osteuropastudien [&hellip;]<\/p>\n","protected":false},"author":2548,"featured_media":0,"parent":0,"menu_order":0,"comment_status":"closed","ping_status":"closed","template":"","meta":{"footnotes":""},"categories":[8],"tags":[],"class_list":["post-905","page","type-page","status-publish","hentry","category-team"],"_links":{"self":[{"href":"https:\/\/www.hsu-hh.de\/hisost\/wp-json\/wp\/v2\/pages\/905","targetHints":{"allow":["GET"]}}],"collection":[{"href":"https:\/\/www.hsu-hh.de\/hisost\/wp-json\/wp\/v2\/pages"}],"about":[{"href":"https:\/\/www.hsu-hh.de\/hisost\/wp-json\/wp\/v2\/types\/page"}],"author":[{"embeddable":true,"href":"https:\/\/www.hsu-hh.de\/hisost\/wp-json\/wp\/v2\/users\/2548"}],"replies":[{"embeddable":true,"href":"https:\/\/www.hsu-hh.de\/hisost\/wp-json\/wp\/v2\/comments?post=905"}],"version-history":[{"count":40,"href":"https:\/\/www.hsu-hh.de\/hisost\/wp-json\/wp\/v2\/pages\/905\/revisions"}],"predecessor-version":[{"id":3171,"href":"https:\/\/www.hsu-hh.de\/hisost\/wp-json\/wp\/v2\/pages\/905\/revisions\/3171"}],"wp:attachment":[{"href":"https:\/\/www.hsu-hh.de\/hisost\/wp-json\/wp\/v2\/media?parent=905"}],"wp:term":[{"taxonomy":"category","embeddable":true,"href":"https:\/\/www.hsu-hh.de\/hisost\/wp-json\/wp\/v2\/categories?post=905"},{"taxonomy":"post_tag","embeddable":true,"href":"https:\/\/www.hsu-hh.de\/hisost\/wp-json\/wp\/v2\/tags?post=905"}],"curies":[{"name":"wp","href":"https:\/\/api.w.org\/{rel}","templated":true}]}}