{"id":587,"date":"2021-01-28T16:19:02","date_gmt":"2021-01-28T15:19:02","guid":{"rendered":"https:\/\/www.hsu-hh.de\/hisost\/?page_id=587"},"modified":"2021-11-10T15:56:07","modified_gmt":"2021-11-10T14:56:07","slug":"moertellos-und-leicht-bau-und-konstruktion-der-chruscevka","status":"publish","type":"page","link":"https:\/\/www.hsu-hh.de\/hisost\/moertellos-und-leicht-bau-und-konstruktion-der-chruscevka\/","title":{"rendered":"Promotionsprojekt von Hajo Raupach: M\u00f6rtellos und leicht. Bau und Konstruktion der Chru\u0161\u010devka"},"content":{"rendered":"<div>\n<div>\n<div>\n<div>\n<div>\n<div>\n<div>\n<div>\n<div>\n<div>\n<div>\n<p><img loading=\"lazy\" decoding=\"async\" class=\"wp-image-606 size-news1-image aligncenter\" src=\"https:\/\/www.hsu-hh.de\/hisost\/wp-content\/uploads\/sites\/832\/2021\/01\/MVIMG_20190707_105921-1-400x200.jpg\" alt=\"Sowjetfrisko\" width=\"400\" height=\"200\" data-credit=\"ohne \" \/><\/p>\n<h2><\/h2>\n<\/div>\n<\/div>\n<\/div>\n<\/div>\n<\/div>\n<\/div>\n<div><\/div>\n<\/div>\n<\/div>\n<\/div>\n<\/div>\n<\/div>\n<p>Als steinerne Monumente der Macht erhoben sich nach dem Zweiten Weltkrieg nach und nach sieben Hochh\u00e4user in den Moskauer Himmel. Sie waren Repr\u00e4sentation einer Ordnung, die kommen sollte und doch bereits da war. Im Kontrast zu den nahen Erdh\u00fctten und \u00fcberf\u00fcllten Kommunalki der Stadt repr\u00e4sentierten sie genauso die Unf\u00e4higkeit der Bolschewiki, ihre eigene Bev\u00f6lkerung mit ad\u00e4quatem Wohnraum zu versorgen. Um zu bauen, bediente man sich Stachanov-Kampagnen, Zwangsarbeitern und der Profession der K\u00fcnstler-Architekten. Doch die Ergebnisse blieben bescheiden.<\/p>\n<p>Nach dem Tod des Diktators Stalin begann unter der Schirmherrschaft des Generalsekret\u00e4rs der Kommunistischen Partei, Nikita Chru\u0161\u010dev, eine Wohnungsbaureform, die das Antlitz der sowjetischen St\u00e4dte f\u00fcr immer ver\u00e4ndern sollte. Millionen neuer Wohnungen wurden errichtet. Es wurde m\u00f6glich, was vorher unm\u00f6glich schien: Die sowjetischen B\u00fcrger zogen aus den \u00fcberf\u00fcllten Kommunalki in kleine eigene Wohnungen in den neu errichteten Chru\u0161\u010devki. Im Zuge dieser Reform wurden nicht nur Ministerien, wissenschaftliche Institutionen, Berufsschulen und Baubetriebe tiefgreifend umgestaltet, sondern auch das Leben von Millionen einfacher B\u00fcrger. Entgegen fr\u00fcherer Reformen des bolschewistischen Regimes verlief die Wohnungsbaureform der 50er Jahre ohne den Einsatz von Gewalt. Vielmehr wurden Ingenieure, Architekten, B\u00fcrokraten und Bauarbeiter so in den Bau der neuen Wohnh\u00e4user eingebunden, dass sie alle profitieren konnten. Indem das geplante Projekt diese Gruppen in den Fokus nimmt, leistet es einen Beitrag sowohl zur sowjetischen Wissenschaftsgeschichte als auch zur Alltagsgeschichte.<\/p>\n","protected":false},"excerpt":{"rendered":"<p>Als steinerne Monumente der Macht erhoben sich nach dem Zweiten Weltkrieg nach und nach sieben Hochh\u00e4user in den Moskauer Himmel. Sie waren Repr\u00e4sentation einer Ordnung, die kommen sollte und doch [&hellip;]<\/p>\n","protected":false},"author":2548,"featured_media":606,"parent":0,"menu_order":0,"comment_status":"closed","ping_status":"closed","template":"","meta":{"footnotes":""},"categories":[4],"tags":[],"class_list":["post-587","page","type-page","status-publish","has-post-thumbnail","hentry","category-forschung"],"_links":{"self":[{"href":"https:\/\/www.hsu-hh.de\/hisost\/wp-json\/wp\/v2\/pages\/587","targetHints":{"allow":["GET"]}}],"collection":[{"href":"https:\/\/www.hsu-hh.de\/hisost\/wp-json\/wp\/v2\/pages"}],"about":[{"href":"https:\/\/www.hsu-hh.de\/hisost\/wp-json\/wp\/v2\/types\/page"}],"author":[{"embeddable":true,"href":"https:\/\/www.hsu-hh.de\/hisost\/wp-json\/wp\/v2\/users\/2548"}],"replies":[{"embeddable":true,"href":"https:\/\/www.hsu-hh.de\/hisost\/wp-json\/wp\/v2\/comments?post=587"}],"version-history":[{"count":19,"href":"https:\/\/www.hsu-hh.de\/hisost\/wp-json\/wp\/v2\/pages\/587\/revisions"}],"predecessor-version":[{"id":1264,"href":"https:\/\/www.hsu-hh.de\/hisost\/wp-json\/wp\/v2\/pages\/587\/revisions\/1264"}],"wp:featuredmedia":[{"embeddable":true,"href":"https:\/\/www.hsu-hh.de\/hisost\/wp-json\/wp\/v2\/media\/606"}],"wp:attachment":[{"href":"https:\/\/www.hsu-hh.de\/hisost\/wp-json\/wp\/v2\/media?parent=587"}],"wp:term":[{"taxonomy":"category","embeddable":true,"href":"https:\/\/www.hsu-hh.de\/hisost\/wp-json\/wp\/v2\/categories?post=587"},{"taxonomy":"post_tag","embeddable":true,"href":"https:\/\/www.hsu-hh.de\/hisost\/wp-json\/wp\/v2\/tags?post=587"}],"curies":[{"name":"wp","href":"https:\/\/api.w.org\/{rel}","templated":true}]}}