{"id":2705,"date":"2025-01-02T12:38:44","date_gmt":"2025-01-02T11:38:44","guid":{"rendered":"https:\/\/www.hsu-hh.de\/hisost\/?page_id=2705"},"modified":"2026-02-11T18:17:22","modified_gmt":"2026-02-11T17:17:22","slug":"lehrveranstaltungsverzeichnis","status":"publish","type":"page","link":"https:\/\/www.hsu-hh.de\/hisost\/mitarbeiter\/prof-dr-joern-happel\/lehrveranstaltungsverzeichnis\/","title":{"rendered":"Lehrveranstaltungsverzeichnis"},"content":{"rendered":"\n<p><strong>Vorlesungen<\/strong><\/p>\n\n\n\n<ul class=\"wp-block-list\">\n<li>Theorien, Methoden und Konzepte in der Geschichtswissenschaft (Helmut-Schmidt-Universit\u00e4t, Wintertrimester 2026)<\/li>\n\n\n\n<li>Die Epoche der russischen Revolutionen 1890-1924 (Helmut-Schmidt-Universit\u00e4t, Herbsttrimester 2025)<\/li>\n\n\n\n<li>Neue Staaten \u2013 Neue Menschen? Die Zwischenkriegszeit in Osteuropa (Helmut-Schmidt-Universit\u00e4t, Wintertrimester 2023)<\/li>\n\n\n\n<li>Tr\u00e4ume, Terror, Technik. Die Sowjetunion 1917 bis 1956 (Helmut-Schmidt-Universit\u00e4t, Herbsttrimester 2021)<\/li>\n\n\n\n<li>Einf\u00fchrungsvorlesung 3: Geschichte Osteuropas und Ostmitteleuropas (Helmut-Schmidt-Universit\u00e4t, Fr\u00fchjahrstrimester 2021 &amp; 2022 &amp; 2023 &amp; 2024 &amp; 2025 &amp; 2026)<\/li>\n\n\n\n<li>1848 \u2014 Das Jahr der Aufst\u00e4nde und des Aufbruchs in Ostmittel- und Osteuropa (Helmut-Schmidt-Universit\u00e4t, Herbsttrimester 2020)<\/li>\n\n\n\n<li>Tr\u00e4ume, Terror, Technik. Die Sowjetunion 1917 bis 1956 (Universit\u00e4t Konstanz, Sommersemester 2018)<\/li>\n\n\n\n<li>Nomaden und Sesshafte. Eine Geschichte Osteuropas (Universit\u00e4t Konstanz, Wintersemester 2017\/18)<\/li>\n\n\n\n<li>\u201eNach Asien kommen wir als Herren!\u201c Russlands Eroberung Sibiriens und Zentralasiens (Ludwig-Maximilians-Universit\u00e4t M\u00fcnchen, Wintersemester 2013\/14)<\/li>\n<\/ul>\n\n\n\n<hr class=\"wp-block-separator has-alpha-channel-opacity\" \/>\n\n\n\n<p><strong>Hauptseminare<\/strong><\/p>\n\n\n\n<ul class=\"wp-block-list\">\n<li>\u00d6sterreicher in Polen. Besatzungsherrschaft in Lublin, 1915-1918 (Helmut-Schmidt-Universit\u00e4t, Fr\u00fchjahrstrimester 2026)<\/li>\n\n\n\n<li>Die Epoche der russischen Revolution, 1890 bis 1924 (Helmut-Schmidt-Universit\u00e4t, Fr\u00fchjahrstrimester 2025)<\/li>\n\n\n\n<li>Im Blick des Imperiums. Die russische Eroberung Zentralasiens (Helmut-Schmidt-Universit\u00e4t, Wintertrimester 2025)<\/li>\n\n\n\n<li>Die andere Front. Osteuropa im Ersten Weltkrieg (Helmut-Schmidt-Universit\u00e4t, Herbsttrimester 2024)<\/li>\n\n\n\n<li>Die Russische Revolution: Utopien und Wirklichkeit 1905-1924 (Helmut-Schmidt-Universit\u00e4t, Fr\u00fchjahrstrimester 2024)<\/li>\n\n\n\n<li>1848\/49 \u2013 Revolutionen im Osten Europas (Helmut-Schmidt-Universit\u00e4t, Wintertrimester 2024)<\/li>\n\n\n\n<li>Die Ostfront. Alltag im deutsch-sowjetischen Krieg 1941-1945 (Helmut-Schmidt-Universit\u00e4t, Herbsttrimester 2023)<\/li>\n\n\n\n<li>Europas Urangst vor dem Osten (Helmut-Schmidt-Universit\u00e4t, Herbsttrimester 2022)<\/li>\n\n\n\n<li>Die Kiever Rus. Neue Forschungen zur War\u00e4gerfrage (Helmut-Schmidt-Universit\u00e4t, Herbsttrimester 2022)<\/li>\n\n\n\n<li>Die Vermessung des Imperiums. Russische Forschungsreisen im 19. Jahrhundert (Helmut-Schmidt-Universit\u00e4t, Herbsttrimester 2021)<\/li>\n\n\n\n<li>Polen in der Zwischenkriegszeit (Helmut-Schmidt-Universit\u00e4t, Wintertrimester 2021)<\/li>\n\n\n\n<li>Nation ohne Staat. Polen im 19. Jahrhundert (Helmut-Schmidt-Universit\u00e4t, Herbsttrimester 2020)<\/li>\n\n\n\n<li>Die Suche nach dem Imperium. Russische Forschungsreisen im 19. Jahrhundert (Rheinische Friedrich-Wilhelms-Universit\u00e4t Bonn, Sommersemester 2020)<\/li>\n\n\n\n<li>Krieg und Frieden. Europas Osten 1939-1956 (Christian-Albrechts-Universit\u00e4t zu Kiel, Wintersemester 2019\/20)<\/li>\n\n\n\n<li>Staffeleien und Messlatten. Russische Forschungsreisen im 19. Jahrhundert (Christian-Albrechts-Universit\u00e4t zu Kiel, Sommersemester 2019)<\/li>\n\n\n\n<li>Alltag im Stalinismus (Christian-Albrechts-Universit\u00e4t zu Kiel, Wintersemester 2018\/19)<\/li>\n\n\n\n<li>Revolutionen! Petrograd 1917, Kiel 1918, Kronstadt 1921 (Universit\u00e4t Konstanz, Sommersemester 2018)<\/li>\n\n\n\n<li>Die Sch\u00f6nheit des Meeres. Die Erstbeschreibung des Aralsees 1848\/49 und das Russl\u00e4ndische Imperium (Universit\u00e4t Konstanz, Wintersemester 2017\/18)<\/li>\n\n\n\n<li>Matrosen h\u00f6rt die Signale! Die Meutereien von Petrograd 1917, Kiel 1918 und Kronstadt 1921 (Universit\u00e4t Basel, Fr\u00fchjahrssemester 2017)<\/li>\n\n\n\n<li>Polen zwischen den Weltkriegen (Universit\u00e4t Basel, Fr\u00fchjahrssemester 2015)<\/li>\n\n\n\n<li>The Great Game. Das afghanische Abenteuer von Russen und Briten (Ludwig-Maximilians-Universit\u00e4t M\u00fcnchen, Wintersemester 2013\/14)<\/li>\n\n\n\n<li>1848: Das Jahr der Aufst\u00e4nde und des Aufbruchs in Osteuropa \u2013 Perspektiven der Akteure (gemeinsam mit H. Haumann, Universit\u00e4t Basel, Wintersemester 2005\/06)<\/li>\n<\/ul>\n\n\n\n<hr class=\"wp-block-separator has-alpha-channel-opacity\" \/>\n\n\n\n<p><strong>Proseminare<\/strong><\/p>\n\n\n\n<ul class=\"wp-block-list\">\n<li>Polen in der Zwischenkriegszeit (Helmut-Schmidt-Universit\u00e4t, Wintertrimester 2026)<\/li>\n\n\n\n<li>Polen im langen 19. Jahrhundert (Helmut-Schmidt-Universit\u00e4t, Herbsttrimester 2025)<\/li>\n\n\n\n<li>Die Russische Revolution 1917 (Christian-Albrechts-Universit\u00e4t zu Kiel, Sommersemester 2019)<\/li>\n\n\n\n<li>Nation ohne Staat. Polen im 19. Jahrhundert (Universit\u00e4t Konstanz, Sommersemester 2018)<\/li>\n\n\n\n<li>Polen in der Zwischenkriegszeit (Universit\u00e4t Konstanz, Wintersemester 2017\/18)<\/li>\n\n\n\n<li>Die Teilungen Polens als transnationale Medienereignisse (Universit\u00e4t Basel, Herbstsemester 2016)<\/li>\n\n\n\n<li>Die Eroberung Sibiriens (Universit\u00e4t Basel, Herbstsemester 2015)<\/li>\n\n\n\n<li>Diplomaten-Netzwerke im Moskau der 1920er\/30er (Universit\u00e4t Basel, Herbstsemester 2012)<\/li>\n\n\n\n<li>Rebellische Polen? Die Aufst\u00e4nde von 1830, 1846\/48, 1863 (Universit\u00e4t Basel, Fr\u00fchjahrssemester 2012)<\/li>\n\n\n\n<li>Die Anf\u00e4nge der Rus\u2018. Osteuropa im 9. und 10. Jahrhundert (Universit\u00e4t Basel, Herbstsemester 2011)<\/li>\n\n\n\n<li>Von Moskau nach Potsdam. Sowjetische Kriegsdiplomatie zwischen 1939 und 1945 (Universit\u00e4t Basel, Fr\u00fchjahrssemester 2011)<\/li>\n\n\n\n<li>Auf der Jagd nach Revolution\u00e4ren und Terroristen. Geheimdienstler im ausgehenden Zarenreich (Universit\u00e4t Basel, Herbstsemester 2008)<\/li>\n\n\n\n<li>Geschichte der Ukraine \u2013 Het\u2019mane, Kosaken, Revolution\u00e4re und Sowjets (Universit\u00e4t Basel, Herbstsemester 2007)<\/li>\n\n\n\n<li>Das Fremde beschreiben. Westliche Russland-Bilder vom 16. bis zum fr\u00fchen 18. Jahrhundert (Universit\u00e4t Basel, Sommersemester 2006)<\/li>\n\n\n\n<li>Selbstzeugnisse aus der Stalinzeit. Die Rekonstruktion von Lebenswelten \u201ekleiner Leute\u201c (Justus-Liebig-Universit\u00e4t Gie\u00dfen, Sommersemester 2006)<\/li>\n\n\n\n<li>\u201eWo einmal die russische Flagge weht\u2026\u201c \u2013 Die russische Eroberung Sibiriens und Mittelasiens (Justus-Liebig-Universit\u00e4t Gie\u00dfen, Wintersemester 2004\/05)<\/li>\n<\/ul>\n\n\n\n<hr class=\"wp-block-separator has-alpha-channel-opacity\" \/>\n\n\n\n<p><strong>\u00dcbungen<\/strong><\/p>\n\n\n\n<ul class=\"wp-block-list\">\n<li>Ostpolen unter \u00f6sterreichischer Besatzung 1915-1918. \u00dcbung zur Transkription von Kurrentschrift (Helmut-Schmidt-Universit\u00e4t, Herbsttrimester 2024 &amp; Fr\u00fchjahrstrimester 2025)<\/li>\n\n\n\n<li>Alltag im Stalinismus (gem. mit Melanie Hussinger, Helmut-Schmidt-Universit\u00e4t, Herbsttrimester 2023)<\/li>\n\n\n\n<li>Wasser in der W\u00fcste. Der Aralsee \u2013 Entdeckung, Erforschung und Austrocknung (Helmut-Schmidt-Universit\u00e4t, Wintertrimester 2021)<\/li>\n\n\n\n<li>Die Revolution gestalten. Russland 1917 \u2014 eine Ausstellungskonzeption (Christian-Albrechts-Universit\u00e4t zu Kiel, Sommersemester 2019)<\/li>\n\n\n\n<li>Aufstand und Aufbruch. Der V\u00f6lkerfr\u00fchling in Ostmittel- und Osteuropa 1848\/49 (Universit\u00e4t Konstanz, Wintersemester 2017\/18)<\/li>\n\n\n\n<li>V\u00f6lkerfr\u00fchling? Das Jahr 1848 in Ost- und Ostmitteleuropa (Ludwig-Maximilians-Universit\u00e4t M\u00fcnchen, Wintersemester 2013\/14)<\/li>\n\n\n\n<li>Die Sprache der Diplomaten. Ein Lekt\u00fcrekurs zur Kulturgeschichte des Politischen (Universit\u00e4t Basel, Fr\u00fchjahrssemester 2012)<\/li>\n\n\n\n<li>Kartiert Polen! Wie Karten Geschichte(n) erz\u00e4hlen (Universit\u00e4t Basel, Herbstsemester 2010)<\/li>\n\n\n\n<li>In Hassliebe verbunden: russisch-tatarische Beziehungen, 1000-2005 \u2013 ein Quellenlekt\u00fcrekurs (Universit\u00e4t Basel, Fr\u00fchjahrssemester 2009)<\/li>\n\n\n\n<li>Grundbegriffe der Geschichte Polens: Erstellen eines Glossars (Universit\u00e4t Basel, Fr\u00fchjahrssemester 2008)<\/li>\n\n\n\n<li>Marco Polo, ein Reisebericht (Justus-Liebig-Universit\u00e4t Gie\u00dfen, Wintersemester 2005\/06)<\/li>\n<\/ul>\n\n\n\n<hr class=\"wp-block-separator has-alpha-channel-opacity\" \/>\n\n\n\n<p><strong>Einf\u00fchrungskurse<\/strong><\/p>\n\n\n\n<ul class=\"wp-block-list\">\n<li>Russland im Ersten Weltkrieg (Universit\u00e4t Basel, Herbstsemester 2014)<\/li>\n\n\n\n<li>Alltag im Stalinismus (Universit\u00e4t Basel, Herbstsemester 2009)<\/li>\n\n\n\n<li>Vom Riesenreich zur Nation ohne Staat: Polen im 18.\/19. Jahrhundert (Universit\u00e4t Basel, Wintersemester 2006\/07)<\/li>\n\n\n\n<li>Die Neue \u00d6konomische Politik \u2013 Geschichte der Sowjetunion von der Oktoberrevolution bis zum Aufstieg Stalins (Justus-Liebig-Universit\u00e4t Gie\u00dfen, Sommersemester 2005)<\/li>\n<\/ul>\n\n\n\n<hr class=\"wp-block-separator has-alpha-channel-opacity\" \/>\n\n\n\n<p><strong>Forschungskolloquien&nbsp;<\/strong><\/p>\n\n\n\n<ul class=\"wp-block-list\">\n<li>Examenskolloquium Geschichte Osteuropas, (Helmut-Schmidt-Universit\u00e4t, jeweils im Herbst- &amp; Fr\u00fchjahrstrimester, st. 2020)<\/li>\n\n\n\n<li>Geschichte Osteuropas (Universit\u00e4t Konstanz, Sommersemester 2018)<\/li>\n\n\n\n<li>Geschichte Osteuropas (gemeinsam mit F.B. Schenk, B. Hoenig, S. Mayoraz, Universit\u00e4t Basel, Herbstsemester 2011 bis Herbstsemester 2012; Herbstsemester 2014 bis Fr\u00fchjahrssemester 2017)<\/li>\n\n\n\n<li>Arbeitsgemeinschaft zur j\u00fcdischen und osteurop\u00e4ischen Geschichte und Kultur (gemeinsam mit F.B. Schenk, E. Petry, L. Polexe, T. Lewinsky, Universit\u00e4t Basel, Herbstsemester 2010 bis Fr\u00fchjahrssemester 2011)<\/li>\n\n\n\n<li>Arbeitsgemeinschaft zur j\u00fcdischen und osteurop\u00e4ischen Geschichte und Kultur (gemeinsam mit H. Haumann, J. Picard, E. Petry, J. Richers, Universit\u00e4t Basel, Wintersemester 2005\/06 bis Fr\u00fchjahrssemester 2010)<\/li>\n<\/ul>\n\n\n\n<hr class=\"wp-block-separator has-alpha-channel-opacity\" \/>\n\n\n\n<p><strong>Internationale Lehrkooperationen<\/strong><\/p>\n\n\n\n<ul class=\"wp-block-list\">\n<li>Das unbekannte Wasser und die Wissenschaft. Der Gelehrte Humboldt, der Schriftsteller \u0160ev\u010denko und Kapit\u00e4n Butakov am Aralsee 1848\/49 \u2014 Gastdozentur an der Marie-Curie-Sk\u0142odowska-Universit\u00e4t (Lublin\/Polen), 05\/2023<\/li>\n\n\n\n<li>Asiatische Reiter, Bolschewistische Monstren. Europas Urangst vor dem Osten \u2014 Gastdozentur an der Marie-Curie-Sk\u0142odowska-Universit\u00e4t (Lublin\/Polen), 05\/2017, [gef\u00f6rdert \u00fcber das Swiss-European Mobility Programm]<\/li>\n\n\n\n<li>Virtuelles Seminar zur Osteurop\u00e4ischen Geschichte zwischen den Universit\u00e4ten Basel und \u010celjabinsk Koordinator, 10\/2005 bis 09\/2010 und 09\/2014 bis 06\/2017<\/li>\n\n\n\n<li>Osteuropa kartiert (Europa Wschodnia odwzorowana) \u2014 Erasmus-Gastdozentur an der Marie-Curie-Sk\u0142odowska-Universit\u00e4t (Lublin\/Polen), 04\/2010<\/li>\n<\/ul>\n\n\n\n<hr class=\"wp-block-separator has-alpha-channel-opacity\" \/>\n\n\n\n<p><strong>Doktorierendenkurse &amp; Vorlesungsreihen<\/strong><\/p>\n\n\n\n<ul class=\"wp-block-list\">\n<li>Welten voller Ver\u00e4nderung. Osteuropa nach 1989\/90 (Vorlesungsreihe an der Volkshochschule beider Basel, Wintersemester 2015\/16)<\/li>\n\n\n\n<li>Biographien schreiben (Doktorierendenkurs an der Graduate School of History, Universit\u00e4t Basel, Fr\u00fchjahrssemester 2015)<\/li>\n\n\n\n<li>Marx lesen! (Doktorierendenkurs an der Graduiertenschule f\u00fcr Ost- und S\u00fcdosteuropastudien, Ludwig-Maximilians-Universit\u00e4t M\u00fcnchen, Wintersemester 2013\/14)<\/li>\n\n\n\n<li>Fotografie als Quelle (Doktorierendenkurs an der Graduiertenschule f\u00fcr Ost- und S\u00fcdosteuropastudien, Ludwig-Maximilians-Universit\u00e4t M\u00fcnchen, Wintersemester 2013\/14)<\/li>\n\n\n\n<li>Stalin und der Stalinismus. Ein Erkl\u00e4rungsversuch zwischen Mythos und Geschichte (Vorlesungsreihe an der Volkshochschule beider Basel, Sommersemester 2011)<\/li>\n<\/ul>\n\n\n\n<hr class=\"wp-block-separator has-alpha-channel-opacity\" \/>\n\n\n\n<p><strong>Exkursionen<\/strong><\/p>\n\n\n\n<ul class=\"wp-block-list\">\n<li>Wie einer Revolution erinnern? Kiel 1918 \u2013 2018, Organisation und Reiseleitung der studentischen Forschungsreise nach Kiel (Universit\u00e4t Konstanz, 05\/2018)<\/li>\n\n\n\n<li>Matrosen h\u00f6rt die Signale! Die Meuterei von Kiel 1918, Organisation und Reiseleitung der studentischen Forschungsreise nach Kiel (Universit\u00e4t Basel, 04\/2017)<\/li>\n\n\n\n<li>Das Politische Archiv des Ausw\u00e4rtigen Amts, Organisation und Reiseleitung der studentischen Forschungsreise nach Berlin (Universit\u00e4t Basel, 05\/2015)<\/li>\n\n\n\n<li>\u201eDas gelobte Land\u201c \u2013 \u0141\u00f3d\u017a, Stadt der Kulturen und des Miteinanders Wissenschaftliche Reiseleitung beim Schulprojekt des Landgraf-Ludwigs-Gymnasiums Gie\u00dfen, in Zusammenarbeit mit der Hessischen Landeszentrale f\u00fcr Politische Bildung, Wiesbaden (Referat II), 10\/2010 und 10\/2013<\/li>\n\n\n\n<li>Osteuropas Religionen. Islamisch-j\u00fcdisch-christlicher Dialog Organisation, Drittmitteleinwerbung, wissenschaftliche Reiseleitung der studentischen Forschungsreise nach Krakau, Lemberg, Moskau und Kazan\u2019 (Universit\u00e4t Basel,<br>06\/2009)<\/li>\n\n\n\n<li>Die Schweizerische Osteuropabibliothek Bern Studentische Forschungsreisen im Rahmen verschiedener Seminare (Universit\u00e4t Basel, 10\/2014, 11\/2011, 04\/2009, 06\/2006)<\/li>\n\n\n\n<li>Das Polenmuseum in Rapperswil Studentische Forschungsreisen im Rahmen verschiedener Seminare (Universit\u00e4t Basel,<br>04\/2015, 05\/2012, 11\/2010, 05\/2008, 12\/2006)<\/li>\n<\/ul>\n","protected":false},"excerpt":{"rendered":"<p>Vorlesungen Hauptseminare Proseminare \u00dcbungen Einf\u00fchrungskurse Forschungskolloquien&nbsp; Internationale Lehrkooperationen Doktorierendenkurse &amp; Vorlesungsreihen Exkursionen<\/p>\n","protected":false},"author":2631,"featured_media":0,"parent":363,"menu_order":0,"comment_status":"closed","ping_status":"closed","template":"","meta":{"footnotes":""},"categories":[8],"tags":[],"class_list":["post-2705","page","type-page","status-publish","hentry","category-team"],"_links":{"self":[{"href":"https:\/\/www.hsu-hh.de\/hisost\/wp-json\/wp\/v2\/pages\/2705","targetHints":{"allow":["GET"]}}],"collection":[{"href":"https:\/\/www.hsu-hh.de\/hisost\/wp-json\/wp\/v2\/pages"}],"about":[{"href":"https:\/\/www.hsu-hh.de\/hisost\/wp-json\/wp\/v2\/types\/page"}],"author":[{"embeddable":true,"href":"https:\/\/www.hsu-hh.de\/hisost\/wp-json\/wp\/v2\/users\/2631"}],"replies":[{"embeddable":true,"href":"https:\/\/www.hsu-hh.de\/hisost\/wp-json\/wp\/v2\/comments?post=2705"}],"version-history":[{"count":5,"href":"https:\/\/www.hsu-hh.de\/hisost\/wp-json\/wp\/v2\/pages\/2705\/revisions"}],"predecessor-version":[{"id":3291,"href":"https:\/\/www.hsu-hh.de\/hisost\/wp-json\/wp\/v2\/pages\/2705\/revisions\/3291"}],"up":[{"embeddable":true,"href":"https:\/\/www.hsu-hh.de\/hisost\/wp-json\/wp\/v2\/pages\/363"}],"wp:attachment":[{"href":"https:\/\/www.hsu-hh.de\/hisost\/wp-json\/wp\/v2\/media?parent=2705"}],"wp:term":[{"taxonomy":"category","embeddable":true,"href":"https:\/\/www.hsu-hh.de\/hisost\/wp-json\/wp\/v2\/categories?post=2705"},{"taxonomy":"post_tag","embeddable":true,"href":"https:\/\/www.hsu-hh.de\/hisost\/wp-json\/wp\/v2\/tags?post=2705"}],"curies":[{"name":"wp","href":"https:\/\/api.w.org\/{rel}","templated":true}]}}