{"id":150,"date":"2020-01-07T18:13:26","date_gmt":"2020-01-07T17:13:26","guid":{"rendered":"https:\/\/www.hsu-hh.de\/hisost\/?page_id=150"},"modified":"2025-03-02T19:21:34","modified_gmt":"2025-03-02T18:21:34","slug":"geschichte-des-ostseetourismus","status":"publish","type":"page","link":"https:\/\/www.hsu-hh.de\/hisost\/forschung\/geschichte-des-ostseetourismus\/","title":{"rendered":"Der Mensch und das Meer von Romantik bis Anthropoz\u00e4n. Eine Umweltgeschichte des Ostseetourismus."},"content":{"rendered":"\n<p>Ein Forschungsprojekt von <a href=\"https:\/\/www.hsu-hh.de\/hisost\/mitarbeiter\/jan-hinnerk-antons\/\" data-type=\"page\" data-id=\"140\"><abbr title=\"Doktor\">Dr.<\/abbr> Jan-Hinnerk Antons<\/a><\/p>\n\n\n<div>\n<p><img loading=\"lazy\" decoding=\"async\" src=\"https:\/\/www.hsu-hh.de\/hisost\/wp-content\/uploads\/sites\/832\/2020\/01\/cafe-baltic-1800x450.jpg\" alt=\"Cafe Baltic\" width=\"1800\" height=\"450\" data-credit=\"JHA\" \/><\/p>\n<p>Der moderne Ostseetourismus verdankt seine Entstehung ab etwa 1800 einem grundlegenden Wandel im Mensch-Meer-Verh\u00e4ltnis. Durch naturwissenschaftliche, medizinische und romantische Diskurse wandelte sich das Meer von etwas Bedrohlichem zu einem Erholungsort f\u00fcr K\u00f6rper und Seele. Die K\u00fcsten der Ostsee wurden zu einem Sehnsuchtsort.<\/p>\n<p>Tourismus wird hier grunds\u00e4tzlich als Ausdruck eines modernen Bed\u00fcrfnisses nach Rollenvariation und neuen K\u00f6rpererfahrungen verstanden, der den Individuen der funktional differenzierten Gesellschaften ein Gef\u00fchl der Ganzheit, der k\u00f6rperlich-geistigen Einheit erm\u00f6glicht.<\/p>\n<p>Aus dieser Perspektive untersuche ich im Forschungsprojekt sowohl die Wandlungen des Mensch-Meer-Verh\u00e4ltnisses in ihrer Wirkung auf den Ostseetourismus als auch in der Gegenperspektive den Einfluss des Tourismus auf das Mensch-Meer-Verh\u00e4ltnis. In gro\u00dfen Linien verfolge ich dabei in einem ersten Teil die Etablierung der Ostseek\u00fcste als Erholungsraum und Sehnsuchtsort und die Weiterentwicklung des Tourismus samt seiner sozialen Ausweitung im 19. Jahrhundert. Der zweite Teil fokussiert neue K\u00f6rper- und Naturbez\u00fcge des Tourismus der Hochmoderne wie bspw. Freik\u00f6rperkultur, Versportlichung und Camping. Der dritte Teil analysiert schlie\u00dflich neue Diskurse im Ostseetourismus des Anthropoz\u00e4n. Denn ab 1970 gef\u00e4hrdete das Bild der Ostsee als \u201eschmutzigstes Meer der Welt\u201c die wichtigsten Grundlagen des Tourismus. Baden galt nun als potentielle Gesundheitsgefahr und das Bild der Kloake drohte den \u201eSpiegel der Seele\u201c zu vergiften. Welche Antworten fanden die Tourist*innen, die Tourismuswirtschaft, Politik und Zivilgesellschaften auf diese Herausforderungen?<\/p>\n<p>Um Spezifika, Br\u00fcche und Kontinuit\u00e4ten sichtbar machen zu k\u00f6nnen, werden eine Perspektive der longue dur\u00e9e und ein gro\u00dfer geographischer Zuschnitt gew\u00e4hlt: Von der Entstehung des ersten Ostseebades, Heiligendamm 1794, bis zum Ende der Systemkonkurrenz in Europa in den fr\u00fchen 1990ern; von Travem\u00fcnde im S\u00fcdosten bis Terijoki (Selenogorsk) bei St. Petersburg im Osten und Mariehamn auf den Aland-Inseln im Norden. Die Makro-Perspektive muss aufgrund eines nicht immer hinreichenden Forschungsstandes und prinzipieller Erw\u00e4gungen notwendigerweise durch das Hineinzoomen in die Mikroperspektive unterbrochen werden. Denn eine Verkn\u00fcpfung beider Ebenen \u00e4hnlich der globalen Mikrogeschichte verspricht eine \u00fcberm\u00e4\u00dfige Fokussierung auf Strukturen zu umgehen und empirische Fundierung zu erm\u00f6glichen. Das Denken in nationalen R\u00e4umen, welches sich anhand des Themas allenfalls als eine komparative Analyse konzipieren lie\u00dfe, soll hier bewusst gleichzeitig \u00fcber- und unterschritten werden. Regionale und transnationale Zugriffe bieten einen plausibleren Rahmen, um dem Ph\u00e4nomen Ostseetourismus gerecht zu werden. Ob die Ostsee \u00fcberhaupt als Geschichtsregion zu verstehen ist und wodurch diese Region gegebenenfalls charakterisiert w\u00e4re, ist in der Forschung allerdings umstritten. Gegen\u00fcber der Staatenwelt waren die Regionen als R\u00e4ume wirtschaftlicher Verflechtung, prim\u00e4rer Identit\u00e4tsbildung und anderer Strukturmerkmale stabiler, wenn auch mit durchaus variablen Modi politischer Gestaltungsmacht. Entwicklungen in Schleswig, in Holstein und Mecklenburg waren in vielerlei Hinsicht tats\u00e4chlich mehr mit Entwicklungen in Kurland oder auf den finnischen Aland-Inseln verkn\u00fcpft als mit denen in Hessen. Insofern kann der hier verwendete Ansatz als eine auf transregionale Entwicklungen fokussierende Verflechtungsgeschichte des Ostseeraums verstanden werden.<\/p>\n<p>Da eine Umweltgeschichte der Ostsee bisher nicht geschrieben ist, besch\u00e4ftigt sich das Projekt auch stark mit dieser Perspektive. Dabei kommt sowohl der materiellen als auch der kulturellen Ebene der Umweltgeschichte Bedeutung zu. Weitere Anregungen kommen <abbr title=\"unter anderem\">u.a.<\/abbr> aus den Sensory Studies, der K\u00f6rpergeschichte, der Medizingeschichte und der Kunstgeschichte.<\/p>\n<p>\u00a0<\/p>\n<p>\u00a0<\/p>\n<\/div>\n\n<div class=\"wp-block-image\">\n<figure class=\"aligncenter size-large\"><img loading=\"lazy\" decoding=\"async\" width=\"1024\" height=\"338\" src=\"https:\/\/www.hsu-hh.de\/hisost\/wp-content\/uploads\/sites\/832\/2025\/03\/Michael_Ancher_-_Breakers_on_the_coast_-_Google_Art_Project-1024x338.jpg\" data-credit=\"public domain\" alt=\"\" class=\"wp-image-2875\" srcset=\"https:\/\/www.hsu-hh.de\/hisost\/wp-content\/uploads\/sites\/832\/2025\/03\/Michael_Ancher_-_Breakers_on_the_coast_-_Google_Art_Project-1024x338.jpg 1024w, https:\/\/www.hsu-hh.de\/hisost\/wp-content\/uploads\/sites\/832\/2025\/03\/Michael_Ancher_-_Breakers_on_the_coast_-_Google_Art_Project-300x99.jpg 300w, https:\/\/www.hsu-hh.de\/hisost\/wp-content\/uploads\/sites\/832\/2025\/03\/Michael_Ancher_-_Breakers_on_the_coast_-_Google_Art_Project-768x254.jpg 768w, https:\/\/www.hsu-hh.de\/hisost\/wp-content\/uploads\/sites\/832\/2025\/03\/Michael_Ancher_-_Breakers_on_the_coast_-_Google_Art_Project-1100x364.jpg 1100w, https:\/\/www.hsu-hh.de\/hisost\/wp-content\/uploads\/sites\/832\/2025\/03\/Michael_Ancher_-_Breakers_on_the_coast_-_Google_Art_Project.jpg 1198w\" sizes=\"auto, (max-width: 1024px) 100vw, 1024px\" \/><figcaption class=\"wp-element-caption\">Michael Ancher: Br\u00e6nding mod kysten (1884\/1885)<\/figcaption><\/figure>\n<\/div>","protected":false},"excerpt":{"rendered":"<p>Ein Forschungsprojekt von Dr. Jan-Hinnerk Antons Der moderne Ostseetourismus verdankt seine Entstehung ab etwa 1800 einem grundlegenden Wandel im Mensch-Meer-Verh\u00e4ltnis. Durch naturwissenschaftliche, medizinische und romantische Diskurse wandelte sich das Meer [&hellip;]<\/p>\n","protected":false},"author":1711,"featured_media":205,"parent":112,"menu_order":5,"comment_status":"closed","ping_status":"closed","template":"","meta":{"footnotes":""},"categories":[4],"tags":[],"class_list":["post-150","page","type-page","status-publish","has-post-thumbnail","hentry","category-forschung"],"_links":{"self":[{"href":"https:\/\/www.hsu-hh.de\/hisost\/wp-json\/wp\/v2\/pages\/150","targetHints":{"allow":["GET"]}}],"collection":[{"href":"https:\/\/www.hsu-hh.de\/hisost\/wp-json\/wp\/v2\/pages"}],"about":[{"href":"https:\/\/www.hsu-hh.de\/hisost\/wp-json\/wp\/v2\/types\/page"}],"author":[{"embeddable":true,"href":"https:\/\/www.hsu-hh.de\/hisost\/wp-json\/wp\/v2\/users\/1711"}],"replies":[{"embeddable":true,"href":"https:\/\/www.hsu-hh.de\/hisost\/wp-json\/wp\/v2\/comments?post=150"}],"version-history":[{"count":30,"href":"https:\/\/www.hsu-hh.de\/hisost\/wp-json\/wp\/v2\/pages\/150\/revisions"}],"predecessor-version":[{"id":2878,"href":"https:\/\/www.hsu-hh.de\/hisost\/wp-json\/wp\/v2\/pages\/150\/revisions\/2878"}],"up":[{"embeddable":true,"href":"https:\/\/www.hsu-hh.de\/hisost\/wp-json\/wp\/v2\/pages\/112"}],"wp:featuredmedia":[{"embeddable":true,"href":"https:\/\/www.hsu-hh.de\/hisost\/wp-json\/wp\/v2\/media\/205"}],"wp:attachment":[{"href":"https:\/\/www.hsu-hh.de\/hisost\/wp-json\/wp\/v2\/media?parent=150"}],"wp:term":[{"taxonomy":"category","embeddable":true,"href":"https:\/\/www.hsu-hh.de\/hisost\/wp-json\/wp\/v2\/categories?post=150"},{"taxonomy":"post_tag","embeddable":true,"href":"https:\/\/www.hsu-hh.de\/hisost\/wp-json\/wp\/v2\/tags?post=150"}],"curies":[{"name":"wp","href":"https:\/\/api.w.org\/{rel}","templated":true}]}}