{"id":1216,"date":"2021-11-08T20:59:35","date_gmt":"2021-11-08T19:59:35","guid":{"rendered":"https:\/\/www.hsu-hh.de\/hisost\/?page_id=1216"},"modified":"2025-10-30T10:02:20","modified_gmt":"2025-10-30T09:02:20","slug":"hajo-raupach-m-a","status":"publish","type":"page","link":"https:\/\/www.hsu-hh.de\/hisost\/en\/team\/hajo-raupach-m-a\/","title":{"rendered":"Hajo Raupach, M.A."},"content":{"rendered":"\n\n<script type=\"application\/ld+json\">[{\"@context\": \"https:\/\/www.schema.org\",\"@type\": \"Person\",\"name\": \"Hajo Raupach\",\"worksFor\": [{\t\"@type\": \"Organization\",\t\"name\": \"Helmut-Schmidt-Universit\u00e4t, Geb\u00e4ude H1, Holstenhofweg 85\",\t\"url\": \"https:\/\/www.hsu-hh.de\"\t, \"department\": {\"@type\": \"Organization\",\t\t\t\t\t\"name\": \"Geschichte Ost- und Ostmitteleuropas\",\t\t\t\t\t\"location\": {\t\t\t\t\t\t\"@type\": \"PostalAddress\",\t\t\t\t\t\t\"addressLocality\": \"\",        \t\t\t\t\"postalCode\": \"Sprechstunde\",        \t\t\t\t\"streetAddress\": \" , 22043 Hamburg\"\t\t\t\t\t}},\t\"location\": {\t\t\"@type\": \"PostalAddress\",    \t\"addressLocality\": \"\",    \t\"postalCode\": \"22008\",    \t\"postOfficeBoxNumber\": \"700822\"\t}   }],\"image\": \"https:\/\/www.hsu-hh.de\/hisost\/wp-content\/uploads\/sites\/832\/2021\/01\/Foto_HR1-e1610475272108-150x150.jpg\",\"telephone\": \"(040) 6541 2550\",\"faxNumber\": \"\",\"email\": \"hajo.raupach@hsu-hh.de\"}]<\/script><div class=\"clearfix\"><\/div><div class=\"ansprechparter-container \" style=\"margin-top:1em; \"><div class=\"row ansprechpartner-item ansprechparter-header\" ><div class=\"col-xs-8 col-lg-12\" style=\"margin-bottom: 30px;\"><h3 class=\"ansprechparter-headline\">Hajo Raupach<\/h3><\/div><\/div><div class=\"col-md-4 col-lg-3 col-xs-4 ansprechpartner-item floatright img-circle center-block\" style=\"margin-bottom: 30px;\"><div class=\"img-responsive-wrapper\"><img decoding=\"async\" src=\"https:\/\/www.hsu-hh.de\/hisost\/wp-content\/uploads\/sites\/832\/2021\/01\/Foto_HR1-e1610475272108-150x150.jpg\" alt=\"Profilbild\" class=\"img-circle img-responsive center-block\" \/><\/div><\/div><div class=\"col-md-12 col-lg-3 col-xs-12 ansprechpartner-item kontakt floatright\" style=\"margin-bottom: 30px; \"><div class=\"row\"><div class=\"col-xs-12 col-sm-6 col-lg-12\"><div class=\"row\"><div class=\"col-xs-4 col-lg-4 row-text bold\" >Raum:<\/div><div class=\" row-text\">2321<\/div><\/div><\/div><div class=\"col-xs-12 col-sm-6 col-lg-12\"><div class=\"row\"><div class=\"col-xs-4 col-lg-4 row-text bold\">Telefon:<\/div><div class=\" row-text\">(040) 6541 2550<\/div><\/div><\/div><div class=\"col-xs-12 col-sm-6 col-lg-12\"><div class=\"row\"><div class=\"col-xs-4 col-lg-4 row-text bold\">E-Mail:<\/div><div class=\"row-text\" style=\"overflow:hidden; word-break: break-word\"><a href=\"mailto:hajo.raupach@hsu-hh.de\" rel=\"nofollow\">hajo.raupach@hsu-hh.de<\/a><\/div><\/div><\/div><\/div><\/div><div class=\"col-md-6 col-lg-3 col-xs-12 ansprechpartner-item anschrift floatright\" ><div class=\"row-headline\">Besucheranschrift<\/div><div class=\"dataBesucheranschrift\" style=\"\"><div class=\"row-text\">Helmut-Schmidt-Universit\u00e4t<\/div><div class=\"row-text\">Geb\u00e4ude H1<\/div><div class=\"row-text\">Holstenhofweg 85<\/div><div class=\"row-text\">22043 Hamburg<\/div><div class=\"row-text\"><\/div><div class=\"row-text\">Sprechstunde am Dienstag 15 Uhr. Um eine kurze Anmeldung via Teams wird gebeten.<\/div><\/div><\/div><div class=\"col-md-6 col-lg-3 col-xs-12 ansprechpartner-item anschrift floatright\"><div class=\"row-headline\">Postanschrift<\/div><div class=\"dataPostanschrift\" style=\"\"><div class=\"row-text\">Helmut-Schmidt-Universit\u00e4t<\/div><div class=\"row-text\">Fakult\u00e4t GeiSo<\/div><div class=\"row-text\">Geschichte Ost- und Ostmitteleuropas<\/div><div class=\"row-text\">Postfach 70 08 22<\/div><div class=\"row-text\">22008 Hamburg<\/div><\/div><\/div><\/div><div class=\"clearfix\"><\/div>\n\n<p><\/p>\n<h3>Vita<\/h3>\n<\/p>\n<p><strong>International Relations (MGIMO)<\/strong><\/p>\n<ul>\n<li>2017-2020: Studied history (master\u2019s degree programme) at Humboldt University, Berlin. Final thesis topic (M.A.): M\u00f6rtellos und leicht gebaut. Die Akademie f\u00fcr Architektur und der Bau der Chru\u0161\u010devka (Mortarless and easily built: The Academy for Architecture and the building of the Khrushchyovkas)<\/li>\n<li>2017-2020: Student assistant at the Department for Eastern European History at Humboldt University, Berlin<\/li>\n<li>2016-2017: Lecturer as part of the project tutorial Die Gesellschaft denken mit Foucault (Thinking about society with Foucault) at Humboldt University, Berlin<\/li>\n<li>2016-2017: Student assistant as part of research coordination at the Leibniz-Zentrums Moderner Orient (ZMO) (Leibniz Centre for Modern Orient)<\/li>\n<li>2013-2017: Bachelor\u2019s study programme in history and social sciences (B.A.) at Humboldt University, Berlin<\/li>\n<\/ul>\n<p><\/p>\n<h3>Current research projects<\/h3>\n<\/p>\n<p><strong>Dissertation project: M\u00f6rtellos und leicht. Bau und Konstruktion der Chru\u0161\u010devka (Mortarless and easy: Building and designing the Khrushchyovkas)<\/strong><\/p>\n<p>After the Second World War, seven high-rise buildings gradually appeared in the Moscow skyline as stone monuments of power. They represented a coming yet already existing order. Like the city\u2019s virtual dugouts and overcrowded kommunalki, they represented the inability of the Bolsheviks to provide the population with adequate accommodations. The construction process featured Stakhanovite campaigns, forced labour, and artist-architects. But the results were modest.<\/p>\n<p>Following the death of Stalin, a housing reform began under the secretary general of the Communist Party, Nikita Khrushchev, which was to change the face of Soviet cities forever. Millions of new apartments were built. What had previously seemed impossible now became possible. Soviet citizens moved out of overcrowded kommunalki into their own small apartments in the newly erected Khrushchyovkas. As part of this reform, ministries, scientific institutions, vocational schools and construction companies underwent a profound change, as did the lives of millions of ordinary citizens. In contrast to earlier Bolshevik regime reforms, the housing reform of the 1950s took place peacefully. In fact, engineers, architects, bureaucrats and construction workers were involved in such a way in the construction of the new apartment buildings that they all benefited. By focussing on these groups, the planned project contributes to both Soviet science history and to everyday history.<\/p>\n<p><\/p>\n<h3>Main research topics<\/h3>\n<\/p>\n<ul>\n<li>Wissenschaftsgeschichte der Sowjetunion (History of science in the Soviet Union)<\/li>\n<li>Baugeschichte (Architectural history)<\/li>\n<li>Geschichte der Kybernetik (History of cybernetics)<\/li>\n<li>Formen der Apokalypse (Forms of apocalypse)<\/li>\n<\/ul>\n<p><\/p>\n<h3>Publications<\/h3>\n<\/p>\n<ul>\n<li>Louis M. Berger, Hajo Raupach, Alexander Schnickmann (Hgg.), Leben am Ende der Zeiten. Wissen, Praktiken und Zeitvorstellungen der Apokalypse (Frankfurt am Main 2021).<\/li>\n<li>Hajo Raupach, Technik und der Machthaber. Die Entstehung der sowjetischen Kybernetik (Vortrag auf der 3. INSIST-Nachwuchstagung 2018).<\/li>\n<\/ul>\n<p><\/p>\n<\/p>\n\n\n<p><\/p>\n","protected":false},"excerpt":{"rendered":"<p>Vita International Relations (MGIMO) 2017-2020: Studied history (master\u2019s degree programme) at Humboldt University, Berlin. Final thesis topic (M.A.): M\u00f6rtellos und leicht gebaut. Die Akademie f\u00fcr Architektur und der Bau der [&hellip;]<\/p>\n","protected":false},"author":2548,"featured_media":0,"parent":110,"menu_order":1,"comment_status":"closed","ping_status":"closed","template":"","meta":{"footnotes":""},"categories":[9],"tags":[],"class_list":["post-1216","page","type-page","status-publish","hentry","category-team-en"],"_links":{"self":[{"href":"https:\/\/www.hsu-hh.de\/hisost\/wp-json\/wp\/v2\/pages\/1216","targetHints":{"allow":["GET"]}}],"collection":[{"href":"https:\/\/www.hsu-hh.de\/hisost\/wp-json\/wp\/v2\/pages"}],"about":[{"href":"https:\/\/www.hsu-hh.de\/hisost\/wp-json\/wp\/v2\/types\/page"}],"author":[{"embeddable":true,"href":"https:\/\/www.hsu-hh.de\/hisost\/wp-json\/wp\/v2\/users\/2548"}],"replies":[{"embeddable":true,"href":"https:\/\/www.hsu-hh.de\/hisost\/wp-json\/wp\/v2\/comments?post=1216"}],"version-history":[{"count":4,"href":"https:\/\/www.hsu-hh.de\/hisost\/wp-json\/wp\/v2\/pages\/1216\/revisions"}],"predecessor-version":[{"id":3120,"href":"https:\/\/www.hsu-hh.de\/hisost\/wp-json\/wp\/v2\/pages\/1216\/revisions\/3120"}],"up":[{"embeddable":true,"href":"https:\/\/www.hsu-hh.de\/hisost\/wp-json\/wp\/v2\/pages\/110"}],"wp:attachment":[{"href":"https:\/\/www.hsu-hh.de\/hisost\/wp-json\/wp\/v2\/media?parent=1216"}],"wp:term":[{"taxonomy":"category","embeddable":true,"href":"https:\/\/www.hsu-hh.de\/hisost\/wp-json\/wp\/v2\/categories?post=1216"},{"taxonomy":"post_tag","embeddable":true,"href":"https:\/\/www.hsu-hh.de\/hisost\/wp-json\/wp\/v2\/tags?post=1216"}],"curies":[{"name":"wp","href":"https:\/\/api.w.org\/{rel}","templated":true}]}}