{"id":1204,"date":"2021-11-08T20:44:50","date_gmt":"2021-11-08T19:44:50","guid":{"rendered":"https:\/\/www.hsu-hh.de\/hisost\/?page_id=1204"},"modified":"2021-11-08T20:44:51","modified_gmt":"2021-11-08T19:44:51","slug":"halyna-roshchyna-m-a","status":"publish","type":"page","link":"https:\/\/www.hsu-hh.de\/hisost\/en\/halyna-roshchyna-m-a\/","title":{"rendered":"Halyna Roshchyna, M.A."},"content":{"rendered":"<h2>\u00a0<\/h2>\n<div class=\"clearfix\">\u00a0<\/div>\n<div class=\"ansprechparter-container\">\n<div class=\"row ansprechpartner-item ansprechparter-header\">\n<h3 class=\"col-xs-8 col-lg-12\" style=\"margin-bottom: 30px\"><strong>Halyna Roshchyna, M.A.<\/strong><\/h3>\n<div class=\"col-md-4 col-lg-3 col-xs-4 ansprechpartner-item floatright img-circle center-block\" style=\"margin-bottom: 30px\">\n<div class=\"img-responsive-wrapper\"><img decoding=\"async\" class=\"img-circle img-responsive center-block\" src=\"\/wp-content\/themes\/hsu\/img\/dummy\/dummy_ansprechpartner.png\" alt=\"\" \/><\/div>\n<\/div>\n<div class=\"col-md-12 col-lg-3 col-xs-12 ansprechpartner-item kontakt floatright\" style=\"margin-bottom: 30px\">\n<div class=\"row\">\n<div class=\"col-xs-12 col-sm-6 col-lg-12\">\n<div class=\"row\">\n<div class=\"col-xs-12 col-lg-4 row-text bold\">Raum:<\/div>\n<div class=\"col-xs-12 col-lg-8 row-text\">2324<\/div>\n<\/div>\n<\/div>\n<div class=\"col-xs-12 col-sm-6 col-lg-12\">\n<div class=\"row\">\n<div class=\"col-xs-12 col-lg-4 row-text bold\">Telefon:<\/div>\n<div class=\"col-xs-12 col-lg-8 row-text\">(040) 6541-2625<\/div>\n<\/div>\n<\/div>\n<div class=\"col-xs-12 col-sm-6 col-lg-12\">\n<div class=\"row\">\n<div class=\"col-xs-12 col-md-12 row-text bold\">E-Mail:<\/div>\n<div class=\"col-xs-12 col-md-12 row-text\"><a href=\"mailto:muster@hsu-hh.de\" rel='nofollow'>roshchyh@hsu-hh.de<\/a><\/div>\n<\/div>\n<\/div>\n<\/div>\n<\/div>\n<div class=\"col-md-6 col-lg-3 col-xs-12 ansprechpartner-item anschrift floatright\">\n<div class=\"row-headline\">Besucheranschrift<\/div>\nHelmut-Schmidt-Universit\u00e4t<br \/>Holstenhofweg 85<br \/>Ge\u00e4ude H1<br \/>22043 Hamburg<br \/>Sprechstunde:<br \/>Montags 14-16 Uhr<br \/>(via MS Teams)<\/div>\n<div class=\"col-md-6 col-lg-3 col-xs-12 ansprechpartner-item anschrift floatright\">\n<div class=\"row-headline\">Postanschrift<\/div>\nHelmut-Schmidt-Universit\u00e4t<br \/>Fakult\u00e4t GeiSo<br \/>Geschichte Ost- und Ostmitteleuropas<br \/>Postfach 70 08 22<br \/>22008 Hamburg<\/div>\n<\/div>\n<\/div>\n<div class=\"clearfix\">\u00a0<\/div>\n<p><br \/>\u00a0<\/p>\n\n<p><br \/><h3>Main research topics<\/h3><\/p>\n<ul>\n<li>Geschichte Ost- und Ostmitteleuropas im 19. und 20. Jahrhundert mit Schwerpunkt Polen, Russland, Sowjetunion und Ukraine (The history of Eastern and East-Central Europe in the 19th and 20th centuries, focussing on Poland, Russia, the Soviet Union and Ukraine)<\/li>\n<li>Vergleichende Imperiumsforschung mit dem Schwerpunkt Habsburger Monarchie und Russisches Zarenreich (Comparative empire research with a focus on the Habsburg Monarchy and the Russian Empire)<br \/>Gewaltforschung: Sicherheits- und Konfliktgeschichte, Terrorismus (Violence research: History of security and conflict, terrorism)<\/li>\n<li>Nationalismus und Nationsbildungsprozesse (Nationalism and nation-building processes)<br \/>Politische Kulte, Erinnerungskulturen und Geschichtspolitik (Political cults, commemorative cultures, and the politics of memory)<\/li>\n<li>Familienforschung, Kinder- und Jugendgeschichte (Family research, history of children and adolescents)<br \/>Frauen- und Geschlechtergeschichte (History of women and the sexes)<br \/>Visual History: Filme, Bilder und Fotografien als historische Quellen (Visual history: Films, images and photographs as historical sources)<\/li>\n<li>Public history<\/li>\n<\/ul>\n<p><br \/><h3>Current research projects<\/h3><\/p>\n<p>Dissertation project:<\/p>\n<p>Nationalistische Kinder- und Jugendbewegungen in der Zwischenkriegszeit. Das Ph\u00e4nomen der ukrainische Pfadfinderorganisation \u201cPlast\u201d (Nationalistic children\u2019s and adolescent movements between the world wars: The phenomenon of the Ukrainian scout organisation \u201cPlast\u201d)<\/p>\n<p><br \/><h3>Courses<\/h3><\/p>\n<ul>\n<li>Autumn trimester 2019: Der Erste Weltkrieg und seine Folgen f\u00fcr Osteuropa (The First World War and its consequences for Eastern Europe), introductory seminar<\/li>\n<li>Winter trimester 2020: Jugendbewegung in Ost- und Westeuropa im 20. Jahrhundert: Entstehung, Verbreitung, Bedeutung und Vergleich (Youth movements in Eastern and Western Europe in the 20th century: Development, prevalence, significance and comparison), tutorial<\/li>\n<li>Spring trimester 2020: Ideologie und Unterhaltung (Ideology and entertainment), Soviet film \/ ISA course<br \/>Autumn trimester 2020: Widerstand und Opposition in der Sowjetunion (1922-1991) (Resistance and opposition in the<\/li>\n<li>Soviet Union, 1922-1991), introductory seminar and preparatory course<br \/>Spring trimester 2021: Familie und Kindheit in der Sowjetunion (Family and childhood in the Soviet Union), tutorial<\/li>\n<\/ul>\n<p><br \/><\/p>\n<p>\u00a0<\/p>\n\n\n<p><\/p>\n\n\n\n<p><\/p>\n\n\n\n<p><\/p>\n\n\n\n<p><\/p>\n","protected":false},"excerpt":{"rendered":"<p>\u00a0 \u00a0 Halyna Roshchyna, M.A. Raum: 2324 Telefon: (040) 6541-2625 E-Mail: roshchyh@hsu-hh.de Besucheranschrift Helmut-Schmidt-Universit\u00e4tHolstenhofweg 85Ge\u00e4ude H122043 HamburgSprechstunde:Montags 14-16 Uhr(via MS Teams) Postanschrift Helmut-Schmidt-Universit\u00e4tFakult\u00e4t GeiSoGeschichte Ost- und OstmitteleuropasPostfach 70 08 2222008 [&hellip;]<\/p>\n","protected":false},"author":2548,"featured_media":0,"parent":0,"menu_order":0,"comment_status":"closed","ping_status":"closed","template":"","meta":{"footnotes":""},"categories":[9],"tags":[],"class_list":["post-1204","page","type-page","status-publish","hentry","category-team-en"],"_links":{"self":[{"href":"https:\/\/www.hsu-hh.de\/hisost\/wp-json\/wp\/v2\/pages\/1204","targetHints":{"allow":["GET"]}}],"collection":[{"href":"https:\/\/www.hsu-hh.de\/hisost\/wp-json\/wp\/v2\/pages"}],"about":[{"href":"https:\/\/www.hsu-hh.de\/hisost\/wp-json\/wp\/v2\/types\/page"}],"author":[{"embeddable":true,"href":"https:\/\/www.hsu-hh.de\/hisost\/wp-json\/wp\/v2\/users\/2548"}],"replies":[{"embeddable":true,"href":"https:\/\/www.hsu-hh.de\/hisost\/wp-json\/wp\/v2\/comments?post=1204"}],"version-history":[{"count":5,"href":"https:\/\/www.hsu-hh.de\/hisost\/wp-json\/wp\/v2\/pages\/1204\/revisions"}],"predecessor-version":[{"id":1211,"href":"https:\/\/www.hsu-hh.de\/hisost\/wp-json\/wp\/v2\/pages\/1204\/revisions\/1211"}],"wp:attachment":[{"href":"https:\/\/www.hsu-hh.de\/hisost\/wp-json\/wp\/v2\/media?parent=1204"}],"wp:term":[{"taxonomy":"category","embeddable":true,"href":"https:\/\/www.hsu-hh.de\/hisost\/wp-json\/wp\/v2\/categories?post=1204"},{"taxonomy":"post_tag","embeddable":true,"href":"https:\/\/www.hsu-hh.de\/hisost\/wp-json\/wp\/v2\/tags?post=1204"}],"curies":[{"name":"wp","href":"https:\/\/api.w.org\/{rel}","templated":true}]}}