{"id":571,"date":"2021-04-09T10:39:29","date_gmt":"2021-04-09T08:39:29","guid":{"rendered":"https:\/\/www.hsu-hh.de\/hisfnz\/?page_id=571"},"modified":"2023-07-04T08:38:26","modified_gmt":"2023-07-04T06:38:26","slug":"stiebing","status":"publish","type":"page","link":"https:\/\/www.hsu-hh.de\/hisfnz\/mitarbeiter\/stiebing\/","title":{"rendered":"Dr. des. Marcus Stiebing"},"content":{"rendered":"<div class=\"clearfix\"><\/div>\n<div class=\"ansprechparter-container\">\n<div class=\"row ansprechpartner-item ansprechparter-header\">\n<div class=\"col-md-4 col-lg-3 col-xs-4 ansprechpartner-item floatright img-circle center-block\" style=\"margin-bottom: 30px\">\n<div class=\"img-responsive-wrapper\"><img loading=\"lazy\" decoding=\"async\" class=\"img-circle img-responsive center-block  alignnone wp-image-565 size-thumbnail\" src=\"https:\/\/www.hsu-hh.de\/hisfnz\/wp-content\/uploads\/sites\/835\/2021\/04\/Stiebing-e1617950272872-150x150.jpg\" alt=\"  \" width=\"150\" height=\"150\" data-credit=\"M. Stiebing\" srcset=\"https:\/\/www.hsu-hh.de\/hisfnz\/wp-content\/uploads\/sites\/835\/2021\/04\/Stiebing-e1617950272872-150x150.jpg 150w, https:\/\/www.hsu-hh.de\/hisfnz\/wp-content\/uploads\/sites\/835\/2021\/04\/Stiebing-e1617950272872-100x100.jpg 100w\" sizes=\"auto, (max-width: 150px) 100vw, 150px\" \/><\/div>\n<\/div>\n<div class=\"col-md-12 col-lg-3 col-xs-12 ansprechpartner-item kontakt floatright\" style=\"margin-bottom: 30px\">\n<div class=\"row\">\n<div class=\"col-xs-12 col-sm-6 col-lg-12\">\n<div class=\"row\"><\/div>\n<\/div>\n<div class=\"col-xs-12 col-sm-6 col-lg-12\">\n<div class=\"row\">\n<div class=\"col-xs-12 col-md-12 row-text bold\">E-Mail:<\/div>\n<div class=\"col-xs-12 col-md-12 row-text\"><a href=\"mailto:marcus.stiebing@hsu-hh.de\" target=\"_blank\" rel=\"noopener\">marcus.stiebing@hsu-hh.de<\/a><\/div>\n<\/div>\n<\/div>\n<\/div>\n<\/div>\n<div class=\"col-md-6 col-lg-3 col-xs-12 ansprechpartner-item anschrift floatright\">\n<div class=\"row-headline\"><\/div>\n<\/div>\n<\/div>\n<\/div>\n<div class=\"clearfix\"><\/div>\n<p><strong>ACADEMIA.EDU:<\/strong> <a href=\"https:\/\/hsu-hh.academia.edu\/MarcusStiebing\" target=\"_blank\" rel=\"noopener\">https:\/\/hsu-hh.academia.edu\/MarcusStiebing<\/a><\/p>\n<p><strong>TWITTER:<\/strong> <a href=\"https:\/\/twitter.com\/marcus84_st\" target=\"_blank\" rel=\"noopener\">https:\/\/twitter.com\/marcus84_st<\/a><\/p>\n<h3>Curriculum Vitae<\/h3>\n<p>1984 in Eilenburg (Deutschland) geboren<\/p>\n<h3>Stipendien und Auszeichnungen<\/h3>\n<p>04\/2017-03\/2020<br \/>\nPromotionsstipendium und Auslandsf\u00f6rderung der Studienstiftung des deutschen Volkes<\/p>\n<h3>Wissenschaftlicher Werdegang<\/h3>\n<p>seit 04\/2021<br \/>\nWissenschaftlicher Mitarbeiter (Postdoc) an der Professur f\u00fcr Geschichte der Fr\u00fchen Neuzeit, Helmut-Schmidt-Universit\u00e4t\/Universit\u00e4t der Bundeswehr Hamburg (Prof&#8217;in <abbr title=\"Doktor\">Dr.<\/abbr> Jutta Nowosadtko)<\/p>\n<p>10\/2015-04\/2020<br \/>\nErarbeitung der Dissertation \u201eF\u00fcrstliche Entscheidungsfindung zum Krieg. Die Herz\u00f6ge von Sachsen-Weimar zwischen gelehrtem Diskurs und f\u00fcrstlicher Beratung (1603-1623)\u201c<\/p>\n<p>10\/2015-03\/2018<br \/>\nWissenschaftlicher Mitarbeiter am Lehrstuhl f\u00fcr Geschichte der Fr\u00fchen Neuzeit, Friedrich-Schiller-Universit\u00e4t Jena (<abbr title=\"Professor\">Prof.<\/abbr> <abbr title=\"Doktor\">Dr.<\/abbr> Georg Schmidt)<\/p>\n<h3>Studium<\/h3>\n<p>03\/2015<br \/>\n1. Staatsexamen f\u00fcr das Lehramt an Gymnasien (Geschichte, Sozialkunde, Erziehungswissenschaft)<\/p>\n<p>10\/2012-03\/2015<br \/>\nErg\u00e4nzungsstudium Klassische Philologie\/Latinistik, Friedrich-Schiller-Universit\u00e4t Jena<\/p>\n<p>10\/2009-03\/2015<br \/>\nStudium Geschichte und Sozialkunde f\u00fcr das Lehramt an Gymnasien, Friedrich-Schiller-Universit\u00e4t Jena<\/p>\n<h3>Auslandsaufenthalte und Kenntnisse<\/h3>\n<p><strong>Auslandsaufenthalte<\/strong><\/p>\n<p>04\/2018-03\/2021<br \/>\nForschungsaufenthalt in Wien (\u00d6sterreich) im Rahmen der Auslandsf\u00f6rderung der Studienstiftung des deutschen Volkes<\/p>\n<p>07\/2019-08\/2019<br \/>\nForschungsaufenthalt in Prag (Tschechische Republik) im Rahmen der Auslandsf\u00f6rderung der Studienstiftung des deutschen Volkes<\/p>\n<p>09\/2017-10\/2017<br \/>\nSprachkurs am Hilderstone College, Broadstairs\/ England (\u201eacademic English\u201d), finanziert durch die Studienstiftung des deutschen Volkes<\/p>\n<h3>Gremient\u00e4tigkeiten und Funktionen<\/h3>\n<p>seit 06\/2020<br \/>\nGutachtert\u00e4tigkeit bei der Studienstiftung des deutschen Volkes (Stipendien f\u00fcr Studierende)<\/p>\n<p>10\/2015-03\/2018<br \/>\nMitglied der Mittelbauvertretung am Historischen Institut der Friedrich-Schiller-Universit\u00e4t Jena<\/p>\n<p>10\/2015-09\/2017<br \/>\nVertreter des Mittelbaus im Rat der Philosophischen Fakult\u00e4t<\/p>\n<p>Vertreter des Mittelbaus im Institutsrat des Historischen Instituts der Friedrich-Schiller-Universit\u00e4t Jena<\/p>\n<h3>Nationale und internationale Mitgliedschaften<\/h3>\n<p>VDH: Verband der Historiker und Historikerinnen Deutschland e. V.<\/p>\n<p>IEFN: Institut f\u00fcr die Erforschung der Fr\u00fchen Neuzeit, Wien<\/p>\n<p>\u00d6GE: \u00d6sterreichische Gesellschaft zur Erforschung des 18. Jahrhunderts, Wien<\/p>\n<h3>Forschungsschwerpunkte und Forschungsprojekte<\/h3>\n<h3>Forschungsschwerpunkte<\/h3>\n<ul>\n<li>Sozialgeschichte der Kindheit(en) im langen 18. Jahrhundert<\/li>\n<li>Politische Kommunikation und Entscheidungsprozesse in der Fr\u00fchen Neuzeit<\/li>\n<li>Geschichte der Diplomatie und der Au\u00dfenbeziehungen<\/li>\n<li>Vergleichende Landesgeschichte (Schwerpunkt: Wettiner)<\/li>\n<li>Gelehrtengeschichte, Universit\u00e4tsgeschichte<\/li>\n<li>Wissens- und Wissenschaftsgeschichte<\/li>\n<\/ul>\n<h3>Forschungsprojekte<\/h3>\n<p><strong>Aktuelles Projekt<\/strong><\/p>\n<p>&#8222;Kindheit(en), Kind-sein und das Milit\u00e4r im langen 18. Jahrhundert. Eine Sozialgeschichte&#8220; (AT)<\/p>\n<h3>Dissertation<\/h3>\n<p>10\/2015-04\/2020<br \/>\n\u201eF\u00fcrstliche Entscheidungsfindung zum Krieg. Die Herz\u00f6ge von Sachsen-Weimar zwischen gelehrtem Diskurs und f\u00fcrstlicher Beratung (1603-1623)\u201c (Gutachter: <abbr title=\"Professor\">Prof.<\/abbr> <abbr title=\"Doktor\">Dr.<\/abbr> Georg Schmidt (Jena) \/ <abbr title=\"Professor\">Prof.<\/abbr> <abbr title=\"Doktor\">Dr.<\/abbr> Arno Strohmeyer (Salzburg)<\/p>\n<h3>Tagungen, Workshops, Panels<\/h3>\n<h3>Tagungen, Workshops, Panels<\/h3>\n<p>10\/2019<br \/>\nKonferenzpanel: \u201eDynamiken der Gesandtschaftspolitik zwischen Konsens und Konkurrenz\u201c (13. Arbeitstagung der AG \u201eFr\u00fche Neuzeit\u201c im Verband der Historiker und Historikerinnen, Rostock, 19.-21. September 2019; zus. mit Dr.in Stefanie Freyer, Osnabr\u00fcck)<\/p>\n<h3>Publikationen<\/h3>\n<h3>Monografien<\/h3>\n<p>(Vorraus. 2022, Manuskript zum Druck angenommen): Regionale Entscheidungsfindung zum Krieg. Die Herz\u00f6ge von Sachsen-Weimar zwischen gelehrtem Diskurs und f\u00fcrstlicher Beratung (1603-1623) (Erscheint im Aschendoff-Verlag in der \u201eSchriftenreihe zur Erforschung der Neueren Geschichte\u201c)<\/p>\n<h3>Beitr\u00e4ge in Sammelb\u00e4nden<\/h3>\n<p>(Voraus. 2022, im Erscheinen) Kommentieren \u2013 Streichen \u2013 Erg\u00e4nzen \u2013 \u00dcbersetzen. Die Konzeption der Korrespondenz Dorothea Marias von Sachsen\u2013Weimar (geb. von Anhalt, 1574\u20131617) mit dem Kaiserhof (um 1608) (Erscheint im Rahmen Tagung \u201eDie Medialit\u00e4t des Briefes \u2013 Diplomatische Korrespondenz im Kontext fr\u00fchneuzeitlicher Briefkultur im 16.\/17. Jahrhundert\u201c)<\/p>\n<p>(2022): Akteure der politischen Entscheidung. Friedrich Hortleder (1579-1640) und das B\u00f6hmische (Un)Wesen 1618, in: Siegrid Westphal et al (Hg.), Mitten in Deutschland \u2013 mitten im Krieg? Leben und Handeln in einer Ausnahmesituation, 1618-1648, Berlin\/Boston: De Gruyter 2022 (Erscheint als 35. Band der Reihe \u201eBibliothek altes Reich\u201c).<\/p>\n<p>(2022): Konkurrenz und dynastische Interessen. Herzogin Dorothea Maria von Anhalt (1574-1617) und der Regensburger Reichstag von 1608. (Erscheint im Ergebnisband der Konferenz \u201eKonkurrenzen\u201c der AG \u201eFr\u00fche Neuzeit\u201c des Verbandes der Historiker und Historikerinnen).<\/p>\n<p>(2020) Die Nutzung einer Gelehrtensammlung. \u00dcberlegungen zur Bibliotheca Universalis Uffenbachiana, in: Markus Friedrich\/Monika Mueller (Hg.) Zacharias Conrad von Uffenbach in seiner Zeit. Wissen und Gelehrtenkultur um 1700, Berlin\/Boston: De Gruyter 2020, S. 293-318<\/p>\n<p>(2019) Pulverfass B\u00f6hmen. Friedrich V. als dynastisch-staatsrechtliches Sicherheitsproblem der Wettiner, in: Horst Carl\/Rainer Babel\/Christoph Kampmann (Hg.), Sicherheitsprobleme im 16. und 17. Jahrhundert. Bedrohung, Ambivalenzen, Konzepte im franz\u00f6sisch-deutschen Vergleich, Baden-Baden: Nomos 2019, S. 511-543.<\/p>\n<p>(2017) Johann Major als Politikberater? In: Katharina Bracht (Hg.), Johann Major (1564-1654). Professor der Theologie, Superintendent in Jena und Kirchenpolitiker im 30j\u00e4hrigen Krieg, Leipzig: Evangelische Verlagsanstalt: 2017, S. 69-95.<\/p>\n<p>(2016) Jenaer Politikberatung. Herzog Johann Ernst d. J. und der B\u00f6hmische Krieg (2016), in: Siegrid Westphal\/Hans-Werner Hahn\/Georg Schmidt (Hg.), Die Welt der Ernestiner. Ein Lesebuch, K\u00f6ln\/Weimar\/Wien: B\u00f6hlau 2016, S. 168-174.<\/p>\n<p>(2016) Ein Stammbaum f\u00fcr Jena, in: Friedegund Freitag\/Karin Kolb (Hg.), Die Ernestiner. Eine Dynastie pr\u00e4gt Europa, Dresden: Sandstein Verlag, 2016), S. 98.<\/p>\n<h3>Beitr\u00e4ge in Fachzeitschriften<\/h3>\n<h3>Rezensionen<\/h3>\n<p>(2021) Andreas Pecar \/ Andreas Erb (Hg.), Der Drei\u00dfigj\u00e4hrige Krieg und die mitteldeutschen Reichsf\u00fcrsten. Politische Handlungsstrategien und \u00dcberlebensmuster (= Quellen und Forschungen zur Geschichte Sachsen-Anhalts, <abbr title=\"Band\">Bd.<\/abbr> 20), Halle\/Saale 2021, in: Jahrbuch Sachsen und Anhalt 34 (2021).<\/p>\n<p>(2019) Fabian Schulze, Die Reichskreise im Drei\u00dfigj\u00e4hrigen Krieg. Kriegsfinanzierung und B\u00fcndnispolitik im Heiligen R\u00f6mischen Reich Deutscher Nation (= Bibliothek Altes Reich, <abbr title=\"Band\">Bd.<\/abbr> 23), Berlin\/Boston 2018, in: Historische Zeitschrift 309\/3 (2019), S. 683-685.<\/p>\n<h3>Vortr\u00e4ge<\/h3>\n<p>24. M\u00e4rz 2022 (D\u00fcsseldorf): Akademischer Idealismus versus \u00f6konomische Unsicherheit. Friedrich Schiller (1759-1805) und das Geld (Tagung: Die Schattenseite der Universit\u00e4t. Akademische Prekarit\u00e4t in der longue dur\u00e9e, ca. 1150-1945)<\/p>\n<p>28. Januar 2022 (Weimar): Erfolg (de)konstruieren. Die Ernestiner und die deutsche Freiheit in der Geschichtsschreibung (Kolloquium \/ Tagung: Meistererz\u00e4hlungen der Geschichte auf dem Pr\u00fcfstand)<\/p>\n<p>10. Dezember 2021 (Aachen, digital): Genealogisches Wissen um 1600. Die Genealogia Imperatorum, Regum, Principum, Comitum, Baronum Et Dynastarum des Jenaer Gelehrten Elias Reusner (1555-1612) (Tagung: Konstruktion, Darstellung und Rezeption genealogischen Wissens in Mittelalter und Fr\u00fcher Neuzeit)<\/p>\n<p>25. November 2021 (Wien): B\u00fccher f\u00fcr die Kinder! Institutionen und Akteure des Schulbuchhandels in der Habsburgermonarchie im 18. Jhd. \u2013 eine Bestandsaufnahme (Tagung: Kontinuit\u00e4t und Wandel. Neue Ans\u00e4tze zur Buchgeschichte der Habsburgermonarchie im langen 18. Jahrhundert)<\/p>\n<p>23. September 2021 (Osnabr\u00fcck): \u201eOffizieller Gesandter versus \u201ePriuat Person\u201c. Die kaiserlichen Gesandtschaften an den Dresdner Hof (Tagung\/Workshop: Traveling Diplomats. Aims, Practices, Impact).<\/p>\n<p>29. Oktober 2020 (Salzburg): Medialit\u00e4t und Kommunikation interner Briefkonzepte. Die \u201adiplomatische Korrespondenz\u2018 Dorothea Marias von Sachsen-Weimar (1574-1617) mit dem Prager Kaiserhof im Vorfeld des Drei\u00dfigj\u00e4hrigen Krieges (Tagung: Die Medialit\u00e4t des Briefes \u2013 Diplomatische Korrespondenz im Kontext fr\u00fchneuzeitlicher Briefkultur im 16.\/17. Jahrhundert).<\/p>\n<p>24. Januar 2020 (Graz): Politikberatung und F\u00fcrstenregiment. Die Universit\u00e4t Jena und die Weimarer Herz\u00f6ge im Drei\u00dfigj\u00e4hrigen Krieg (Tagung\/Workshop \u201eExpertenkultur\u201c\/Politikberatung\u201c in der Fr\u00fchen Neuzeit).<\/p>\n<p>19. September 2019 (Rostock): Zwischen Konkurrenz und Rivalit\u00e4t. Die vormundschaftliche Vertretung Sachsen-Weimars auf dem Reichstag 1608 (Tagung AK Fr\u00fche Neuzeit \u201eKonkurrenzen\u201c)<\/p>\n<p>11. April 2019 (Hamburg): Erzieher \u2013 Sammler \u2013 Historiker \u2013 Rat. Friedrich Hortleder und der Beginn des Drei\u00dfigj\u00e4hrigen Krieges (Forschungskolloquium v. <abbr title=\"Professor\">Prof.<\/abbr> <abbr title=\"Doktor\">Dr.<\/abbr> Markus Friedrich).<\/p>\n<p>9. Januar 2019 (Cambridge): Prudentia a se \u2013 Prudentia ab iis. Two types of political prudence in Justus Lipsius\u2019 Politicorum libri six (Tagung: Monarchy and Modernity since 1500).<\/p>\n<p>1. Dezember 2018 (Hamburg): Zacharias Konrad von Uffenbach und die Jenaer Gelehrtenlandschaft. \u00dcberlegungen zur Funktion der Briefsammlung im Spiegel seiner Gesamtbibliothek (Tagung: Zacharias Konrad von Uffenbach in seiner Zeit. Wissen und Gelehrtenkultur um 1700).<\/p>\n<p>14. September 2018 (Gotha): Die Konstruktion des Verfassungskrieges. Politische Beratungsstrategien der Gelehrten Sachsen-Weimars am Beginn des Drei\u00dfigj\u00e4hrigen Krieges (Tagung: Mitten in Deutschland, Mitten im Krieg. Leben und Handeln in einer Ausnahmesituation, 1618-1648).<\/p>\n<p>27. Januar 2017 (Erlangen): Politikberatung und innere Staatsbildung in Sachsen-Weimar. Problemfelder und L\u00f6sungsversuche am Beginn des Drei\u00dfigj\u00e4hrigen Krieges (PhD-Workshop: Staatsbildungskrieg vor Ort? Lokalverwaltung und Krisenbew\u00e4ltigung im Drei\u00dfigj\u00e4hrigen Krieg).<\/p>\n<p>5. Oktober 2016 (Wien): Die Wahrnehmung der B\u00f6hmischen Unruhen 1619 am Beispiel Johann Wilhelm Neumair von Ramslas (1572-1641) (Tagung: Tr\u00e4gerschichten fr\u00fchneuzeitlicher Au\u00dfenpolitik in ihren Selbstzeugnissen).<\/p>\n<p>30. September 2016 (Paris): Pulverfass B\u00f6hmen. Friedrich V. von der Pfalz als wettinisches Sicherheitsproblem (Tagung: Sicherheitsprobleme im 16. und 17. Jahrhundert. Bedrohungen, Konzepte, Ambivalenzen)].<\/p>\n<p>16. September 2016 (Gent): Wertloses Gepr\u00e4nge? Joseph II. und die Kaiserkrone (Tagung: More than Mere Spectacle. Inaugurations and Coronations in the Habsburg Monarchy, 1700-1848) (zusammen mit Anne Fuchs\/GSA Weimar)<\/p>\n<h3>Lehre<\/h3>\n<p><strong>Lehre Friedrich-Schiller-Universit\u00e4t Jena (Oktober 2011 bis M\u00e4rz 2018)<\/strong><\/p>\n<table width=\"0\">\n<thead>\n<tr>\n<td width=\"46\"><strong>S<\/strong><\/td>\n<td colspan=\"2\" width=\"80\"><strong>Art des Kurses<\/strong><\/td>\n<td width=\"21\"><strong>U<\/strong><\/td>\n<td width=\"374\"><strong>Thema<\/strong><\/td>\n<td width=\"37\"><strong>T<\/strong><\/td>\n<td width=\"111\"><strong>Bemerkung<\/strong><\/td>\n<\/tr>\n<\/thead>\n<tbody>\n<tr>\n<td width=\"46\">W 17<\/td>\n<td width=\"28\">SE<\/td>\n<td width=\"52\">GS<\/td>\n<td width=\"21\">2<\/td>\n<td width=\"374\">Das Heilige R\u00f6mische Reich Deutscher Nation in der Fr\u00fchen Neuzeit, 1495-1806<\/td>\n<td width=\"37\">9<\/td>\n<td width=\"111\">Zusammen mit <abbr title=\"Professor\">Prof.<\/abbr> <abbr title=\"Doktor\">Dr.<\/abbr> Wolfgang Burgdorf<\/td>\n<\/tr>\n<tr>\n<td width=\"46\">S 17<sup>*<\/sup><\/td>\n<td width=\"28\">SE<\/td>\n<td width=\"52\">GS<\/td>\n<td width=\"21\">2<\/td>\n<td width=\"374\">Feinde f\u00fcrs Leben? Friedrich II. und Maria Theresia<\/td>\n<td width=\"37\">11<\/td>\n<td width=\"111\">Zusammen mit <abbr title=\"Privatdozent\">PD<\/abbr> <abbr title=\"Doktor\">Dr.<\/abbr> Astrid Ackermann<\/td>\n<\/tr>\n<tr>\n<td width=\"46\">W 16<\/td>\n<td width=\"28\">SE<\/td>\n<td width=\"52\">GS<\/td>\n<td width=\"21\">4<\/td>\n<td width=\"374\">Die zweite Reihe!? F\u00fcrstliche Favoriten in der Fr\u00fchen Neuzeit<\/td>\n<td width=\"37\">10<\/td>\n<td width=\"111\"><\/td>\n<\/tr>\n<tr>\n<td width=\"46\">S 16<\/td>\n<td width=\"28\">\u00dc<\/td>\n<td width=\"52\">GS\/AS<\/td>\n<td width=\"21\">1<\/td>\n<td width=\"374\">Handschriftliche Quellen im Zeitalter der Konfessionalisierung 1555-1648<\/td>\n<td width=\"37\">2<\/td>\n<td width=\"111\">Zusammen mit <abbr title=\"Doktor\">Dr.<\/abbr> Ingo Leinert<\/td>\n<\/tr>\n<tr>\n<td width=\"46\"><\/td>\n<td width=\"28\">SE<\/td>\n<td width=\"52\">GS<\/td>\n<td width=\"21\">3<\/td>\n<td width=\"374\"><em>Ius ad Bellum<\/em> &#8211; <em>Ius ad Pacem.<\/em> V\u00f6lkerrecht, Staatsr\u00e4son und internationale Beziehungen 1500-1714<\/td>\n<td width=\"37\">10<\/td>\n<td width=\"111\"><\/td>\n<\/tr>\n<tr>\n<td width=\"46\">W 15<\/td>\n<td width=\"28\">SE<\/td>\n<td width=\"52\">GS<\/td>\n<td width=\"21\">3<\/td>\n<td width=\"374\">Imperium-Herrschaft-Dynastie. Die Habsburger, ihre Reiche und Europa 1486 bis 1714\/63<\/td>\n<td width=\"37\">9<\/td>\n<td width=\"111\"><\/td>\n<\/tr>\n<tr>\n<td width=\"46\"><\/td>\n<td width=\"28\">SE<\/td>\n<td width=\"52\">GS<\/td>\n<td width=\"21\">1<\/td>\n<td width=\"374\">Einf\u00fchrung in das Studium der Geschichtswissenschaft<\/td>\n<td width=\"37\">11<\/td>\n<td width=\"111\">Zusammen mit <abbr title=\"Doktor\">Dr.<\/abbr> Ingo Leinert<\/td>\n<\/tr>\n<tr>\n<td width=\"46\">S15<\/td>\n<td width=\"28\">Tu<\/td>\n<td width=\"52\">GS<\/td>\n<td width=\"21\">2<\/td>\n<td width=\"374\">Einf\u00fchrung in das wissenschaftliche Arbeiten zum Seminar \u201eUmweltgeschichte in der Fr\u00fchen Neuzeit\u201c (<abbr title=\"Professor\">Prof.<\/abbr> <abbr title=\"Doktor\">Dr.<\/abbr> Wolfgang Burgdorf)<\/td>\n<td width=\"37\">20<\/td>\n<td width=\"111\"><\/td>\n<\/tr>\n<tr>\n<td width=\"46\"><\/td>\n<td width=\"28\">Tu<\/td>\n<td width=\"52\">GS<\/td>\n<td width=\"21\">2<\/td>\n<td width=\"374\">Einf\u00fchrung in das wissenschaftliche Arbeiten zum Seminar \u201eKriminalit\u00e4t in der Fr\u00fchen Neuzeit\u201c (<abbr title=\"Professor\">Prof.<\/abbr> <abbr title=\"Doktor\">Dr.<\/abbr> Wolfgang Burgdorf)<\/td>\n<td width=\"37\">20<\/td>\n<td width=\"111\"><\/td>\n<\/tr>\n<tr>\n<td width=\"46\">W 14<\/td>\n<td width=\"28\">Tu<\/td>\n<td width=\"52\">GS<\/td>\n<td width=\"21\">2<\/td>\n<td width=\"374\">Einf\u00fchrung in das wissenschaftliche Arbeiten zum Seminar \u201eEinf\u00fchrung in das Studium der Geschichtswissenschaft\u201c (<abbr title=\"Professor\">Prof.<\/abbr> <abbr title=\"Doktor\">Dr.<\/abbr> Georg Schmidt)<\/td>\n<td width=\"37\">20<\/td>\n<td width=\"111\"><\/td>\n<\/tr>\n<tr>\n<td width=\"46\"><\/td>\n<td width=\"28\">Tu<\/td>\n<td width=\"52\">GS<\/td>\n<td width=\"21\">2<\/td>\n<td width=\"374\">Einf\u00fchrung in das wissenschaftliche Arbeiten zum Seminar \u201cDas Heilige R\u00f6mische Reich deutscher Nation im 17. Jahrhundert\u201c (<abbr title=\"Privatdozent\">PD<\/abbr> <abbr title=\"Doktor\">Dr.<\/abbr><sup>in<\/sup> Astrid Ackermann)<\/td>\n<td width=\"37\">16<\/td>\n<td width=\"111\"><\/td>\n<\/tr>\n<tr>\n<td width=\"46\">W 13<\/td>\n<td width=\"28\">Tu<\/td>\n<td width=\"52\">GS<\/td>\n<td width=\"21\">2<\/td>\n<td width=\"374\">Einf\u00fchrung in das wissenschaftliche Arbeiten zum Seminar \u201eEinf\u00fchrung in das Studium der Geschichtswissenschaft\u201c (<abbr title=\"Doktor\">Dr.<\/abbr><sup>in<\/sup> Stefanie Freyer)<\/td>\n<td width=\"37\">20<\/td>\n<td width=\"111\"><\/td>\n<\/tr>\n<tr>\n<td width=\"46\">S 13<\/td>\n<td width=\"28\">Tu<\/td>\n<td width=\"52\">GS<\/td>\n<td width=\"21\">2<\/td>\n<td width=\"374\">Einf\u00fchrung in das wissenschaftliche Arbeiten zum Seminar \u201eDer Drei\u00dfigj\u00e4hrige Krieg\u201c (<abbr title=\"Professor\">Prof.<\/abbr> <abbr title=\"Doktor\">Dr.<\/abbr> Georg Schmidt)<\/td>\n<td width=\"37\">12<\/td>\n<td width=\"111\"><\/td>\n<\/tr>\n<tr>\n<td width=\"46\"><\/td>\n<td width=\"28\">Tu<\/td>\n<td width=\"52\">GS<\/td>\n<td width=\"21\">2<\/td>\n<td width=\"374\">Einf\u00fchrung in das wissenschaftliche Arbeiten zum Seminar \u201eDer Kaiser und die Kurf\u00fcrsten\u201c (Anne Fuchs)<\/td>\n<td width=\"37\">20<\/td>\n<td width=\"111\"><\/td>\n<\/tr>\n<tr>\n<td width=\"46\">W 12<\/td>\n<td width=\"28\">Tu<\/td>\n<td width=\"52\">GS<\/td>\n<td width=\"21\">2<\/td>\n<td width=\"374\">Einf\u00fchrung in das wissenschaftliche Arbeiten zum Seminar \u201eEinf\u00fchrung in das Studium der Geschichtswissenschaft\u201c (Anne Fuchs)<\/td>\n<td width=\"37\">24<\/td>\n<td width=\"111\"><\/td>\n<\/tr>\n<tr>\n<td width=\"46\"><\/td>\n<td width=\"28\">Tu<\/td>\n<td width=\"52\">GS<\/td>\n<td width=\"21\">2<\/td>\n<td width=\"374\">Einf\u00fchrung in das wissenschaftliche Arbeiten zum Seminar \u201eEinf\u00fchrung in das Studium der Geschichtswissenschaft\u201c (<abbr title=\"Doktor\">Dr.<\/abbr><sup>in<\/sup> Stefanie Freyer<\/td>\n<td width=\"37\">16<\/td>\n<td width=\"111\"><\/td>\n<\/tr>\n<tr>\n<td width=\"46\">W 11<\/td>\n<td width=\"28\">Tu<\/td>\n<td width=\"52\">GS<\/td>\n<td width=\"21\">2<\/td>\n<td width=\"374\">Einf\u00fchrung in das wissenschaftliche Arbeiten zum Seminar \u201eEinf\u00fchrung in das Studium der Geschichtswissenschaft\u201c (<abbr title=\"Professor\">Prof.<\/abbr> <abbr title=\"Doktor\">Dr.<\/abbr> Georg Schmidt)<\/td>\n<td width=\"37\">16<\/td>\n<td width=\"111\"><\/td>\n<\/tr>\n<tr>\n<td width=\"46\"><\/td>\n<td width=\"28\"><\/td>\n<td width=\"52\"><\/td>\n<td width=\"21\"><\/td>\n<td width=\"374\">Einf\u00fchrung in das wissenschaftliche Arbeiten zum Seminar \u201eEinf\u00fchrung in das Studium der Geschichtswissenschaft\u201c (<abbr title=\"Doktor\">Dr.<\/abbr><sup>in<\/sup> Stefanie Freyer)<\/td>\n<td width=\"37\">10<\/td>\n<td width=\"111\"><\/td>\n<\/tr>\n<\/tbody>\n<\/table>\n<p><strong>\u00a0<\/strong><strong>Abk\u00fcrzungen<\/strong><\/p>\n<p>W: Wintersemester; S: Sommersemester; GS: Grundstudium; AS: Aufbaustudium; SE: Seminar; \u00dc: \u00dcbung (mit Archivbesuchen in Jena und Weimar); Tu: Tutorium; U: Umfang\/Dauer\/SWS; T: Anzahl der Teilnehmenden<\/p>\n","protected":false},"excerpt":{"rendered":"<p>E-Mail: marcus.stiebing@hsu-hh.de ACADEMIA.EDU: https:\/\/hsu-hh.academia.edu\/MarcusStiebing TWITTER: https:\/\/twitter.com\/marcus84_st Curriculum Vitae 1984 in Eilenburg (Deutschland) geboren Stipendien und Auszeichnungen 04\/2017-03\/2020 Promotionsstipendium und Auslandsf\u00f6rderung der Studienstiftung des deutschen Volkes Wissenschaftlicher Werdegang seit 04\/2021 Wissenschaftlicher [&hellip;]<\/p>\n","protected":false},"author":147,"featured_media":0,"parent":106,"menu_order":0,"comment_status":"closed","ping_status":"closed","template":"","meta":{"footnotes":""},"categories":[8],"tags":[],"class_list":["post-571","page","type-page","status-publish","hentry","category-team"],"_links":{"self":[{"href":"https:\/\/www.hsu-hh.de\/hisfnz\/wp-json\/wp\/v2\/pages\/571","targetHints":{"allow":["GET"]}}],"collection":[{"href":"https:\/\/www.hsu-hh.de\/hisfnz\/wp-json\/wp\/v2\/pages"}],"about":[{"href":"https:\/\/www.hsu-hh.de\/hisfnz\/wp-json\/wp\/v2\/types\/page"}],"author":[{"embeddable":true,"href":"https:\/\/www.hsu-hh.de\/hisfnz\/wp-json\/wp\/v2\/users\/147"}],"replies":[{"embeddable":true,"href":"https:\/\/www.hsu-hh.de\/hisfnz\/wp-json\/wp\/v2\/comments?post=571"}],"version-history":[{"count":11,"href":"https:\/\/www.hsu-hh.de\/hisfnz\/wp-json\/wp\/v2\/pages\/571\/revisions"}],"predecessor-version":[{"id":759,"href":"https:\/\/www.hsu-hh.de\/hisfnz\/wp-json\/wp\/v2\/pages\/571\/revisions\/759"}],"up":[{"embeddable":true,"href":"https:\/\/www.hsu-hh.de\/hisfnz\/wp-json\/wp\/v2\/pages\/106"}],"wp:attachment":[{"href":"https:\/\/www.hsu-hh.de\/hisfnz\/wp-json\/wp\/v2\/media?parent=571"}],"wp:term":[{"taxonomy":"category","embeddable":true,"href":"https:\/\/www.hsu-hh.de\/hisfnz\/wp-json\/wp\/v2\/categories?post=571"},{"taxonomy":"post_tag","embeddable":true,"href":"https:\/\/www.hsu-hh.de\/hisfnz\/wp-json\/wp\/v2\/tags?post=571"}],"curies":[{"name":"wp","href":"https:\/\/api.w.org\/{rel}","templated":true}]}}