{"id":301,"date":"2020-12-11T14:03:34","date_gmt":"2020-12-11T13:03:34","guid":{"rendered":"https:\/\/www.hsu-hh.de\/hisfnz\/?page_id=301"},"modified":"2020-12-11T14:06:37","modified_gmt":"2020-12-11T13:06:37","slug":"kooperationspartner","status":"publish","type":"page","link":"https:\/\/www.hsu-hh.de\/hisfnz\/forschung\/kooperationspartner\/","title":{"rendered":"Kooperationspartner der Professur"},"content":{"rendered":"\n<p><\/p>\n\n\n<div><div>\n<div>\n<h3>Institutionen<\/h3>\n<p><a href=\"https:\/\/www.dur.ac.uk\/chmd\/\" target=\"_blank\" rel=\"noopener noreferrer\">Centre for the History of Medicine and Disease (University of Durham)<\/a><\/p>\n<p><a href=\"http:\/\/www.gwlb.de\/\" target=\"_blank\" rel=\"noopener noreferrer\">Gottfried Wilhelm Leibniz-Bibliothek Hannover<\/a><\/p>\n<p><a href=\"http:\/\/www.hab.de\/\" target=\"_blank\" rel=\"noopener noreferrer\">Herzog August Bibliothek Wolfenb\u00fcttel<\/a><\/p>\n<p><a href=\"https:\/\/www.bundeswehr.de\/de\/organisation\/weitere-bmvg-dienststellen\/zentrum-militaergeschichte-sozialwissenschaften\" target=\"_blank\" rel=\"noopener noreferrer\">Zentrum f\u00fcr Milit\u00e4rgeschichte und Sozialwissenschaften der Bundeswehr Potsdam<\/a><\/p>\n<h3>Fachgesellschaften<\/h3>\n<p><a href=\"https:\/\/amg.hypotheses.org\/\" target=\"_blank\" rel=\"noopener noreferrer\">Arbeitskreis Milit\u00e4r und Gesellschaft in der Fr\u00fchen Neuzeit e.V.<\/a><\/p>\n<p><a href=\"https:\/\/www.mmz-potsdam.de\/geistesgeschichte.html\" target=\"_blank\" rel=\"noopener noreferrer\">Gesellschaft f\u00fcr Geistesgeschichte<\/a><\/p>\n<p><a href=\"http:\/\/www.ranke-gesellschaft.de\/\" target=\"_blank\" rel=\"noopener noreferrer\">Ranke-Gesellschaft Vereinigung f\u00fcr Geschichte im \u00d6ffentlichen Leben e.V.<\/a><\/p>\n<p><a href=\"https:\/\/sshm.org\/\" target=\"_blank\" rel=\"noopener noreferrer\">Society for the Social History of Medicine<\/a><\/p>\n<p><a href=\"https:\/\/www.thomasmuentzer.de\/\" target=\"_blank\" rel=\"noopener noreferrer\">Thomas-M\u00fcntzer-Gesellschaft<\/a><\/p>\n<h3>Projekte und Personen<\/h3>\n<p><a href=\"https:\/\/www.geschichte.uni-hamburg.de\/arbeitsbereiche\/deutsche-geschichte\/arbeitsbereich\/arbeitsstelle-fuer-hamburgische-geschichte.html\" target=\"_blank\" rel=\"noopener noreferrer\">Arbeitsstelle f\u00fcr Hamburgische Geschichte (Prof. Dr. Franklin Kopitzsch, Universit\u00e4t Hamburg)<\/a><\/p>\n<p><a href=\"https:\/\/fiscalmilitary.history.ox.ac.uk\/home\" target=\"_blank\" rel=\"noopener noreferrer\">The European Fiscal-Military System 1530-1870 (Prof. Dr. Peter Wilson, University of Oxford)<\/a><\/p>\n<p><a href=\"http:\/\/www.surgeryandemotion.com\/\" target=\"_blank\" rel=\"noopener noreferrer\">Surgery and Emotion (Dr. Michael Brown, University of Roehampton)<\/a><\/p>\n<p><a href=\"https:\/\/geschichte.uni-graz.at\/de\/suedost\/mitarbeiterinnen\/sabine-jesner\/\" target=\"_blank\" rel=\"noopener noreferrer\">Dr. Sabine Jesner (Universit\u00e4t Graz)<\/a><\/p>\n<p><a href=\"https:\/\/artsandscience.usask.ca\/profile\/MNeufeld#\/profile\" target=\"_blank\" rel=\"noopener noreferrer\">Dr. Matthew Neufeld (University of Saskatchewan)<\/a><\/p>\n<\/div>\n<\/div><\/div>","protected":false},"excerpt":{"rendered":"<p>Institutionen Centre for the History of Medicine and Disease (University of Durham) Gottfried Wilhelm Leibniz-Bibliothek Hannover Herzog August Bibliothek Wolfenb\u00fcttel Zentrum f\u00fcr Milit\u00e4rgeschichte und Sozialwissenschaften der Bundeswehr Potsdam Fachgesellschaften Arbeitskreis [&hellip;]<\/p>\n","protected":false},"author":147,"featured_media":0,"parent":112,"menu_order":0,"comment_status":"closed","ping_status":"closed","template":"","meta":{"footnotes":""},"categories":[4],"tags":[],"class_list":["post-301","page","type-page","status-publish","hentry","category-forschung"],"_links":{"self":[{"href":"https:\/\/www.hsu-hh.de\/hisfnz\/wp-json\/wp\/v2\/pages\/301","targetHints":{"allow":["GET"]}}],"collection":[{"href":"https:\/\/www.hsu-hh.de\/hisfnz\/wp-json\/wp\/v2\/pages"}],"about":[{"href":"https:\/\/www.hsu-hh.de\/hisfnz\/wp-json\/wp\/v2\/types\/page"}],"author":[{"embeddable":true,"href":"https:\/\/www.hsu-hh.de\/hisfnz\/wp-json\/wp\/v2\/users\/147"}],"replies":[{"embeddable":true,"href":"https:\/\/www.hsu-hh.de\/hisfnz\/wp-json\/wp\/v2\/comments?post=301"}],"version-history":[{"count":3,"href":"https:\/\/www.hsu-hh.de\/hisfnz\/wp-json\/wp\/v2\/pages\/301\/revisions"}],"predecessor-version":[{"id":306,"href":"https:\/\/www.hsu-hh.de\/hisfnz\/wp-json\/wp\/v2\/pages\/301\/revisions\/306"}],"up":[{"embeddable":true,"href":"https:\/\/www.hsu-hh.de\/hisfnz\/wp-json\/wp\/v2\/pages\/112"}],"wp:attachment":[{"href":"https:\/\/www.hsu-hh.de\/hisfnz\/wp-json\/wp\/v2\/media?parent=301"}],"wp:term":[{"taxonomy":"category","embeddable":true,"href":"https:\/\/www.hsu-hh.de\/hisfnz\/wp-json\/wp\/v2\/categories?post=301"},{"taxonomy":"post_tag","embeddable":true,"href":"https:\/\/www.hsu-hh.de\/hisfnz\/wp-json\/wp\/v2\/tags?post=301"}],"curies":[{"name":"wp","href":"https:\/\/api.w.org\/{rel}","templated":true}]}}