{"id":112,"date":"2018-01-17T14:06:36","date_gmt":"2018-01-17T13:06:36","guid":{"rendered":"https:\/\/www.hsu-hh.de\/vorlage\/?page_id=112"},"modified":"2021-02-09T16:31:43","modified_gmt":"2021-02-09T15:31:43","slug":"forschung","status":"publish","type":"page","link":"https:\/\/www.hsu-hh.de\/hisfnz\/forschung\/","title":{"rendered":"Forschung"},"content":{"rendered":"<div>\n<div>\n<div>\n<div>\n<div>\n<div>\n<div>\n<div>\n<div>\n<div>\n<div>\n<div>\n<div>\n<div>\n<div>\n<h3 id=\"block-56a2f0c9-d61d-4c13-9aaa-31c4e3443c1a\" class=\"block-editor-block-list__block wp-block is-selected rich-text block-editor-rich-text__editable is-hovered wp-block\" role=\"textbox\" aria-label=\"Schreib eine \u00dcberschrift\u2026\" data-block=\"56a2f0c9-d61d-4c13-9aaa-31c4e3443c1a\" data-type=\"core\/heading\" data-title=\"\u00dcberschrift\">Aktuelle Forschungsprojekte<\/h3>\n<p><a href=\"https:\/\/www.hsu-hh.de\/hisfnz\/forschung\/administration-logistik-und-infrastrukturen-des-krieges-in-der-fruehen-neuzeit\/\">Administration, Logistik und Infrastrukturen des Krieges in der Fr\u00fchen Neuzeit (Nowosadtko\/Lohstr\u00e4ter\/Pranghofer)<\/a><\/p>\n<p><a href=\"https:\/\/www.hsu-hh.de\/hisfnz\/forschung\/archivalische-und-administrative-praxis-im-fruehneuzeitlichen-militaer-der-nachlass-des-hannoverschen-generalkriegskommissars-thomas-eberhard-von-ilten-1685-1758\/\" rel=\"noopener noreferrer\">Archivalische und administrative Praxis im fr\u00fchneuzeitlichen Milit\u00e4r: Der Nachlass des hannoverschen Generalkriegskommissars Thomas Eberhard von Ilten (1685-1758) (Nowosadtko\/Pranghofer)<\/a><\/p>\n<p>Fr\u00fchneuzeitliche Milit\u00e4rgerichtsbarkeit (Nowosadtko)<\/p>\n<p>Die L\u00e9gion Britannique im Siebenj\u00e4hrigen Krieg (Nowosadtko)<\/p>\n<p>Quellenedition und begleitende Studien zur Ro\u00dfarzneiliteratur (Nowosadtko)<\/p>\n<p>Ein (Staats-)Unternehmen in der Fr\u00fchindustralisierung. Die Royal Gunpowder Mills Waltham Abbey 1787-1815 (Fr\u00f6hlich)<\/p>\n<p><a href=\"https:\/\/www.hsu-hh.de\/hisfnz\/forschung\/militar-medizin-und-gesellschaft-in-der-fruhen-neuzeit\/\">Milit\u00e4r, Medizin und Gesellschaft in der Fr\u00fchen Neuzeit (Pranghofer)<\/a><\/p>\n<p>Fr\u00fchneuzeitliche Geschichte der milit\u00e4rischen Kommunikation (Lohstr\u00e4ter)<\/p>\n<p>Das Herbarium von Lorenz Heister (17.\/18. Jahrhundert) (Todt)<\/p>\n<p>Finanzplatz Altona im 18. und 19. Jahrhundert (Todt)<\/p>\n<h3>Tagungen<\/h3>\n<p>Workshop: <a href=\"https:\/\/web.hsu-hh.de\/fak\/geiso\/fach\/his-fnz\/aktuell\/Ilten-Workshop_221119_Programm.pdf?lang=de\" target=\"_blank\" rel=\"noopener noreferrer\">Online Edition der Geschichte des hannoverschen Milit\u00e4rs aus dem Nachlass von Thomas Eberhard von Ilten (1685-1758)<\/a> (November 2019)<\/p>\n<p>Workshop: <a href=\"https:\/\/www.hsu-hh.de\/hisfnz\/wp-content\/uploads\/sites\/835\/2021\/02\/Surgery-in-History_Tagungsprogramm.pdf\" target=\"_blank\" rel=\"noopener\">Surgery in History<\/a> (Mai 2019)<\/p>\n<p>Tagung: <a href=\"https:\/\/www.hsu-hh.de\/geiso\/wp-content\/uploads\/sites\/497\/2018\/01\/Flyer_Tagung-23-24-FEB2018__180103-2.pdf\" target=\"_blank\" rel=\"noopener noreferrer\">Administration, Logistik und Infrastrukturen des Krieges in der Fr\u00fchen Neuzeit<\/a> (Februar 2018, Tagungsberichte im <a href=\"http:\/\/portalmilitaergeschichte.de\/node\/1917\" target=\"_blank\" rel=\"noopener noreferrer\">Portal Milit\u00e4rgeschichte<\/a> und auf <a href=\"https:\/\/www.hsozkult.de\/conferencereport\/id\/tagungsberichte-7709\" target=\"_blank\" rel=\"noopener noreferrer\">H-Soz-Kult<\/a>)<\/p>\n<p>Tagung mit anschlie\u00dfender <a href=\"https:\/\/utpjournals.press\/toc\/cjh\/51\/3\" target=\"_blank\" rel=\"noopener noreferrer\">Publikation<\/a>: Der milit\u00e4risch-medizinische Komplex in der Fr\u00fchen Neuzeit: Zum Verh\u00e4ltnis von Milit\u00e4r, Medizin, Gesellschaft und Staat (November 2014, <a href=\"https:\/\/www.hsozkult.de\/conferencereport\/id\/tagungsberichte-5876\" target=\"_blank\" rel=\"noopener noreferrer\">Tagungsbericht<\/a> auf H-Soz-Kult, <a href=\"https:\/\/publishup.uni-potsdam.de\/opus4-ubp\/frontdoor\/deliver\/index\/docId\/7968\/file\/mgfn18_01.pdf\" target=\"_blank\" rel=\"noopener noreferrer\">Tagungsbericht<\/a> in Milit\u00e4r und Gesellschaft in der Fr\u00fchen Neuzeit)<\/p>\n<p>Workshop: <a href=\"https:\/\/web.hsu-hh.de\/fak\/geiso\/fach\/his-fnz\/aktuell\/news\/heisterflyer?lang=de\" target=\"_blank\" rel=\"noopener\">Vermessung der botanischen Welt um 1800. Das Herbarium von Lorenz Heister (1683-1758)<\/a> (April 2012, Tagungsprogramm)<\/p>\n<p>Tagung mit anschlie\u00dfender <a href=\"https:\/\/www.harrassowitz-verlag.de\/%26Die_gesammelte_Welt%26._Studien_zu_Zedlers_Universal-Lexicon\/titel_4088.ahtml\" target=\"_blank\" rel=\"noopener noreferrer\">Publikation<\/a>: <a href=\"https:\/\/www.hsu-hh.de\/hisfnz\/wp-content\/uploads\/sites\/835\/2021\/02\/Flyer_Zedler.pdf\" target=\"_blank\" rel=\"noopener\">Die gesammelte Welt. Wissensformen und Wissenswandel in Zedlers \u201aUniversal-Lexicon\u2018<\/a> (November 2010, <a href=\"https:\/\/www.hsozkult.de\/conferencereport\/id\/tagungsberichte-3563\" target=\"_blank\" rel=\"noopener noreferrer\">Tagungsbericht<\/a> auf H-Soz-Kult)<\/p>\n<p>Vortragsreihe mit anschlie\u00dfender <a href=\"https:\/\/elibrary.steiner-verlag.de\/book\/99.105010\/9783515105200\" target=\"_blank\" rel=\"noopener noreferrer\">Publikation<\/a>: Piraterie von der Antike bis heute (WT\/FT 2009)<\/p>\n<p>Tagung: <a href=\"https:\/\/www.hsu-hh.de\/hisfnz\/wp-content\/uploads\/sites\/835\/2021\/02\/Tagungsprogramm_12-2008_Befreiungskriege.pdf\" target=\"_blank\" rel=\"noopener\">Fr\u00fche Neuzeit und Befreiungskriege in den Erinnerungskulturen von Nationalsozialismus, DDR und Bundesrepublik 1933-1989<\/a> (Dezember 2008, <a href=\"https:\/\/www.hsozkult.de\/event\/id\/event-60665\" target=\"_blank\" rel=\"noopener noreferrer\">Tagungsbericht<\/a> auf H-Soz-Kult)<\/p>\n<h3>Kooperationen<\/h3>\n<div>\n<div>\n<div>\n<p><strong>Institutionen<\/strong><\/p>\n<p><a href=\"https:\/\/www.dur.ac.uk\/chmd\/\" target=\"_blank\" rel=\"noopener noreferrer\">Centre for the History of Medicine and Disease (University of Durham)<\/a><\/p>\n<p><a href=\"http:\/\/www.gwlb.de\/\" target=\"_blank\" rel=\"noopener noreferrer\">Gottfried Wilhelm Leibniz-Bibliothek Hannover<\/a><\/p>\n<p><a href=\"http:\/\/www.hab.de\/\" target=\"_blank\" rel=\"noopener noreferrer\">Herzog August Bibliothek Wolfenb\u00fcttel<\/a><\/p>\n<p><a href=\"https:\/\/www.bundeswehr.de\/de\/organisation\/weitere-bmvg-dienststellen\/zentrum-militaergeschichte-sozialwissenschaften\" target=\"_blank\" rel=\"noopener noreferrer\">Zentrum f\u00fcr Milit\u00e4rgeschichte und Sozialwissenschaften der Bundeswehr Potsdam<\/a><\/p>\n<p><strong>Fachgesellschaften<\/strong><\/p>\n<p><a href=\"https:\/\/amg.hypotheses.org\/\" target=\"_blank\" rel=\"noopener noreferrer\">Arbeitskreis Milit\u00e4r und Gesellschaft in der Fr\u00fchen Neuzeit e.V.<\/a><\/p>\n<p><a href=\"https:\/\/www.mmz-potsdam.de\/geistesgeschichte.html\" target=\"_blank\" rel=\"noopener noreferrer\">Gesellschaft f\u00fcr Geistesgeschichte<\/a><\/p>\n<p><a href=\"http:\/\/www.ranke-gesellschaft.de\/\" target=\"_blank\" rel=\"noopener noreferrer\">Ranke-Gesellschaft Vereinigung f\u00fcr Geschichte im \u00d6ffentlichen Leben e.V.<\/a><\/p>\n<p><a href=\"https:\/\/sshm.org\/\" target=\"_blank\" rel=\"noopener noreferrer\">Society for the Social History of Medicine<\/a><\/p>\n<p><a href=\"https:\/\/www.thomasmuentzer.de\/\" target=\"_blank\" rel=\"noopener noreferrer\">Thomas-M\u00fcntzer-Gesellschaft<\/a><\/p>\n<p><strong>Projekte und Personen<\/strong><\/p>\n<p><a href=\"https:\/\/www.geschichte.uni-hamburg.de\/arbeitsbereiche\/deutsche-geschichte\/arbeitsbereich\/arbeitsstelle-fuer-hamburgische-geschichte.html\" target=\"_blank\" rel=\"noopener noreferrer\">Arbeitsstelle f\u00fcr Hamburgische Geschichte (Prof. Dr. Franklin Kopitzsch, Universit\u00e4t Hamburg)<\/a><\/p>\n<p><a href=\"https:\/\/fiscalmilitary.history.ox.ac.uk\/home\" target=\"_blank\" rel=\"noopener noreferrer\">The European Fiscal-Military System 1530-1870 (Prof. Dr. Peter Wilson, University of Oxford)<\/a><\/p>\n<p><a href=\"http:\/\/www.surgeryandemotion.com\/\" target=\"_blank\" rel=\"noopener noreferrer\">Surgery and Emotion (Dr. Michael Brown, University of Roehampton)<\/a><\/p>\n<p><a href=\"https:\/\/geschichte.uni-graz.at\/de\/suedost\/mitarbeiterinnen\/sabine-jesner\/\" target=\"_blank\" rel=\"noopener noreferrer\">Dr. Sabine Jesner (Universit\u00e4t Graz)<\/a><\/p>\n<p><a href=\"https:\/\/artsandscience.usask.ca\/profile\/MNeufeld#\/profile\" target=\"_blank\" rel=\"noopener noreferrer\">Dr. Matthew Neufeld (University of Saskatchewan)<\/a><\/p>\n<\/div>\n<\/div>\n<\/div>\n<\/div>\n<\/div>\n<\/div>\n<\/div>\n<\/div>\n<\/div>\n<\/div>\n<\/div>\n<\/div>\n<\/div>\n<\/div>\n<\/div>\n<\/div>\n<\/div>\n<\/div>\n\n\n<p><\/p>\n\n\n<div>\n<div>\n<div>\n<div>\n<div>\n<div>\n<div>\n<div><\/div>\n<\/div>\n<\/div>\n<\/div>\n<\/div>\n<\/div>\n<\/div>\n<\/div>","protected":false},"excerpt":{"rendered":"<p>Aktuelle Forschungsprojekte Administration, Logistik und Infrastrukturen des Krieges in der Fr\u00fchen Neuzeit (Nowosadtko\/Lohstr\u00e4ter\/Pranghofer) Archivalische und administrative Praxis im fr\u00fchneuzeitlichen Milit\u00e4r: Der Nachlass des hannoverschen Generalkriegskommissars Thomas Eberhard von Ilten (1685-1758) [&hellip;]<\/p>\n","protected":false},"author":26,"featured_media":0,"parent":0,"menu_order":0,"comment_status":"closed","ping_status":"closed","template":"","meta":{"footnotes":""},"categories":[4],"tags":[],"class_list":["post-112","page","type-page","status-publish","hentry","category-forschung"],"_links":{"self":[{"href":"https:\/\/www.hsu-hh.de\/hisfnz\/wp-json\/wp\/v2\/pages\/112","targetHints":{"allow":["GET"]}}],"collection":[{"href":"https:\/\/www.hsu-hh.de\/hisfnz\/wp-json\/wp\/v2\/pages"}],"about":[{"href":"https:\/\/www.hsu-hh.de\/hisfnz\/wp-json\/wp\/v2\/types\/page"}],"author":[{"embeddable":true,"href":"https:\/\/www.hsu-hh.de\/hisfnz\/wp-json\/wp\/v2\/users\/26"}],"replies":[{"embeddable":true,"href":"https:\/\/www.hsu-hh.de\/hisfnz\/wp-json\/wp\/v2\/comments?post=112"}],"version-history":[{"count":22,"href":"https:\/\/www.hsu-hh.de\/hisfnz\/wp-json\/wp\/v2\/pages\/112\/revisions"}],"predecessor-version":[{"id":524,"href":"https:\/\/www.hsu-hh.de\/hisfnz\/wp-json\/wp\/v2\/pages\/112\/revisions\/524"}],"wp:attachment":[{"href":"https:\/\/www.hsu-hh.de\/hisfnz\/wp-json\/wp\/v2\/media?parent=112"}],"wp:term":[{"taxonomy":"category","embeddable":true,"href":"https:\/\/www.hsu-hh.de\/hisfnz\/wp-json\/wp\/v2\/categories?post=112"},{"taxonomy":"post_tag","embeddable":true,"href":"https:\/\/www.hsu-hh.de\/hisfnz\/wp-json\/wp\/v2\/tags?post=112"}],"curies":[{"name":"wp","href":"https:\/\/api.w.org\/{rel}","templated":true}]}}