{"id":503,"date":"2023-10-19T12:49:25","date_gmt":"2023-10-19T10:49:25","guid":{"rendered":"https:\/\/www.hsu-hh.de\/hilfenetz\/?page_id=503"},"modified":"2023-12-18T11:26:50","modified_gmt":"2023-12-18T10:26:50","slug":"vertrauenspersonenversammlung","status":"publish","type":"page","link":"https:\/\/www.hsu-hh.de\/hilfenetz\/startseite\/vertrauenspersonenversammlung","title":{"rendered":"Vertrauenspersonenversammlung"},"content":{"rendered":"\n<p>Die Sprecherin\/ Der Sprecher der Vertrauenspersonenversammlung des Kasernenbereichs handelt nach den Bestimmungen des Soldatenbeteiligungsgesetztes. Er\/Sie vertritt die dementsprechenden Belange, die alle studierenden Soldatinnen und Soldaten betreffen, gegen\u00fcber dem Leiter Studierendenbereich. Weiterhin vertritt Er\/Sie die studierenden Soldatinnen und Soldaten in dementsprechenden Belangen die Liegenschaft betreffend gegen\u00fcber dem Kasernenkommandanten. &nbsp;Kernaufgabe der Vertrauensperson ist, zur wirkungsvollen Dienstgestaltung und zur f\u00fcrsorglichen Ber\u00fccksichtigung soldatischer Belange beizutragen..<\/p>\n\n\n\n<p>Beratungsschwerpunkte:<\/p>\n\n\n\n<ul class=\"wp-block-list\">\n<li>Milit\u00e4rische Angelegenheiten und Anliegen<\/li>\n\n\n\n<li>Soldatenbeteiligungsrechte<\/li>\n\n\n\n<li>Ma\u00dfnahmen des Dienstbetriebs<\/li>\n\n\n\n<li>Betreuung und F\u00fcrsorge<\/li>\n\n\n\n<li>Vermittlung<\/li>\n<\/ul>\n\n\n\n<p><strong>Leutnant Kenneth Joiko<\/strong><\/p>\n\n\n\n<p>Tel.:<br>Mobil: <br>E-Mail:\u00a0<a href=\"mailto:kenneth.joiko@hsu-hh.de\" data-type=\"mailto\" data-id=\"mailto:kenneth.joiko@hsu-hh.de\" rel='nofollow'>kenneth.joiko@hsu-hh.de<\/a><\/p>\n","protected":false},"excerpt":{"rendered":"<p>Die Sprecherin\/ Der Sprecher der Vertrauenspersonenversammlung des Kasernenbereichs handelt nach den Bestimmungen des Soldatenbeteiligungsgesetztes. Er\/Sie vertritt die dementsprechenden Belange, die alle studierenden Soldatinnen und Soldaten betreffen, gegen\u00fcber dem Leiter Studierendenbereich. [&hellip;]<\/p>\n","protected":false},"author":2503,"featured_media":0,"parent":73,"menu_order":13,"comment_status":"closed","ping_status":"closed","template":"","meta":{"footnotes":""},"categories":[4],"tags":[],"class_list":["post-503","page","type-page","status-publish","hentry","category-forschung"],"_links":{"self":[{"href":"https:\/\/www.hsu-hh.de\/hilfenetz\/wp-json\/wp\/v2\/pages\/503","targetHints":{"allow":["GET"]}}],"collection":[{"href":"https:\/\/www.hsu-hh.de\/hilfenetz\/wp-json\/wp\/v2\/pages"}],"about":[{"href":"https:\/\/www.hsu-hh.de\/hilfenetz\/wp-json\/wp\/v2\/types\/page"}],"author":[{"embeddable":true,"href":"https:\/\/www.hsu-hh.de\/hilfenetz\/wp-json\/wp\/v2\/users\/2503"}],"replies":[{"embeddable":true,"href":"https:\/\/www.hsu-hh.de\/hilfenetz\/wp-json\/wp\/v2\/comments?post=503"}],"version-history":[{"count":4,"href":"https:\/\/www.hsu-hh.de\/hilfenetz\/wp-json\/wp\/v2\/pages\/503\/revisions"}],"predecessor-version":[{"id":583,"href":"https:\/\/www.hsu-hh.de\/hilfenetz\/wp-json\/wp\/v2\/pages\/503\/revisions\/583"}],"up":[{"embeddable":true,"href":"https:\/\/www.hsu-hh.de\/hilfenetz\/wp-json\/wp\/v2\/pages\/73"}],"wp:attachment":[{"href":"https:\/\/www.hsu-hh.de\/hilfenetz\/wp-json\/wp\/v2\/media?parent=503"}],"wp:term":[{"taxonomy":"category","embeddable":true,"href":"https:\/\/www.hsu-hh.de\/hilfenetz\/wp-json\/wp\/v2\/categories?post=503"},{"taxonomy":"post_tag","embeddable":true,"href":"https:\/\/www.hsu-hh.de\/hilfenetz\/wp-json\/wp\/v2\/tags?post=503"}],"curies":[{"name":"wp","href":"https:\/\/api.w.org\/{rel}","templated":true}]}}