{"id":495,"date":"2023-10-19T12:47:38","date_gmt":"2023-10-19T10:47:38","guid":{"rendered":"https:\/\/www.hsu-hh.de\/hilfenetz\/?page_id=495"},"modified":"2025-09-18T09:33:00","modified_gmt":"2025-09-18T07:33:00","slug":"militaerische-gleichstellungsbeauftragte","status":"publish","type":"page","link":"https:\/\/www.hsu-hh.de\/hilfenetz\/startseite\/militaerische-gleichstellungsbeauftragte","title":{"rendered":"Milit\u00e4rische Gleichstellungsbeauftragte"},"content":{"rendered":"\n<p>Die milit\u00e4rische Gleichstellungsbeauftragte ist zust\u00e4ndig f\u00fcr alle Soldatinnen und Soldaten, die der&nbsp;<abbr title=\"Helmut Schmidt Universit\u00e4t\">HSU<\/abbr>&nbsp;angeh\u00f6ren. Zu ihren Aufgaben geh\u00f6ren die\u0083F\u00f6rderung und Umsetzung der rechtlichen Grundlagen des Soldatinnen- und Soldatengleichstellungsgesetz(SGleiG) sowie das Soldatinnen- und Soldatengleichbehandlungsgesetz(SoldGG). Sie befasst sich mit Fragen zu den Themenfeldern:<\/p>\n\n\n\n<p>\u2013 Vereinbarkeit von Familie und Dienst<\/p>\n\n\n\n<p>\u2013 Teilzeitbesch\u00e4ftigung<\/p>\n\n\n\n<p>\u2013 Telearbeit<\/p>\n\n\n\n<p>\u2013 ortsunabh\u00e4ngiges Arbeiten<\/p>\n\n\n\n<p>\u2013 Gleichbehandlung von<\/p>\n\n\n\n<p>\u2013 Soldatinnen und Soldaten<\/p>\n\n\n\n<p>\u2013 Mobbing zwischen Soldatinnen und Soldaten<\/p>\n\n\n\n<p>\u2013 sexuelle Bel\u00e4stigung<\/p>\n\n\n\n<p>\u2013 Diskriminierung<\/p>\n\n\n\n<p>\u2013 Beratung schwangerer Soldatinnen sowie werdender V\u00e4ter<\/p>\n\n\n\n<p>Wir arbeiten vertraulich und anonym.<\/p>\n\n\n\n<p>Weiterf\u00fchrende Informationen zu den einzelnen T\u00e4tigkeitsfeldern erhalten Angeh\u00f6rige der&nbsp;<abbr title=\"Helmut Schmidt Universit\u00e4t\">HSU<\/abbr>&nbsp;unter folgendem Link<br>(Login erforderlich):<\/p>\n\n\n\n<p>Zum Ilias:&nbsp;<a href=\"https:\/\/intranet.hsu-hh.de\/ilias.php?baseClass=ilrepositorygui&amp;ref_id=13049\" rel='nofollow'>HIER<\/a><\/p>\n\n\n\n<p><strong>Hptm Lisann Folkens<\/strong><br>Douaumont-Bereich<br>Geb\u00e4ude W4, Raum 035<br>T: 040 6541-3913<br>T: 0151 25181037<br>M:&nbsp;<a href=\"mailto:GleiBmil@hsu.hamburg\" rel='nofollow'>GleiBmil@hsu.hamburg<\/a><\/p>\n\n\n\n<p><strong>KptLt Tamina Maxara-Potthoff<\/strong><br>Stelvertretende GleiBmil<br>Douaumont-Bereich<br>T: 040 6541-4005<\/p>\n\n\n\n<p><br><strong>Lt Anna-Katharina Rentsch <\/strong><br>2. Stelvertretende GleiBmil<br>Douaumont-Bereich<br>T: 040 6541-3821<br><\/p>\n\n\n\n<p><strong>HptBtsm Surasit&nbsp;<\/strong>Gisbertz<br>Douaumont-Bereich<br>Geb\u00e4ude W4, Raum 035<br>T: 040 6541-3912<br>M:&nbsp;<a href=\"mailto:UstgPersGleiBmil@hsu.hamburg\" rel='nofollow'>UstgPersGleiBmil@hsu.hamburg<\/a><\/p>\n\n\n\n<p><\/p>\n","protected":false},"excerpt":{"rendered":"<p>Die milit\u00e4rische Gleichstellungsbeauftragte ist zust\u00e4ndig f\u00fcr alle Soldatinnen und Soldaten, die der&nbsp;HSU&nbsp;angeh\u00f6ren. Zu ihren Aufgaben geh\u00f6ren die\u0083F\u00f6rderung und Umsetzung der rechtlichen Grundlagen des Soldatinnen- und Soldatengleichstellungsgesetz(SGleiG) sowie das Soldatinnen- und [&hellip;]<\/p>\n","protected":false},"author":2503,"featured_media":0,"parent":73,"menu_order":9,"comment_status":"closed","ping_status":"closed","template":"","meta":{"footnotes":""},"categories":[4],"tags":[],"class_list":["post-495","page","type-page","status-publish","hentry","category-forschung"],"_links":{"self":[{"href":"https:\/\/www.hsu-hh.de\/hilfenetz\/wp-json\/wp\/v2\/pages\/495","targetHints":{"allow":["GET"]}}],"collection":[{"href":"https:\/\/www.hsu-hh.de\/hilfenetz\/wp-json\/wp\/v2\/pages"}],"about":[{"href":"https:\/\/www.hsu-hh.de\/hilfenetz\/wp-json\/wp\/v2\/types\/page"}],"author":[{"embeddable":true,"href":"https:\/\/www.hsu-hh.de\/hilfenetz\/wp-json\/wp\/v2\/users\/2503"}],"replies":[{"embeddable":true,"href":"https:\/\/www.hsu-hh.de\/hilfenetz\/wp-json\/wp\/v2\/comments?post=495"}],"version-history":[{"count":8,"href":"https:\/\/www.hsu-hh.de\/hilfenetz\/wp-json\/wp\/v2\/pages\/495\/revisions"}],"predecessor-version":[{"id":643,"href":"https:\/\/www.hsu-hh.de\/hilfenetz\/wp-json\/wp\/v2\/pages\/495\/revisions\/643"}],"up":[{"embeddable":true,"href":"https:\/\/www.hsu-hh.de\/hilfenetz\/wp-json\/wp\/v2\/pages\/73"}],"wp:attachment":[{"href":"https:\/\/www.hsu-hh.de\/hilfenetz\/wp-json\/wp\/v2\/media?parent=495"}],"wp:term":[{"taxonomy":"category","embeddable":true,"href":"https:\/\/www.hsu-hh.de\/hilfenetz\/wp-json\/wp\/v2\/categories?post=495"},{"taxonomy":"post_tag","embeddable":true,"href":"https:\/\/www.hsu-hh.de\/hilfenetz\/wp-json\/wp\/v2\/tags?post=495"}],"curies":[{"name":"wp","href":"https:\/\/api.w.org\/{rel}","templated":true}]}}