{"id":483,"date":"2023-10-19T12:35:08","date_gmt":"2023-10-19T10:35:08","guid":{"rendered":"https:\/\/www.hsu-hh.de\/hilfenetz\/?page_id=483"},"modified":"2023-10-19T12:35:08","modified_gmt":"2023-10-19T10:35:08","slug":"suchtberatung","status":"publish","type":"page","link":"https:\/\/www.hsu-hh.de\/hilfenetz\/startseite\/suchtberatung","title":{"rendered":"Suchtberatung"},"content":{"rendered":"\n<p>Die Suchberatung an der Helmut-Schmidt-Universit\u00e4t \/ Universit\u00e4t der Bundeswehr Hamburg hilft gerne weiter bei Fragen zu<\/p>\n\n\n\n<p><strong>stoffgebundenen S\u00fcchten<\/strong><br>= Alkohol, Nikotin, Cannabis \u2026<\/p>\n\n\n\n<p><strong>sowie<\/strong><\/p>\n\n\n\n<p><strong>stoffungebundenen S\u00fcchten<\/strong><br>= Spielsucht, Handysucht, Kaufsucht \u2026<\/p>\n\n\n\n<p>Gespr\u00e4che mit Betroffenen \/ Angeh\u00f6rigen k\u00f6nnen telefonisch oder per E-Mail vereinbart werden.<\/p>\n\n\n\n<p><strong>Die Gespr\u00e4che unterliegen der gesetzlichen Schweigepflicht.<\/strong><\/p>\n\n\n\n<p><strong>Ansprechpartner:<\/strong><\/p>\n\n\n\n<p><strong>Nicolas Hees<\/strong><br><abbr title=\"Master of Science\">M.Sc.<\/abbr>&nbsp;Psychologie<br>T: 040 6541-2581<br>M:&nbsp;<a href=\"mailto:suchtberatung@hsu-hh.de\" rel='nofollow'>suchtberatung@hsu-hh.de<\/a><\/p>\n\n\n\n<p><strong>Alla Rudolph<\/strong><br><abbr title=\"Master of Science\">M.Sc.<\/abbr>&nbsp;Psychologie<br>T: 040 6541-2385<br>M:&nbsp;<a href=\"mailto:suchtberatung@hsu-hh.de\" rel='nofollow'>suchtberatung@hsu-hh.de<\/a><\/p>\n\n\n\n<p>Die Dienstvereinbarung zur Vorbeugung von Suchterkrankungen und zur Suchthilfe sowie die Handreichungen f\u00fcr Dienststellenleitungen und Vorgesetzte erhalten Universit\u00e4tsangeh\u00f6rige unter folgendem Link (Login erforderlich):<br><a href=\"https:\/\/webbox.hsu-hh.de\/verwaltung\/index_OtyMNpgwd5d855RI.html\" target=\"_blank\" rel=\"noreferrer noopener\">Dienstvereinbarung zur Vorbeugung von Suchterkrankungen und zur Suchthilfe, Handreichung f\u00fcr Dienststellenleitungen und Vorgesetzte<\/a><\/p>\n\n\n\n<p>Die Handreichungen ersetzen die B2-2630\/0-0-1 \u201eUmgang mit Abh\u00e4ngigkeitserkrankungen in der Bundeswehr\u201c.<\/p>\n","protected":false},"excerpt":{"rendered":"<p>Die Suchberatung an der Helmut-Schmidt-Universit\u00e4t \/ Universit\u00e4t der Bundeswehr Hamburg hilft gerne weiter bei Fragen zu stoffgebundenen S\u00fcchten= Alkohol, Nikotin, Cannabis \u2026 sowie stoffungebundenen S\u00fcchten= Spielsucht, Handysucht, Kaufsucht \u2026 Gespr\u00e4che [&hellip;]<\/p>\n","protected":false},"author":2503,"featured_media":0,"parent":73,"menu_order":3,"comment_status":"closed","ping_status":"closed","template":"","meta":{"footnotes":""},"categories":[4],"tags":[],"class_list":["post-483","page","type-page","status-publish","hentry","category-forschung"],"_links":{"self":[{"href":"https:\/\/www.hsu-hh.de\/hilfenetz\/wp-json\/wp\/v2\/pages\/483","targetHints":{"allow":["GET"]}}],"collection":[{"href":"https:\/\/www.hsu-hh.de\/hilfenetz\/wp-json\/wp\/v2\/pages"}],"about":[{"href":"https:\/\/www.hsu-hh.de\/hilfenetz\/wp-json\/wp\/v2\/types\/page"}],"author":[{"embeddable":true,"href":"https:\/\/www.hsu-hh.de\/hilfenetz\/wp-json\/wp\/v2\/users\/2503"}],"replies":[{"embeddable":true,"href":"https:\/\/www.hsu-hh.de\/hilfenetz\/wp-json\/wp\/v2\/comments?post=483"}],"version-history":[{"count":1,"href":"https:\/\/www.hsu-hh.de\/hilfenetz\/wp-json\/wp\/v2\/pages\/483\/revisions"}],"predecessor-version":[{"id":484,"href":"https:\/\/www.hsu-hh.de\/hilfenetz\/wp-json\/wp\/v2\/pages\/483\/revisions\/484"}],"up":[{"embeddable":true,"href":"https:\/\/www.hsu-hh.de\/hilfenetz\/wp-json\/wp\/v2\/pages\/73"}],"wp:attachment":[{"href":"https:\/\/www.hsu-hh.de\/hilfenetz\/wp-json\/wp\/v2\/media?parent=483"}],"wp:term":[{"taxonomy":"category","embeddable":true,"href":"https:\/\/www.hsu-hh.de\/hilfenetz\/wp-json\/wp\/v2\/categories?post=483"},{"taxonomy":"post_tag","embeddable":true,"href":"https:\/\/www.hsu-hh.de\/hilfenetz\/wp-json\/wp\/v2\/tags?post=483"}],"curies":[{"name":"wp","href":"https:\/\/api.w.org\/{rel}","templated":true}]}}