{"id":161,"date":"2017-08-30T12:12:02","date_gmt":"2017-08-30T10:12:02","guid":{"rendered":"https:\/\/www.hsu-hh.de\/hfm\/?page_id=161"},"modified":"2024-07-17T09:08:44","modified_gmt":"2024-07-17T07:08:44","slug":"hfm-paper-series","status":"publish","type":"page","link":"https:\/\/www.hsu-hh.de\/hfm\/hfm-paper-series","title":{"rendered":"HFM Paper Series"},"content":{"rendered":"\n<p><strong>HFM Papers<\/strong><\/p>\n\n\n\n<p>HFM Paper No. 5: Duvvuri, S. und S. Strohmenger (2024), <a href=\"https:\/\/www.hsu-hh.de\/hfm\/wp-content\/uploads\/sites\/598\/2024\/07\/HFM_Paper_005.pdf\">\u00d6ffentlich-rechtlichder Rundfunk in der Kritik: Ursachen und Reformbedarf<\/a><\/p>\n\n\n\n<p>HFM Paper No. 4: Dewenter, R. (2024), <a href=\"https:\/\/www.hsu-hh.de\/hfm\/wp-content\/uploads\/sites\/598\/2024\/06\/Paper_004.pdf\" target=\"_blank\" rel=\"noreferrer noopener\">Sch\u00e4den durch die Erstellung von Privatkopien von H\u00f6rfunk- und Fernsendungen<\/a><\/p>\n\n\n\n<p>HFM Paper No. 3: Dewenter, R.&nbsp; (2024), <a href=\"https:\/\/www.hsu-hh.de\/hfm\/wp-content\/uploads\/sites\/598\/2024\/06\/Paper_003.pdf\" target=\"_blank\" rel=\"noreferrer noopener\">F\u00fchrt das Verbot regionaler Fernsehwerbung auf bundesweiten Programm zu einer F\u00f6rderung von lokalen\/regionalen Programmen?<\/a><\/p>\n\n\n\n<p>HFM Paper No. 2 : <a href=\"https:\/\/www.hsu-hh.de\/hfm\/wp-content\/uploads\/sites\/598\/2024\/07\/HFM_Paper_002.pdf\" target=\"_blank\" rel=\"noreferrer noopener\">Dewenter, R. und H. L\u00fcth (2016), Big Data, Datenschutz und Wettbewerb<\/a><\/p>\n\n\n\n<p>HFM Paper No. 1: <a href=\"https:\/\/www.hsu-hh.de\/hfm\/wp-content\/uploads\/sites\/598\/2024\/07\/HFM_Paper_001.pdf\" target=\"_blank\" rel=\"noreferrer noopener\">Dewenter, R. und M. Linder (2015), Kartelle in digitalen M\u00e4rkten<\/a><\/p>\n\n\n\n<p><a href=\"https:\/\/www.hsu-hh.de\/hfm\/wp-content\/uploads\/sites\/598\/2017\/08\/SharingEconomy.pdf\">Dewenter, R. (2015), Regulierungsbedarf in der \u201eSharing Economy\u201c, Kommentar<\/a><\/p>\n\n\n\n<p><strong>Weitere Publikationen<\/strong><\/p>\n\n\n\n<p><strong>Artikel<\/strong><\/p>\n\n\n\n<p>Dewenter, R. und U. Heimeshoff (2015), Do Expert Reviews Really Drive Demand? Evidence from a German Car Magazine, in:&nbsp;Applied Economics Letters .<br>Dewenter, R. und J. R\u00f6sch (2015), Wettbewerbpolitische Herausforderungen der Internet\u00f6konomie, in: P.Oberender ( <abbr title=\"Herausgeber\">Hrsg.<\/abbr>) Wettbewerbsprobleme im Internet, NOMOS-Verlag.<br>Dewenter, R. und U. Heimeshoff (2015),&nbsp;More Ads, More Revs? A Note on Media Bias in Review Likelihood, in:&nbsp;Economic Modelling .<br>R\u00f6sch J. (2014), More Surf, Less Bias &#8211; The Influence of Advertising in Two-Sided Markets.&nbsp;International Journal of Sport Finance&nbsp; &nbsp;9(4), 331-345.<br>Dewenter, R. und U. Heimeshoff (2014),&nbsp;Media Bias and Advertising:&nbsp;Evidence from a German Car Magazine, in:&nbsp;Review of Economics.<br>Dewenter, R. und U. Heimeshoff (2013), Neustrukturierung der \u00f6ffentlich-rechtlichen Fernsehlandschaft: Theoretische Hintergr\u00fcnde und Reformoptionen,&nbsp;in: Dewenter, R., Haucap J. &amp; C. Kehder ( <abbr title=\"Herausgeber\">Hrsg.<\/abbr>):&nbsp;Wettbewerb und Regulierung in Medien, Politik und M\u00e4rkten, Festschrift f\u00fcr J\u00f6rn Kruse zum 65.&nbsp;Geburtstag, NOMOS-Verlag.<br>Dewenter, R. (2013), Leistungsschutzrecht: Ein teurer Irrtum,&nbsp;Wirtschaftsdienst&nbsp; &nbsp;93(4), 213-214.<\/p>\n\n\n\n<p><strong>Tagungsb\u00e4nde<\/strong><\/p>\n\n\n\n<p>Band 9. J\u00f6rn Kruse \/ Ralf Dewenter ( <abbr title=\"Herausgeber\">Hrsg.<\/abbr>)<br>Wettbewerbsprobleme im InternetBand 8: Stefan A. Duvvuri<br>\u00d6ffentliche Filmf\u00f6rderung in Deutschland<br>Versuch einer \u00f6konomischen Erfolgs- und Legitimationsbeurteilung<\/p>\n\n\n\n<p>Band 7: Hamburger Forum Medien\u00f6konomie, Insa Sjurts ( <abbr title=\"Herausgeber\">Hrsg.<\/abbr>)<br>Strategische Optionen in der Medienkrise<br>Print \/ Fernsehen \/ Neue Medien<\/p>\n\n\n\n<p>Band 6: J\u00f6rn Kruse \/ Justus Haucap ( <abbr title=\"Herausgeber\">Hrsg.<\/abbr>)<br>Mobilfunk zwischen Wettbewerb und Regulierung<\/p>\n\n\n\n<p>Band 5: J\u00f6rn Kruse ( <abbr title=\"Herausgeber\">Hrsg.<\/abbr>)<br>MultiMedia Mobil<br>Dienste und Inhalte \u00fcber mobile Plattformen<\/p>\n\n\n\n<p>Band 4: Claudia Fantapi\u00e9 Altobelli ( <abbr title=\"Herausgeber\">Hrsg.<\/abbr>)<br>Print contra Online?<br>Verlage im Internetzeitalter<\/p>\n\n\n\n<p>Band 3: Michael Gaitanides \/ J\u00f6rn Kruse ( <abbr title=\"Herausgeber\">Hrsg.<\/abbr>)<br>Stars in Film und Sport<br>\u00d6konomische Analyse des Starph\u00e4nomens<\/p>\n\n\n\n<p>Band 2: Michael Gaitanides<br>\u00d6konomie des Spielfilms<\/p>\n\n\n\n<p>Band 1: J\u00f6rn Kruse<br>\u00d6konomische Perspektiven des Fernsehens in Deutschland<\/p>\n","protected":false},"excerpt":{"rendered":"<p>HFM Papers HFM Paper No. 5: Duvvuri, S. und S. Strohmenger (2024), \u00d6ffentlich-rechtlichder Rundfunk in der Kritik: Ursachen und Reformbedarf HFM Paper No. 4: Dewenter, R. (2024), Sch\u00e4den durch die [&hellip;]<\/p>\n","protected":false},"author":37,"featured_media":0,"parent":0,"menu_order":0,"comment_status":"closed","ping_status":"closed","template":"","meta":{"_EventAllDay":false,"_EventTimezone":"","_EventStartDate":"","_EventEndDate":"","_EventStartDateUTC":"","_EventEndDateUTC":"","_EventShowMap":false,"_EventShowMapLink":false,"_EventURL":"","_EventCost":"","_EventCostDescription":"","_EventCurrencySymbol":"","_EventCurrencyCode":"","_EventCurrencyPosition":"","_EventDateTimeSeparator":"","_EventTimeRangeSeparator":"","_EventOrganizerID":[],"_EventVenueID":[],"_OrganizerEmail":"","_OrganizerPhone":"","_OrganizerWebsite":"","_VenueAddress":"","_VenueCity":"","_VenueCountry":"","_VenueProvince":"","_VenueState":"","_VenueZip":"","_VenuePhone":"","_VenueURL":"","_VenueStateProvince":"","_VenueLat":"","_VenueLng":"","_VenueShowMap":false,"_VenueShowMapLink":false,"footnotes":""},"categories":[4],"tags":[58],"class_list":["post-161","page","type-page","status-publish","hentry","category-forschung","tag-hfm-paper-series"],"_links":{"self":[{"href":"https:\/\/www.hsu-hh.de\/hfm\/wp-json\/wp\/v2\/pages\/161","targetHints":{"allow":["GET"]}}],"collection":[{"href":"https:\/\/www.hsu-hh.de\/hfm\/wp-json\/wp\/v2\/pages"}],"about":[{"href":"https:\/\/www.hsu-hh.de\/hfm\/wp-json\/wp\/v2\/types\/page"}],"author":[{"embeddable":true,"href":"https:\/\/www.hsu-hh.de\/hfm\/wp-json\/wp\/v2\/users\/37"}],"replies":[{"embeddable":true,"href":"https:\/\/www.hsu-hh.de\/hfm\/wp-json\/wp\/v2\/comments?post=161"}],"version-history":[{"count":25,"href":"https:\/\/www.hsu-hh.de\/hfm\/wp-json\/wp\/v2\/pages\/161\/revisions"}],"predecessor-version":[{"id":559,"href":"https:\/\/www.hsu-hh.de\/hfm\/wp-json\/wp\/v2\/pages\/161\/revisions\/559"}],"wp:attachment":[{"href":"https:\/\/www.hsu-hh.de\/hfm\/wp-json\/wp\/v2\/media?parent=161"}],"wp:term":[{"taxonomy":"category","embeddable":true,"href":"https:\/\/www.hsu-hh.de\/hfm\/wp-json\/wp\/v2\/categories?post=161"},{"taxonomy":"post_tag","embeddable":true,"href":"https:\/\/www.hsu-hh.de\/hfm\/wp-json\/wp\/v2\/tags?post=161"}],"curies":[{"name":"wp","href":"https:\/\/api.w.org\/{rel}","templated":true}]}}