{"id":112,"date":"2018-01-17T14:06:36","date_gmt":"2018-01-17T13:06:36","guid":{"rendered":"https:\/\/www.hsu-hh.de\/vorlage\/?page_id=112"},"modified":"2020-02-21T14:25:32","modified_gmt":"2020-02-21T13:25:32","slug":"forschung","status":"publish","type":"page","link":"https:\/\/www.hsu-hh.de\/gids\/forschung\/","title":{"rendered":"Forschung"},"content":{"rendered":"<p><img loading=\"lazy\" decoding=\"async\" class=\"alignnone size-full wp-image-128\" src=\"https:\/\/www.hsu-hh.de\/gids\/wp-content\/uploads\/sites\/838\/2020\/02\/cropped-GIDS_logo-1-1.png\" alt=\"Logo GIDS\" width=\"265\" height=\"90\" data-credit=\"\" \/><\/p>\n<p>Die aktuellen Forschungsschwerpunkte des <abbr title=\"German Institute for Defence and Strategic Studies\">GIDS<\/abbr> umfassen:<\/p>\n<p>+ Kultur und Identit\u00e4t in einem sich ver\u00e4ndernden sicherheitspolitischen<br \/>\nUmfeld<\/p>\n<p>+ \u00d6konomie und \u00d6kologie der Gewalt<\/p>\n<p>+ Dynamiken und Typologien von Kriegen und Konflikten<\/p>\n<p>+ Ressortgemeinsames und interdisziplin\u00e4res Denken und Handeln in<br \/>\nsicherheitspolitischer Perspektive<\/p>\n<p>+ Milit\u00e4rische Strategie und F\u00fchrung im 21. Jahrhundert<\/p>\n<p>+ Strategische Partnerschaften<\/p>\n<h3>Kooperation<\/h3>\n<p>F\u00fcr die Forschungs- und Beratungsarbeit des <abbr title=\"German Institute for Defence and Strategic Studies\">GIDS<\/abbr> wird die an der<br \/>\nF\u00fchrungsakademie der<br \/>\nBundeswehr und der Helmut-Schmidt-Universit\u00e4t \/ Universit\u00e4t der<br \/>\nBundeswehr Hamburg<br \/>\nvorhandene Exzellenz, einschlie\u00dflich der im <abbr title=\"German Institute for Defence and Strategic Studies\">GIDS<\/abbr> vorhandenen Expertise,<br \/>\ngenutzt.<\/p>\n<p>Die Aus-, Fort- und Weiterbildung der F\u00fchrungsakademie der Bundeswehr<br \/>\numfasst das<br \/>\nWissen und die methodische und thematische Vielfalt an Erfahrungen der<br \/>\nTeilnehmenden aller<br \/>\nnationalen und internationalen Lehrg\u00e4nge wie auch der milit\u00e4rischen und<br \/>\nzivilen Dozentinnen<br \/>\nund Dozenten. Die Zusammenf\u00fchrung dieser h\u00f6chsten milit\u00e4rfachlichen<br \/>\nExpertise der<br \/>\nAkademie mit der wissenschaftlichen Exzellenz der<br \/>\nHeimut-Schmidt-Universit\u00e4t \/ Universit\u00e4t<br \/>\nder Bundeswehr Hamburg gew\u00e4hrleistet einen interdisziplin\u00e4ren, breiten<br \/>\nund in dieser Form<br \/>\neinzigartigen Forschungs- und Beratungsansatz.<\/p>\n<p>Die Kooperation sieht eine kollegiale Leitung des <abbr title=\"German Institute for Defence and Strategic Studies\">GIDS<\/abbr> vor. Die Leiterin<br \/>\n\/ der Leiter der<br \/>\nSteuergruppe Denkfabrik an der F\u00fchrungsakademie der Bundeswehr und die<br \/>\nSprecherin \/ der<br \/>\nSprecher des &#8222;Netzwerks f\u00fcr interdisziplin\u00e4re Konfliktanalysen &#8211; <abbr title=\"Netzwerk Interdisziplin\u00e4rer Konfliktanalysen\">NIKA<\/abbr>&#8220;<br \/>\nan der Helmut-<br \/>\nSchmidt-Universit\u00e4t \/ Universit\u00e4t der Bundeswehr Hamburg bilden<br \/>\ngemeinsam den Vorstand<br \/>\ndes <abbr title=\"German Institute for Defence and Strategic Studies\">GIDS<\/abbr>,<\/p>\n<p>Dem <abbr title=\"German Institute for Defence and Strategic Studies\">GIDS<\/abbr> wird ein wissenschaftlicher Beirat an die Seite gestellt. Der<br \/>\nBeirat wird sich aus<br \/>\nExpertinnen und Experten aus dem In- und Ausland, <abbr title=\"unter anderem\">u.a.<\/abbr> aus den Bereichen<br \/>\nMilit\u00e4r,<br \/>\nWissenschaft, Verwaltung und Politik, zusammensetzen. Aufgabe des<br \/>\nBeirates ist die<br \/>\nBeratung der Leitung des <abbr title=\"German Institute for Defence and Strategic Studies\">GIDS<\/abbr>, insbesondere hinsichtlich der Festlegung von<br \/>\nForschungsschwerpunkten und -initiativen und deren Relevanz f\u00fcr den<br \/>\nstrategischen<br \/>\nBeratungsbedarf.<\/p>\n<h3>NIKA: Dynamiken und Typologien von Kriegen und Konflikten<\/h3>\n<p>Schnelle Ver\u00e4nderungen in einem sicherheitspolitischen Umfeld zeigen sich am sichtbarsten in den Entwicklungen von Krisen und Konflikten. Der Forschungsbereich Dynamiken und Typologien von Kriegen und Konflikten analysiert eben jene Entwicklungen. Dabei bedient sich der Forschungsbereich historischen R\u00fcckgriffen um durch eine vergleichende Betrachtung und eine taxonomische Klassifikation allgemein g\u00fcltige Aussagen ableiten zu k\u00f6nnen. Betrachtungsobjekte sind hierbei sowohl milit\u00e4rische, als auch submilit\u00e4rische Organisationsformen,\u00a0 Techniken und Strategien. Eine taxonomische Klassifizierung schafft innerhalb dessen die modelartige und simulative Erfassung, durch welche Szenarien fr\u00fchzeitig erkannt und ihnen ad\u00e4quat begegnet werden kann.<\/p>\n<h3>N.N.1<\/h3>\n<p>Hier sollte der Inhalt stehen<\/p>\n<h3>N.N.2<\/h3>\n<p>Hier sollte der Inhalt stehen<\/p>\n","protected":false},"excerpt":{"rendered":"<p>Die aktuellen Forschungsschwerpunkte des GIDS umfassen: + Kultur und Identit\u00e4t in einem sich ver\u00e4ndernden sicherheitspolitischen Umfeld + \u00d6konomie und \u00d6kologie der Gewalt + Dynamiken und Typologien von Kriegen und Konflikten [&hellip;]<\/p>\n","protected":false},"author":26,"featured_media":0,"parent":0,"menu_order":0,"comment_status":"closed","ping_status":"closed","template":"","meta":{"footnotes":""},"categories":[4],"tags":[],"class_list":["post-112","page","type-page","status-publish","hentry","category-forschung"],"_links":{"self":[{"href":"https:\/\/www.hsu-hh.de\/gids\/wp-json\/wp\/v2\/pages\/112","targetHints":{"allow":["GET"]}}],"collection":[{"href":"https:\/\/www.hsu-hh.de\/gids\/wp-json\/wp\/v2\/pages"}],"about":[{"href":"https:\/\/www.hsu-hh.de\/gids\/wp-json\/wp\/v2\/types\/page"}],"author":[{"embeddable":true,"href":"https:\/\/www.hsu-hh.de\/gids\/wp-json\/wp\/v2\/users\/26"}],"replies":[{"embeddable":true,"href":"https:\/\/www.hsu-hh.de\/gids\/wp-json\/wp\/v2\/comments?post=112"}],"version-history":[{"count":10,"href":"https:\/\/www.hsu-hh.de\/gids\/wp-json\/wp\/v2\/pages\/112\/revisions"}],"predecessor-version":[{"id":178,"href":"https:\/\/www.hsu-hh.de\/gids\/wp-json\/wp\/v2\/pages\/112\/revisions\/178"}],"wp:attachment":[{"href":"https:\/\/www.hsu-hh.de\/gids\/wp-json\/wp\/v2\/media?parent=112"}],"wp:term":[{"taxonomy":"category","embeddable":true,"href":"https:\/\/www.hsu-hh.de\/gids\/wp-json\/wp\/v2\/categories?post=112"},{"taxonomy":"post_tag","embeddable":true,"href":"https:\/\/www.hsu-hh.de\/gids\/wp-json\/wp\/v2\/tags?post=112"}],"curies":[{"name":"wp","href":"https:\/\/api.w.org\/{rel}","templated":true}]}}