{"id":73,"date":"2017-07-03T15:52:08","date_gmt":"2017-07-03T13:52:08","guid":{"rendered":"https:\/\/www.hsu-hh.de\/vorlage\/?page_id=73"},"modified":"2024-09-12T10:14:08","modified_gmt":"2024-09-12T08:14:08","slug":"startseite","status":"publish","type":"page","link":"https:\/\/www.hsu-hh.de\/geot\/","title":{"rendered":""},"content":{"rendered":"<h1>Willkommen an der Professur f\u00fcr Geotechnik!<\/h1>\n\n\n<div class=\"wp-block-columns is-layout-flex wp-container-core-columns-is-layout-9d6595d7 wp-block-columns-is-layout-flex\">\n<div class=\"wp-block-column is-layout-flow wp-block-column-is-layout-flow\" style=\"flex-basis:66.66%\">\n<p>Die Professur f\u00fcr Geotechnik wurde im Jahr 2019 an der <abbr title=\"Helmut Schmidt Universit\u00e4t\">HSU<\/abbr> gegr\u00fcndet und besch\u00e4ftigt sich schwerpunktm\u00e4\u00dfig mit den Themen<\/p>\n\n\n\n<ul class=\"wp-block-list\">\n<li>Numerische Methoden in der Geotechnik<\/li>\n\n\n\n<li>Baugrunddynamik (insbesondere Wellenausbreitung und Anelastizit\u00e4t)<\/li>\n\n\n\n<li>Digitalisierung in der Geotechnik<\/li>\n\n\n\n<li>Geotechnisches (Modell-)Versuchswesen und bodenmechanische Beschreibung des Baugrunds<\/li>\n<\/ul>\n\n\n\n<p>Weiterhin verf\u00fcgt die Professur f\u00fcr Geotechnik \u00fcber ein sehr gut ausgestattetes bodenmechanisches und bodendynamisches Forschungslabor, welches Ihnen sowohl f\u00fcr Forschungs- als auch praktische Fragestellungen gern mit Rat und Tat zur Seite steht.<\/p>\n\n\n\n<p>Gern sind wir Ihr Partner in allen Belangen der Geotechnik sowie der Baugrunddynamik. Sprechen Sie uns gern an (Mail: <a href=\"mailto:sascha.henke@hsu-hh.de\" rel='nofollow'>sascha.henke@hsu-hh.de<\/a>).<\/p>\n<\/div>\n\n\n\n<div class=\"wp-block-column is-layout-flow wp-block-column-is-layout-flow\" style=\"flex-basis:33.33%\"><div id=\"category_content_sitKOrAA\" class=\"hsu_category archive-page\"><article  id=\"post-2046\" class=\"category-list-item post-2046 post type-post status-publish format-standard hentry \"><a href=\"https:\/\/www.hsu-hh.de\/geot\/bewilligung-des-dfg-forschungsantrages-vaccum-sand-rainung-va-sarain\/\" title=\"Bewilligung des DFG-Forschungsantrages Vaccum Sand Rainung (Va SaRain)\" >\t<div class=\"article-listitem-datetime\">\t\t<time class=\"updated\" datetime=\"2026-01-27 18:03:47\"><\/time>\t\t<span class=\"article-month\">\t\t\t<time class=\"entry-date published\" datetime=\"2026-01-27 18:03:14\">Jan<\/time>\t\t<\/span>\t\t<span class=\"article-day\">\t\t\t<time class=\"entry-date published\" datetime=\"2026-01-27 18:03:14\">27<\/time>\t\t<\/span>\t\t<span class=\"article-datetime\">\t\t\t<time class=\"entry-date published\" datetime=\"2026-01-27 18:03:14\">2026<\/time>\t\t<\/span>\t<\/div><div class=\"hsu_category_article-content-wrap\"><div class=\"hsu_category_article-content-wrap-inner\"><div>\t<header class=\"entry-header\">\t\t<h3 class=\"entry-title\">Bewilligung des DFG-Forschungsantrages Vaccum Sand Rainung (Va SaRain)\t\t<\/h3>\t<\/header><div class=\"entry-content-excerpt\">Wir freuen und Bekanntgeben zu k\u00f6nnen das heute unser DFG-Forschungsantrag zum Thema \u201eUntersuchungen zum Sandrieselverfahren unter Ber\u00fccksichtigung eines Vakuums &#8211; Vacuum Sand Raining (VaSaRain)\u201c genehmigt wurde. Dieses Forschungsprojekt wird es uns erlauben, den bis jetzt kaum erforschten Einfluss eines angelegten Vakuums f\u00fcr die erreichte Probenqualit\u00e4t von gerieselten Proben zu untersuchen. Wir hoffen, dass wir diesbez\u00fcglich&#8230;<\/div> <\/div><\/div><\/div><\/a><\/article><article  id=\"post-2042\" class=\"category-list-item post-2042 post type-post status-publish format-standard hentry \"><a href=\"https:\/\/www.hsu-hh.de\/geot\/weihnachtsfeier-2025\/\" title=\"Weihnachtsfeier 2025\" >\t<div class=\"article-listitem-datetime\">\t\t<time class=\"updated\" datetime=\"2025-12-11 16:29:58\"><\/time>\t\t<span class=\"article-month\">\t\t\t<time class=\"entry-date published\" datetime=\"2025-12-11 16:29:49\">Dez<\/time>\t\t<\/span>\t\t<span class=\"article-day\">\t\t\t<time class=\"entry-date published\" datetime=\"2025-12-11 16:29:49\">11<\/time>\t\t<\/span>\t\t<span class=\"article-datetime\">\t\t\t<time class=\"entry-date published\" datetime=\"2025-12-11 16:29:49\">2025<\/time>\t\t<\/span>\t<\/div><div class=\"hsu_category_article-content-wrap\"><div class=\"hsu_category_article-content-wrap-inner\"><div>\t<header class=\"entry-header\">\t\t<h3 class=\"entry-title\">Weihnachtsfeier 2025\t\t<\/h3>\t<\/header><div class=\"entry-content-excerpt\">Am 04.12 hatte die Professur f\u00fcr Geotechnik Ihre Weihnahctsfeier f\u00fcr das Jahr 2025. Nach einem sch\u00f6nen Ausflug zum Bowling ist der Abend bei einem guten Abendessen ausgeklungen. Wir w\u00fcnschen allen unseren Mitarbeitenden sowie sch\u00f6ne Feiertage und ein frohes neues Jahr! Gruppenfoto der Teilnehmer der Weihnachtsfeier der Professur f\u00fcr Geotechnik 2025<\/div> <\/div><\/div><\/div><\/a><\/article><\/div><div class=\"clearfix\"><\/div><div class=\"col-xs-12 col-md-3 col-md-push-4\"><span class=\"link no-arrow\"><button class=\"gcategorymore hsu_btn\" id=\"sitKOrAA\"  data-catID=\"29\" data-postsPerPage=\"2\" data-order=\"DESC\" data-paged=\"2\" data-more_posts=\"1\" data-postexcerpt=\"1\" data-postcontent=\"1\" data-postmeta=\"1\" data-posttitle=\"1\" data-currentPostId=\"73\" data-uid=\"sitKOrAA\" data-ajax=\"true\" >Mehr Beitr\u00e4ge<\/button><\/span><\/div><div class=\"clearfix\"><\/div><\/div>\n<\/div>\n\n\n\n<p><\/p>\n","protected":false},"excerpt":{"rendered":"<p>Willkommen an der Professur f\u00fcr Geotechnik! Die Professur f\u00fcr Geotechnik wurde im Jahr 2019 an der HSU gegr\u00fcndet und besch\u00e4ftigt sich schwerpunktm\u00e4\u00dfig mit den Themen Weiterhin verf\u00fcgt die Professur f\u00fcr [&hellip;]<\/p>\n","protected":false},"author":26,"featured_media":0,"parent":0,"menu_order":0,"comment_status":"closed","ping_status":"closed","template":"","meta":{"footnotes":""},"categories":[35],"tags":[],"class_list":["post-73","page","type-page","status-publish","hentry","category-startseite"],"_links":{"self":[{"href":"https:\/\/www.hsu-hh.de\/geot\/wp-json\/wp\/v2\/pages\/73","targetHints":{"allow":["GET"]}}],"collection":[{"href":"https:\/\/www.hsu-hh.de\/geot\/wp-json\/wp\/v2\/pages"}],"about":[{"href":"https:\/\/www.hsu-hh.de\/geot\/wp-json\/wp\/v2\/types\/page"}],"author":[{"embeddable":true,"href":"https:\/\/www.hsu-hh.de\/geot\/wp-json\/wp\/v2\/users\/26"}],"replies":[{"embeddable":true,"href":"https:\/\/www.hsu-hh.de\/geot\/wp-json\/wp\/v2\/comments?post=73"}],"version-history":[{"count":30,"href":"https:\/\/www.hsu-hh.de\/geot\/wp-json\/wp\/v2\/pages\/73\/revisions"}],"predecessor-version":[{"id":1673,"href":"https:\/\/www.hsu-hh.de\/geot\/wp-json\/wp\/v2\/pages\/73\/revisions\/1673"}],"wp:attachment":[{"href":"https:\/\/www.hsu-hh.de\/geot\/wp-json\/wp\/v2\/media?parent=73"}],"wp:term":[{"taxonomy":"category","embeddable":true,"href":"https:\/\/www.hsu-hh.de\/geot\/wp-json\/wp\/v2\/categories?post=73"},{"taxonomy":"post_tag","embeddable":true,"href":"https:\/\/www.hsu-hh.de\/geot\/wp-json\/wp\/v2\/tags?post=73"}],"curies":[{"name":"wp","href":"https:\/\/api.w.org\/{rel}","templated":true}]}}