{"id":73,"date":"2017-07-03T15:52:08","date_gmt":"2017-07-03T13:52:08","guid":{"rendered":"https:\/\/www.hsu-hh.de\/vorlage\/?page_id=73"},"modified":"2024-10-14T10:00:15","modified_gmt":"2024-10-14T08:00:15","slug":"startseite","status":"publish","type":"page","link":"https:\/\/www.hsu-hh.de\/geiso\/","title":{"rendered":"Fakult\u00e4t f\u00fcr Geistes- und Sozialwissenschaften (GeiSo)"},"content":{"rendered":"<p>Willkommen an der Fakult\u00e4t f\u00fcr Geistes- und Sozialwissenschaften!<\/p>\n<p>Die Fakult\u00e4t f\u00fcr Geistes- und Sozialwissenschaften gliedert sich in die neun F\u00e4chergruppen Allgemeine P\u00e4dagogik, Berufsbildung, Empirische Sozialforschung und Statistik, Erwachsenenbildung, Geschichtswissenschaft, Personalmanagement, Psychologie, Soziologie und Theologie.<br \/>\nSie bietet sechs Studieng\u00e4nge an: den Bachelorstudiengang Bildungs- und Erziehungswissenschaft (B.A.), den Masterstudiengang Bildungs- und Erziehungswissenschaft (M.A.), den Bachelorstudiengang Geschichtswissenschaft (B.A.), den Masterstudiengang Geschichtswissenschaft (M.A.), den Bachelorstudiengang\u00a0 Psychologie (B.Sc.)\u00a0 und den Masterstudiengang Psychologie (<abbr title=\"Master of Science\">M.Sc.<\/abbr>) .<br \/>\nAn der Fakult\u00e4t f\u00fcr Geistes- und Sozialwissenschaften lehren und forschen 32 Professor*innen sowie ca. 150 wissenschaftliche Mitarbeiter*innen. Die Fakult\u00e4t z\u00e4hlt ca. 750 Studierende.<\/p>\n<h3><a href=\"https:\/\/www.hsu-hh.de\/geiso\/historiefakgeiso\/\">Weiter zur Historie der Fakult\u00e4t<\/a><\/h3>\n<hr \/>\n<div class=\"content-block3\" style=\"text-align: center\">\n<div class=\"background-grey\">\n<h2>Studium<\/h2>\n<p><img loading=\"lazy\" decoding=\"async\" class=\"alignnone wp-image-1235 size-large\" src=\"https:\/\/www.hsu-hh.de\/geiso\/wp-content\/uploads\/sites\/497\/2018\/01\/DSC_0024b_3Spalter-1024x445.jpg\" alt=\"LV GeiSo\" width=\"1024\" height=\"445\" srcset=\"https:\/\/www.hsu-hh.de\/geiso\/wp-content\/uploads\/sites\/497\/2018\/01\/DSC_0024b_3Spalter-1024x445.jpg 1024w, https:\/\/www.hsu-hh.de\/geiso\/wp-content\/uploads\/sites\/497\/2018\/01\/DSC_0024b_3Spalter-300x130.jpg 300w, https:\/\/www.hsu-hh.de\/geiso\/wp-content\/uploads\/sites\/497\/2018\/01\/DSC_0024b_3Spalter-768x334.jpg 768w\" sizes=\"auto, (max-width: 1024px) 100vw, 1024px\" \/><\/p>\n<p><a href=\"https:\/\/www.hsu-hh.de\/geiso\/startseite\/studieninteressierte\/\">Informationen f\u00fcr Studieninteressierte<br \/>\n<\/a><a href=\"https:\/\/www.hsu-hh.de\/geiso\/startseite\/studierende\/\">Informationen f\u00fcr Studierende und Lehrende <\/a>\/ <a href=\"https:\/\/www.hsu-hh.de\/praktika\/\">Praktika<\/a><br \/>\n<a href=\"https:\/\/www.hsu-hh.de\/geiso\/pruefungsangelegenheiten\/\">Pr\u00fcfungsangelegenheiten<\/a><\/p>\n<\/div>\n<\/div>\n<div class=\"content-block3\">\n<div class=\"background-grey\">\n<h2 style=\"text-align: center\"><strong>Forschung<\/strong><\/h2>\n<p style=\"text-align: center\"><img loading=\"lazy\" decoding=\"async\" class=\"alignnone wp-image-1236 size-large\" src=\"https:\/\/www.hsu-hh.de\/geiso\/wp-content\/uploads\/sites\/497\/2018\/01\/DSC_0590_3Spalter-1024x445.jpg\" alt=\"B\u00fccher\" width=\"1024\" height=\"445\" srcset=\"https:\/\/www.hsu-hh.de\/geiso\/wp-content\/uploads\/sites\/497\/2018\/01\/DSC_0590_3Spalter-1024x445.jpg 1024w, https:\/\/www.hsu-hh.de\/geiso\/wp-content\/uploads\/sites\/497\/2018\/01\/DSC_0590_3Spalter-300x130.jpg 300w, https:\/\/www.hsu-hh.de\/geiso\/wp-content\/uploads\/sites\/497\/2018\/01\/DSC_0590_3Spalter-768x334.jpg 768w\" sizes=\"auto, (max-width: 1024px) 100vw, 1024px\" \/><\/p>\n<p style=\"text-align: center\"><a href=\"https:\/\/www.hsu-hh.de\/geiso\/startseite\/professuren\/\">F\u00e4chergruppen und Professuren<br \/>\n<\/a><a href=\"https:\/\/www.hsu-hh.de\/geiso\/forschungsbereiche\">Forschungsbereiche<\/a>\u00a0<a href=\"https:\/\/www.hsu-hh.de\/geiso\/ethikkommission\"> Ethikkommission<\/a><br \/>\n<a href=\"https:\/\/www.hsu-hh.de\/geiso\/promotionhabilitation\">Promotion und Habilitation<\/a><a href=\"https:\/\/www.hsu-hh.de\/geiso\/doktorandenprogramme\/\"><br \/>\nDoktoranden*innenprogramme <\/a><\/p>\n<\/div>\n<\/div>\n<div class=\"content-block3\">\n<div class=\"background-grey\">\n<h2 style=\"text-align: center\"><strong>Administration<\/strong><\/h2>\n<p style=\"text-align: center\"><img loading=\"lazy\" decoding=\"async\" class=\"alignnone wp-image-1237 size-large\" src=\"https:\/\/www.hsu-hh.de\/geiso\/wp-content\/uploads\/sites\/497\/2018\/01\/DSC_0079b_3Spalter-1024x445.jpg\" alt=\"Fakult\u00e4tsverwaltung\" width=\"1024\" height=\"445\" srcset=\"https:\/\/www.hsu-hh.de\/geiso\/wp-content\/uploads\/sites\/497\/2018\/01\/DSC_0079b_3Spalter-1024x445.jpg 1024w, https:\/\/www.hsu-hh.de\/geiso\/wp-content\/uploads\/sites\/497\/2018\/01\/DSC_0079b_3Spalter-300x130.jpg 300w, https:\/\/www.hsu-hh.de\/geiso\/wp-content\/uploads\/sites\/497\/2018\/01\/DSC_0079b_3Spalter-768x334.jpg 768w\" sizes=\"auto, (max-width: 1024px) 100vw, 1024px\" \/><\/p>\n<p style=\"text-align: center\"><a href=\"https:\/\/www.hsu-hh.de\/geiso\/dekanat\/\">Dekanat und Studiendekanate<\/a><br \/>\n<a href=\"https:\/\/www.hsu-hh.de\/geiso\/fakultaetsverwaltung-edv\">Fakult\u00e4tsverwaltung<\/a> \/ <a href=\"https:\/\/www.hsu-hh.de\/it-gws\/\"><abbr title=\"Informationstechnologie\">IT<\/abbr><\/a><a href=\"https:\/\/www.hsu-hh.de\/geiso\/fakultaetsverwaltung-edv\"><br \/>\n<\/a><a href=\"https:\/\/www.hsu-hh.de\/geiso\/gremien-und-fakultaetsbeauftragte\/\">Gremien und Fakult\u00e4tsbeauftragte<\/a><br \/>\n<a href=\"https:\/\/www.hsu-hh.de\/karriere\/\">Stellenangebote<\/a><\/p>\n<\/div>\n<\/div>\n","protected":false},"excerpt":{"rendered":"<p>Willkommen an der Fakult\u00e4t f\u00fcr Geistes- und Sozialwissenschaften! Die Fakult\u00e4t f\u00fcr Geistes- und Sozialwissenschaften gliedert sich in die neun F\u00e4chergruppen Allgemeine P\u00e4dagogik, Berufsbildung, Empirische Sozialforschung und Statistik, Erwachsenenbildung, Geschichtswissenschaft, Personalmanagement, [&hellip;]<\/p>\n","protected":false},"author":1,"featured_media":202,"parent":0,"menu_order":0,"comment_status":"closed","ping_status":"closed","template":"faculty.php","meta":{"footnotes":""},"categories":[29],"tags":[],"class_list":["post-73","page","type-page","status-publish","has-post-thumbnail","hentry","category-nachrichtenslider"],"_links":{"self":[{"href":"https:\/\/www.hsu-hh.de\/geiso\/wp-json\/wp\/v2\/pages\/73","targetHints":{"allow":["GET"]}}],"collection":[{"href":"https:\/\/www.hsu-hh.de\/geiso\/wp-json\/wp\/v2\/pages"}],"about":[{"href":"https:\/\/www.hsu-hh.de\/geiso\/wp-json\/wp\/v2\/types\/page"}],"author":[{"embeddable":true,"href":"https:\/\/www.hsu-hh.de\/geiso\/wp-json\/wp\/v2\/users\/1"}],"replies":[{"embeddable":true,"href":"https:\/\/www.hsu-hh.de\/geiso\/wp-json\/wp\/v2\/comments?post=73"}],"version-history":[{"count":192,"href":"https:\/\/www.hsu-hh.de\/geiso\/wp-json\/wp\/v2\/pages\/73\/revisions"}],"predecessor-version":[{"id":4096,"href":"https:\/\/www.hsu-hh.de\/geiso\/wp-json\/wp\/v2\/pages\/73\/revisions\/4096"}],"wp:featuredmedia":[{"embeddable":true,"href":"https:\/\/www.hsu-hh.de\/geiso\/wp-json\/wp\/v2\/media\/202"}],"wp:attachment":[{"href":"https:\/\/www.hsu-hh.de\/geiso\/wp-json\/wp\/v2\/media?parent=73"}],"wp:term":[{"taxonomy":"category","embeddable":true,"href":"https:\/\/www.hsu-hh.de\/geiso\/wp-json\/wp\/v2\/categories?post=73"},{"taxonomy":"post_tag","embeddable":true,"href":"https:\/\/www.hsu-hh.de\/geiso\/wp-json\/wp\/v2\/tags?post=73"}],"curies":[{"name":"wp","href":"https:\/\/api.w.org\/{rel}","templated":true}]}}