{"id":571,"date":"2017-10-20T12:40:28","date_gmt":"2017-10-20T10:40:28","guid":{"rendered":"https:\/\/www.hsu-hh.de\/geiso\/?page_id=571"},"modified":"2026-02-16T11:53:18","modified_gmt":"2026-02-16T10:53:18","slug":"fakultaetsverwaltung-edv","status":"publish","type":"page","link":"https:\/\/www.hsu-hh.de\/geiso\/fakultaetsverwaltung-edv","title":{"rendered":"Fakult\u00e4tsverwaltung"},"content":{"rendered":"<div>\n<div>\n<div>\n<div>\n<div>\n<p><img loading=\"lazy\" decoding=\"async\" class=\"wp-image-1255 size-news1-image alignleft\" src=\"https:\/\/www.hsu-hh.de\/geiso\/wp-content\/uploads\/sites\/497\/2018\/01\/DSC_0114_3Spalter-400x200.jpg\" alt=\"Verwaltung\" width=\"400\" height=\"200\" \/><\/p>\n<p>F\u00fcr viele Fragen und Bereiche ist <strong>die Fakult\u00e4tsverwaltung<\/strong> erste Anlaufstelle der Fakult\u00e4t.\u00a0 Die Mitarbeiter_innen unterst\u00fctzen und beraten die Wissenschaftlerinnen und Wissenschaftler in Bezug auf Fragen zu Haushaltsangelegenheiten, Einstellungsantr\u00e4gen, Bedarfsforderungen, Gastvortr\u00e4gen, Nutzungsrechten und zu vielen weiteren Themen.<br \/>Hochschulangeh\u00f6rige finden weitere Informationen im\u00a0<a href=\"https:\/\/intranet.hsu-hh.de\/ilias.php?baseClass=ilrepositorygui&amp;ref_id=14199\" rel='nofollow'>internen Bereich des Dekanats und der Fakult\u00e4tsverwaltung .<\/a><\/p>\n<p>E-Mail: <a href=\"mailto:fkv.geiso@hsu-hh.de\" rel='nofollow'>fkv.geiso@hsu-hh.de<\/a><br \/>Telefon: +49\/40-6541-2956<\/p>\n<p>Leiterin der Fakult\u00e4tsverwaltung:<br \/><a href=\"https:\/\/www.hsu-hh.de\/geiso\/anja-sommer\">RAmtfr Anja Sommer<\/a><\/p>\n<p>Gesch\u00e4ftszimmer:<br \/><a href=\"https:\/\/www.hsu-hh.de\/geiso\/?page_id=3507&amp;preview=true\">Jennifer Weber <\/a><\/p>\n<p>\u00d6ffnungszeiten des Gesch\u00e4ftszimmers (Geb\u00e4ude H 1, Raum 2304)<br \/>Montag 9 &#8211; 15<br \/>Dienstag 9 &#8211; 15 <br \/>Mittwoch 8 &#8211; 15 <br \/>Donnerstag 8 &#8211; 15 <br \/>Freitag 8 &#8211; 14<\/p>\n<h3>Postanschrift<\/h3>\n<p>Helmut-Schmidt-Universit\u00e4t \/Universit\u00e4t der Bundeswehr Hamburg<br \/>Fakult\u00e4t f\u00fcr Geistes- und Sozialwissenschaften<br \/>Postfach 700822<br \/>22008 Hamburg<\/p>\n<h3>Besucheranschrift<\/h3>\n<p>Helmut-Schmidt-Universit\u00e4t \/Universit\u00e4t der Bundeswehr Hamburg<br \/>Geb\u00e4ude H1<br \/>Holstenhofweg 85<br \/>22039 Hamburg<\/p>\n<p><a href=\"https:\/\/www.hsu-hh.de\/geiso\/anfahrt\">Anfahrt und Lagepl\u00e4ne<\/a><\/p>\n<p><strong>\u00a0<\/strong><\/p>\n<\/div>\n<\/div>\n<\/div>\n<\/div>\n<\/div>\n\n\n<p><\/p>\n\n\n\n<p><\/p>\n","protected":false},"excerpt":{"rendered":"<p>F\u00fcr viele Fragen und Bereiche ist die Fakult\u00e4tsverwaltung erste Anlaufstelle der Fakult\u00e4t.\u00a0 Die Mitarbeiter_innen unterst\u00fctzen und beraten die Wissenschaftlerinnen und Wissenschaftler in Bezug auf Fragen zu Haushaltsangelegenheiten, Einstellungsantr\u00e4gen, Bedarfsforderungen, Gastvortr\u00e4gen, [&hellip;]<\/p>\n","protected":false},"author":27,"featured_media":0,"parent":0,"menu_order":0,"comment_status":"closed","ping_status":"closed","template":"","meta":{"footnotes":""},"categories":[8],"tags":[117],"class_list":["post-571","page","type-page","status-publish","hentry","category-team","tag-verwaltung-edv"],"_links":{"self":[{"href":"https:\/\/www.hsu-hh.de\/geiso\/wp-json\/wp\/v2\/pages\/571","targetHints":{"allow":["GET"]}}],"collection":[{"href":"https:\/\/www.hsu-hh.de\/geiso\/wp-json\/wp\/v2\/pages"}],"about":[{"href":"https:\/\/www.hsu-hh.de\/geiso\/wp-json\/wp\/v2\/types\/page"}],"author":[{"embeddable":true,"href":"https:\/\/www.hsu-hh.de\/geiso\/wp-json\/wp\/v2\/users\/27"}],"replies":[{"embeddable":true,"href":"https:\/\/www.hsu-hh.de\/geiso\/wp-json\/wp\/v2\/comments?post=571"}],"version-history":[{"count":80,"href":"https:\/\/www.hsu-hh.de\/geiso\/wp-json\/wp\/v2\/pages\/571\/revisions"}],"predecessor-version":[{"id":4598,"href":"https:\/\/www.hsu-hh.de\/geiso\/wp-json\/wp\/v2\/pages\/571\/revisions\/4598"}],"wp:attachment":[{"href":"https:\/\/www.hsu-hh.de\/geiso\/wp-json\/wp\/v2\/media?parent=571"}],"wp:term":[{"taxonomy":"category","embeddable":true,"href":"https:\/\/www.hsu-hh.de\/geiso\/wp-json\/wp\/v2\/categories?post=571"},{"taxonomy":"post_tag","embeddable":true,"href":"https:\/\/www.hsu-hh.de\/geiso\/wp-json\/wp\/v2\/tags?post=571"}],"curies":[{"name":"wp","href":"https:\/\/api.w.org\/{rel}","templated":true}]}}