{"id":4177,"date":"2024-12-02T18:13:14","date_gmt":"2024-12-02T17:13:14","guid":{"rendered":"https:\/\/www.hsu-hh.de\/geiso\/?page_id=4177"},"modified":"2024-12-02T18:13:14","modified_gmt":"2024-12-02T17:13:14","slug":"sonstige-einrichtungen","status":"publish","type":"page","link":"https:\/\/www.hsu-hh.de\/geiso\/sonstige-einrichtungen","title":{"rendered":"Sonstige Einrichtungen"},"content":{"rendered":"\n<p>I<strong>nternational Office<\/strong><\/p>\n\n\n\n<p>Das International Office betreut nicht nur die Gaststudierenden unserer Universit\u00e4t, sondern koordiniert und pflegt auch die internationalen Beziehungen und ber\u00e4t die Studierenden der Helmut-Schmidt-Universit\u00e4t\/ Universit\u00e4t der Bundeswehr Hamburg in Bezug auf ihre Auslandsvorhaben und M\u00f6glichkeiten.<br>Ansprechpartner f\u00fcr einen Studienaufenthalt im Ausland ist das <a href=\"https:\/\/www.hsu-hh.de\/auslandsstud\/\">International Office<\/a>.<\/p>\n\n\n\n<p>I<strong>SA-Zentrum<\/strong><\/p>\n\n\n\n<p>Interdiszipli\u00e4re Studienanteile sind Pflichtbestandteil aller grundst\u00e4ndigen Studieng\u00e4nge. Sie vermitteln den Studierenden Kompetenzen und F\u00e4higkeiten au\u00dferhalb ihrer Fachstudieng\u00e4nge und erm\u00f6glichen ihnen einen \u201eBlick \u00fcber den Tellerrand\u201c. Informationen finden Sie auf der Seite des<a href=\"https:\/\/www.hsu-hh.de\/isa\/\"> ISA-Zentrums<\/a>.<\/p>\n\n\n\n<p>S<strong>prachenzentrum<\/strong><\/p>\n\n\n\n<p>Sprachen sind fester Bestandteil des Studiums an der Helmut-Schmidt-Universit\u00e4t\/ Universit\u00e4t der Bundeswehr Hamburg.&nbsp; Das Sprachenzentrum der Universit\u00e4t bietet sowohl Studierenden als auch Mitarbeiter*innen eine Vielzahl von Sprachen und Kursen.&nbsp; F\u00fcr gezielte Informationen wenden Sie sich an das Team des <a href=\"https:\/\/www.hsu-hh.de\/sprachen\/\">Sprachenzentrums<\/a>.<\/p>\n\n\n\n<p><strong>Sportzentrum<\/strong><\/p>\n\n\n\n<p>Sport wird an der Helmut-Schmidt-Universit\u00e4t\/ Universit\u00e4t der Bundeswehr Hamburg gro\u00df geschrieben.&nbsp; Zahlreiche weitere Angebote sowie Informationen zu den Sportanlagen, Anmeldemodalit\u00e4ten und Kontaktpersonen finden Sie auf der Seite des <a href=\"https:\/\/www.hsu-hh.de\/sportzentrum\/\">Sportzentrums<\/a>.<\/p>\n\n\n\n<p>IL<strong>IAS (Koordinationsstelle E-Learning)<\/strong><\/p>\n\n\n\n<p>Ziel der Lernplattform ILIAS ist es, Lehr- und Lernprozesse zu optimieren und kooperatives und interaktives Lernen zu erm\u00f6glichen. Die Koordinationsstelle bietet regelm\u00e4\u00dfig Schulungen an und ber\u00e4t die Angeh\u00f6rigen der Helmut-Schmidt-Universit\u00e4t\/ Universit\u00e4t der Bundeswehr Hamburg zu allen Fragen rund um das Thema E-Lernen.<br>F\u00fcr weitere Informationen wenden Sie sich an das <a href=\"https:\/\/www.hsu-hh.de\/kel\/\">Team der Koordinationsstelle<\/a>.<\/p>\n\n\n\n<p><strong>Bibliothek<\/strong><\/p>\n\n\n\n<p>Informationen&nbsp; zur Ausleihe, Datenbanken und Katalogen <abbr title=\"et cetera\">etc.<\/abbr> sowie zu Ansprechpartner*innen und Sprechzeiten finden Sie auf der Seite der <a href=\"https:\/\/ub.hsu-hh.de\/\" rel='nofollow'>Bibliothek<\/a>.<\/p>\n","protected":false},"excerpt":{"rendered":"<p>International Office Das International Office betreut nicht nur die Gaststudierenden unserer Universit\u00e4t, sondern koordiniert und pflegt auch die internationalen Beziehungen und ber\u00e4t die Studierenden der Helmut-Schmidt-Universit\u00e4t\/ Universit\u00e4t der Bundeswehr Hamburg [&hellip;]<\/p>\n","protected":false},"author":27,"featured_media":0,"parent":0,"menu_order":0,"comment_status":"closed","ping_status":"closed","template":"","meta":{"footnotes":""},"categories":[4],"tags":[],"class_list":["post-4177","page","type-page","status-publish","hentry","category-forschung"],"_links":{"self":[{"href":"https:\/\/www.hsu-hh.de\/geiso\/wp-json\/wp\/v2\/pages\/4177","targetHints":{"allow":["GET"]}}],"collection":[{"href":"https:\/\/www.hsu-hh.de\/geiso\/wp-json\/wp\/v2\/pages"}],"about":[{"href":"https:\/\/www.hsu-hh.de\/geiso\/wp-json\/wp\/v2\/types\/page"}],"author":[{"embeddable":true,"href":"https:\/\/www.hsu-hh.de\/geiso\/wp-json\/wp\/v2\/users\/27"}],"replies":[{"embeddable":true,"href":"https:\/\/www.hsu-hh.de\/geiso\/wp-json\/wp\/v2\/comments?post=4177"}],"version-history":[{"count":1,"href":"https:\/\/www.hsu-hh.de\/geiso\/wp-json\/wp\/v2\/pages\/4177\/revisions"}],"predecessor-version":[{"id":4178,"href":"https:\/\/www.hsu-hh.de\/geiso\/wp-json\/wp\/v2\/pages\/4177\/revisions\/4178"}],"wp:attachment":[{"href":"https:\/\/www.hsu-hh.de\/geiso\/wp-json\/wp\/v2\/media?parent=4177"}],"wp:term":[{"taxonomy":"category","embeddable":true,"href":"https:\/\/www.hsu-hh.de\/geiso\/wp-json\/wp\/v2\/categories?post=4177"},{"taxonomy":"post_tag","embeddable":true,"href":"https:\/\/www.hsu-hh.de\/geiso\/wp-json\/wp\/v2\/tags?post=4177"}],"curies":[{"name":"wp","href":"https:\/\/api.w.org\/{rel}","templated":true}]}}