{"id":3116,"date":"2022-07-08T11:36:42","date_gmt":"2022-07-08T09:36:42","guid":{"rendered":"https:\/\/www.hsu-hh.de\/geiso\/?page_id=3116"},"modified":"2026-04-01T11:54:54","modified_gmt":"2026-04-01T09:54:54","slug":"fakultaetsplanung","status":"publish","type":"page","link":"https:\/\/www.hsu-hh.de\/geiso\/fakultaetsplanung","title":{"rendered":"Fakult\u00e4tsplanung"},"content":{"rendered":"\n<p>Die Fakult\u00e4tplanung\/Studiengangskoordination (<a href=\"mailto:fakultaetsplanung.geiso@hsu-hh.de\" rel='nofollow'>fakultaetsplanung.geiso@hsu-hh.de<\/a>) unterst\u00fctzt die Dekanin <abbr title=\"beziehungsweise\">bzw.<\/abbr> den Dekan, ist f\u00fcr die Lehr- und Pr\u00fcfungsplanung&nbsp;zust\u00e4ndig und ist, auf Fakult\u00e4tsebene, Ansprechpartner f\u00fcr das Campus Management System (CMS).<\/p>\n\n\n\n<p>AnsprechpartnerInnen:<\/p>\n\n\n\n<p><\/p>\n\n\n\n<p>Fakult\u00e4tsplanerin<br><a href=\"https:\/\/www.hsu-hh.de\/geiso\/startseite\/te\">Eliane Tenten<\/a><br>Sprechzeiten: Nach Vereinbarung<br>In der Regel am Montag, Dienstag und Donnerstag vor Ort.<br><\/p>\n\n\n\n<p>Studiengangskoordinatorin<br><a href=\"https:\/\/www.hsu-hh.de\/geiso\/la\" data-type=\"page\" data-id=\"3101\">Valentina Dimova<\/a><br>Sprechzeiten: Mittwoch und Freitag<br><br>Informationen zur Lehrplanung, Pr\u00fcfungsplanung, Modulhandb\u00fccher finden Sie <a href=\"https:\/\/www.hsu-hh.de\/geiso\/startseite\/studierende\">hier.<\/a><\/p>\n\n\n\n<p>Hochschulangeh\u00f6rige finden weitere Informationen im Intranetbereich des <a href=\"https:\/\/intranet.hsu-hh.de\/go\/cat\/14198\" data-type=\"link\" data-id=\"https:\/\/intranet.hsu-hh.de\/go\/cat\/14198\" rel='nofollow'>Dekanatsbereichs.<\/a><\/p>\n\n\n\n<h1 class=\"wp-block-heading\"><\/h1>\n\n\n\n<p><\/p>\n\n\n\n<p><\/p>\n","protected":false},"excerpt":{"rendered":"<p>Die Fakult\u00e4tplanung\/Studiengangskoordination (fakultaetsplanung.geiso@hsu-hh.de) unterst\u00fctzt die Dekanin bzw. den Dekan, ist f\u00fcr die Lehr- und Pr\u00fcfungsplanung&nbsp;zust\u00e4ndig und ist, auf Fakult\u00e4tsebene, Ansprechpartner f\u00fcr das Campus Management System (CMS). AnsprechpartnerInnen: Fakult\u00e4tsplanerinEliane TentenSprechzeiten: Nach [&hellip;]<\/p>\n","protected":false},"author":27,"featured_media":0,"parent":0,"menu_order":0,"comment_status":"closed","ping_status":"closed","template":"","meta":{"footnotes":""},"categories":[4],"tags":[],"class_list":["post-3116","page","type-page","status-publish","hentry","category-forschung"],"_links":{"self":[{"href":"https:\/\/www.hsu-hh.de\/geiso\/wp-json\/wp\/v2\/pages\/3116","targetHints":{"allow":["GET"]}}],"collection":[{"href":"https:\/\/www.hsu-hh.de\/geiso\/wp-json\/wp\/v2\/pages"}],"about":[{"href":"https:\/\/www.hsu-hh.de\/geiso\/wp-json\/wp\/v2\/types\/page"}],"author":[{"embeddable":true,"href":"https:\/\/www.hsu-hh.de\/geiso\/wp-json\/wp\/v2\/users\/27"}],"replies":[{"embeddable":true,"href":"https:\/\/www.hsu-hh.de\/geiso\/wp-json\/wp\/v2\/comments?post=3116"}],"version-history":[{"count":26,"href":"https:\/\/www.hsu-hh.de\/geiso\/wp-json\/wp\/v2\/pages\/3116\/revisions"}],"predecessor-version":[{"id":4665,"href":"https:\/\/www.hsu-hh.de\/geiso\/wp-json\/wp\/v2\/pages\/3116\/revisions\/4665"}],"wp:attachment":[{"href":"https:\/\/www.hsu-hh.de\/geiso\/wp-json\/wp\/v2\/media?parent=3116"}],"wp:term":[{"taxonomy":"category","embeddable":true,"href":"https:\/\/www.hsu-hh.de\/geiso\/wp-json\/wp\/v2\/categories?post=3116"},{"taxonomy":"post_tag","embeddable":true,"href":"https:\/\/www.hsu-hh.de\/geiso\/wp-json\/wp\/v2\/tags?post=3116"}],"curies":[{"name":"wp","href":"https:\/\/api.w.org\/{rel}","templated":true}]}}