{"id":2701,"date":"2021-07-03T22:41:00","date_gmt":"2021-07-03T20:41:00","guid":{"rendered":"https:\/\/www.hsu-hh.de\/geiso\/?page_id=2701"},"modified":"2026-04-01T08:26:16","modified_gmt":"2026-04-01T06:26:16","slug":"deanoffice-and-deans-of-studies","status":"publish","type":"page","link":"https:\/\/www.hsu-hh.de\/geiso\/en\/deanoffice-and-deans-of-studies","title":{"rendered":"Deans&#8216; office and Deans of Studies"},"content":{"rendered":"\n<p>The Faculty of Humanities and Social Sciences is represented by the Dean and the Associate Dean.<\/p>\n\n\n\n<p><strong>Deans&#8217;office<\/strong><br>Dean: <a href=\"https:\/\/www.hsu-hh.de\/nng\/team\/payk\">Prof Dr Marcus Payk<\/a><br>Associate Dean: <a href=\"https:\/\/www.hsu-hh.de\/geiso\/startseite\/professuren\" data-type=\"page\" data-id=\"224\"><abbr title=\"Professor\">Prof.<\/abbr> <abbr title=\"Doktor\">Dr.<\/abbr> Esther Berner<\/a><\/p>\n\n\n\n<p><strong>Deans of Studies<\/strong><br>The Deans of Studies are responsible for our academic programmes and offer assistance to students.<\/p>\n\n\n\n<p><strong><em>Education and Educational Science (BA\/MA): <\/em><\/strong><br><a href=\"https:\/\/www.hsu-hh.de\/systpaed\/Team\">Prof Dr Arnd-Michael Nohl<\/a><\/p>\n\n\n\n<p><strong><em>History (BA\/MA):<\/em><\/strong> <\/p>\n\n\n\n<p><a href=\"https:\/\/www.hsu-hh.de\/histec\/pd-dr-heinrich-hartmann\">Prof Dr Heinrich Hartmann<\/a><\/p>\n\n\n\n<p><strong><em>Psychology (BSc\/MSc):<\/em><\/strong> <br><a href=\"https:\/\/www.hsu-hh.de\/diffpsych\/team\/philipp-yorck-herzberg\">Prof Dr Philipp Y. Herzberg<\/a><\/p>\n\n\n\n<p><strong>Faculty Planning <\/strong><br>The academic administration supports the Dean, coordinates courses and examinations, and answers questions relating to the campus management system.<\/p>\n\n\n\n<p>Email: <a href=\"mailto:fakultaetsplanung.geiso@hsu-hh.de\" rel='nofollow'>fakultaetsplanung.geiso@hsu-hh.de<\/a><br><a href=\"https:\/\/www.hsu-hh.de\/geiso\/startseite\/te\" data-type=\"page\" data-id=\"164\">Eliane Tenten<\/a><br><a href=\"https:\/\/www.hsu-hh.de\/geiso\/la\" data-type=\"page\" data-id=\"3101\">Valentina Dimova<\/a><br><\/p>\n\n\n\n<p><br><strong>Mailing Address: <\/strong><\/p>\n\n\n\n<p>Helmut-Schmidt-Universit\u00e4t \/Universit\u00e4t der Bundeswehr Hamburg<br>Fakult\u00e4t f\u00fcr Geistes- und Sozialwissenschaften<br>Postfach 700822<br>22008 Hamburg<\/p>\n\n\n\n<p><strong>Visitor Address: <\/strong><\/p>\n\n\n\n<p>Helmut-Schmidt-Universit\u00e4t \/Universit\u00e4t der Bundeswehr Hamburg<br>Geb\u00e4ude H1<br>Holstenhofweg 85<br>22043 Hamburg<\/p>\n\n\n\n<p><strong>How to find us<\/strong><\/p>\n\n\n\n<p>By car: coming from the A24 highway, take exit <abbr title=\"Hamburg\">HH<\/abbr>-Jenfeld, go on Schiffbeker Weg heading north (Rahlstedt), then turn left into Rodigallee, follow the signs, the campus will be on your left<\/p>\n\n\n\n<p>By train from Hamburg Hauptbahnhof: take express bus 35 (direction Rahlstedt Ost) until the stop \u201cUniversit\u00e4t der Bundeswehr\u201d; alternatively, take the subway U1 until Wandsbek Markt, then take local busses 261, 263 or 10 until \u201cUniversit\u00e4t der Bundeswehr\u201d<\/p>\n\n\n\n<p>For further information on trains and local transport, please consult:<br><a href=\"https:\/\/www.bahn.de\/p\/view\/index.shtml\" rel='nofollow'>Deutsche Bahn<\/a><br><a href=\"http:\/\/www.hvv.de\/\" rel='nofollow'>HVV<\/a><\/p>\n\n\n\n<p>By airplane: take express bus 38 (direction Rahlstedt) until Wandsbek Markt, then take local busses 261, 263 or 10 until the stop \u201cUniversit\u00e4t der Bundeswehr\u201d; for further information, see <a href=\"http:\/\/www.hamburg-airport.de\/de\/\" rel='nofollow'>Airport <\/a><\/p>\n\n\n\n<p><a href=\"http:\/\/www.taxihamburg.de\/startseite\/\" rel='nofollow'>By taxi<\/a><\/p>\n","protected":false},"excerpt":{"rendered":"<p>The Faculty of Humanities and Social Sciences is represented by the Dean and the Associate Dean. Deans&#8217;officeDean: Prof Dr Marcus PaykAssociate Dean: Prof. Dr. Esther Berner Deans of StudiesThe Deans [&hellip;]<\/p>\n","protected":false},"author":27,"featured_media":0,"parent":0,"menu_order":0,"comment_status":"closed","ping_status":"closed","template":"","meta":{"footnotes":""},"categories":[9],"tags":[],"class_list":["post-2701","page","type-page","status-publish","hentry","category-team-en"],"_links":{"self":[{"href":"https:\/\/www.hsu-hh.de\/geiso\/wp-json\/wp\/v2\/pages\/2701","targetHints":{"allow":["GET"]}}],"collection":[{"href":"https:\/\/www.hsu-hh.de\/geiso\/wp-json\/wp\/v2\/pages"}],"about":[{"href":"https:\/\/www.hsu-hh.de\/geiso\/wp-json\/wp\/v2\/types\/page"}],"author":[{"embeddable":true,"href":"https:\/\/www.hsu-hh.de\/geiso\/wp-json\/wp\/v2\/users\/27"}],"replies":[{"embeddable":true,"href":"https:\/\/www.hsu-hh.de\/geiso\/wp-json\/wp\/v2\/comments?post=2701"}],"version-history":[{"count":29,"href":"https:\/\/www.hsu-hh.de\/geiso\/wp-json\/wp\/v2\/pages\/2701\/revisions"}],"predecessor-version":[{"id":4662,"href":"https:\/\/www.hsu-hh.de\/geiso\/wp-json\/wp\/v2\/pages\/2701\/revisions\/4662"}],"wp:attachment":[{"href":"https:\/\/www.hsu-hh.de\/geiso\/wp-json\/wp\/v2\/media?parent=2701"}],"wp:term":[{"taxonomy":"category","embeddable":true,"href":"https:\/\/www.hsu-hh.de\/geiso\/wp-json\/wp\/v2\/categories?post=2701"},{"taxonomy":"post_tag","embeddable":true,"href":"https:\/\/www.hsu-hh.de\/geiso\/wp-json\/wp\/v2\/tags?post=2701"}],"curies":[{"name":"wp","href":"https:\/\/api.w.org\/{rel}","templated":true}]}}