{"id":73,"date":"2017-07-03T15:52:08","date_gmt":"2017-07-03T13:52:08","guid":{"rendered":"https:\/\/www.hsu-hh.de\/futures\/?page_id=73"},"modified":"2026-02-13T11:57:55","modified_gmt":"2026-02-13T10:57:55","slug":"startseite","status":"publish","type":"page","link":"https:\/\/www.hsu-hh.de\/futures\/de\/startseite\/","title":{"rendered":"FUTURES \u2013 Law, Democracy &amp; Transformation"},"content":{"rendered":"\n<div style=\"height:30px\" aria-hidden=\"true\" class=\"wp-block-spacer\"><\/div>\n\n\n\n<div class=\"wp-block-media-text has-media-on-the-right is-stacked-on-mobile\" style=\"grid-template-columns:auto 24%\"><div class=\"wp-block-media-text__content\">\n<p class=\"has-text-align-left\"><strong>FUTURES \u2013 Law, Democracy &amp; Transformation\u00a0<\/strong>ist eine interdisziplin\u00e4re Veranstaltungs-reihe, die sich mit zentralen Zukunftsfragen unserer Zeit auseinandersetzt. Im Fokus stehen die Themen Recht, Demokratie und gesellschaftliche Transformation. FUTURES schafft einen offenen Raum f\u00fcr Austausch, Reflexion und interdisziplin\u00e4ren Dialog. Die Veranstaltungsreihe l\u00e4dt dazu ein, \u00fcber Fachgrenzen hinweg ins Gespr\u00e4ch zu kommen und neue Impulse f\u00fcr Forschung, Lehre und gesellschaftliches Engagement zu gewinnen.<\/p>\n<\/div><figure class=\"wp-block-media-text__media\"><img loading=\"lazy\" decoding=\"async\" width=\"759\" height=\"496\" src=\"https:\/\/www.hsu-hh.de\/futures\/wp-content\/uploads\/sites\/943\/2026\/02\/Logo_Futures_HSU-Photoroom-2.png\" data-credit=\"Privat\" alt=\"\" class=\"wp-image-161 size-full\" srcset=\"https:\/\/www.hsu-hh.de\/futures\/wp-content\/uploads\/sites\/943\/2026\/02\/Logo_Futures_HSU-Photoroom-2.png 759w, https:\/\/www.hsu-hh.de\/futures\/wp-content\/uploads\/sites\/943\/2026\/02\/Logo_Futures_HSU-Photoroom-2-300x196.png 300w\" sizes=\"auto, (max-width: 759px) 100vw, 759px\" \/><\/figure><\/div>\n\n\n\n<div style=\"height:31px\" aria-hidden=\"true\" class=\"wp-block-spacer\"><\/div>\n\n\n<h2>anstehende Veranstaltungen<\/h2>\n\n<div id=\"category_content_xGlgkbPb\" class=\"hsu_category archive-page\"><\/div><div class=\"clearfix\"><\/div>","protected":false},"excerpt":{"rendered":"<p>FUTURES \u2013 Law, Democracy &amp; Transformation\u00a0ist eine interdisziplin\u00e4re Veranstaltungs-reihe, die sich mit zentralen Zukunftsfragen unserer Zeit auseinandersetzt. Im Fokus stehen die Themen Recht, Demokratie und gesellschaftliche Transformation. FUTURES schafft einen [&hellip;]<\/p>\n","protected":false},"author":26,"featured_media":0,"parent":0,"menu_order":0,"comment_status":"closed","ping_status":"closed","template":"","meta":{"_EventAllDay":false,"_EventTimezone":"","_EventStartDate":"","_EventEndDate":"","_EventStartDateUTC":"","_EventEndDateUTC":"","_EventShowMap":false,"_EventShowMapLink":false,"_EventURL":"","_EventCost":"","_EventCostDescription":"","_EventCurrencySymbol":"","_EventCurrencyCode":"","_EventCurrencyPosition":"","_EventDateTimeSeparator":"","_EventTimeRangeSeparator":"","_EventOrganizerID":[],"_EventVenueID":[],"_OrganizerEmail":"","_OrganizerPhone":"","_OrganizerWebsite":"","_VenueAddress":"","_VenueCity":"","_VenueCountry":"","_VenueProvince":"","_VenueState":"","_VenueZip":"","_VenuePhone":"","_VenueURL":"","_VenueStateProvince":"","_VenueLat":"","_VenueLng":"","_VenueShowMap":false,"_VenueShowMapLink":false,"footnotes":""},"categories":[35],"tags":[],"class_list":["post-73","page","type-page","status-publish","hentry","category-startseite"],"_links":{"self":[{"href":"https:\/\/www.hsu-hh.de\/futures\/wp-json\/wp\/v2\/pages\/73","targetHints":{"allow":["GET"]}}],"collection":[{"href":"https:\/\/www.hsu-hh.de\/futures\/wp-json\/wp\/v2\/pages"}],"about":[{"href":"https:\/\/www.hsu-hh.de\/futures\/wp-json\/wp\/v2\/types\/page"}],"author":[{"embeddable":true,"href":"https:\/\/www.hsu-hh.de\/futures\/wp-json\/wp\/v2\/users\/26"}],"replies":[{"embeddable":true,"href":"https:\/\/www.hsu-hh.de\/futures\/wp-json\/wp\/v2\/comments?post=73"}],"version-history":[{"count":42,"href":"https:\/\/www.hsu-hh.de\/futures\/wp-json\/wp\/v2\/pages\/73\/revisions"}],"predecessor-version":[{"id":270,"href":"https:\/\/www.hsu-hh.de\/futures\/wp-json\/wp\/v2\/pages\/73\/revisions\/270"}],"wp:attachment":[{"href":"https:\/\/www.hsu-hh.de\/futures\/wp-json\/wp\/v2\/media?parent=73"}],"wp:term":[{"taxonomy":"category","embeddable":true,"href":"https:\/\/www.hsu-hh.de\/futures\/wp-json\/wp\/v2\/categories?post=73"},{"taxonomy":"post_tag","embeddable":true,"href":"https:\/\/www.hsu-hh.de\/futures\/wp-json\/wp\/v2\/tags?post=73"}],"curies":[{"name":"wp","href":"https:\/\/api.w.org\/{rel}","templated":true}]}}