{"id":106,"date":"2018-01-17T14:05:25","date_gmt":"2018-01-17T13:05:25","guid":{"rendered":"https:\/\/www.hsu-hh.de\/futures\/?page_id=106"},"modified":"2026-04-22T21:52:22","modified_gmt":"2026-04-22T19:52:22","slug":"tem","status":"publish","type":"page","link":"https:\/\/www.hsu-hh.de\/futures\/de\/tem\/","title":{"rendered":"Team"},"content":{"rendered":"\n<div style=\"height:30px\" aria-hidden=\"true\" class=\"wp-block-spacer\"><\/div>\n\n\n\n<div class=\"wp-block-columns is-layout-flex wp-container-core-columns-is-layout-9d6595d7 wp-block-columns-is-layout-flex\">\n<div class=\"wp-block-column is-layout-flow wp-block-column-is-layout-flow\">\n<p><strong> <abbr title=\"Universit\u00e4tsprofessor\">Univ.-Prof.<\/abbr> <abbr title=\"Doktor\">Dr.<\/abbr> Sigrid Boysen<\/strong><br \/>Inhaberin der Professur Professur f\u00fcr \u00d6ffentliches Recht, insbesondere V\u00f6lkerrecht und Europarecht<\/p>\n<p><strong>E-Mail<\/strong>: <a href=\"mailto:boysen@hsu-hh.de\" rel='nofollow'>boysen@hsu-hh.de<\/a><\/p>\n<p><a href=\"https:\/\/www.hsu-hh.de\/voelkerrecht\/\">Link zur Professur-Homepage<\/a><\/p>\n<\/div>\n\n\n\n<div class=\"wp-block-column is-layout-flow wp-block-column-is-layout-flow\">\n<figure class=\"wp-block-image size-large is-resized\"><img loading=\"lazy\" decoding=\"async\" width=\"799\" height=\"1024\" src=\"https:\/\/www.hsu-hh.de\/futures\/wp-content\/uploads\/sites\/943\/2026\/02\/Boysen-799x1024.jpeg\" data-credit=\"Privat\" alt=\"\" class=\"wp-image-238\" style=\"aspect-ratio:0.7802926097286482;width:207px;height:auto\" srcset=\"https:\/\/www.hsu-hh.de\/futures\/wp-content\/uploads\/sites\/943\/2026\/02\/Boysen-799x1024.jpeg 799w, https:\/\/www.hsu-hh.de\/futures\/wp-content\/uploads\/sites\/943\/2026\/02\/Boysen-234x300.jpeg 234w, https:\/\/www.hsu-hh.de\/futures\/wp-content\/uploads\/sites\/943\/2026\/02\/Boysen-768x985.jpeg 768w, https:\/\/www.hsu-hh.de\/futures\/wp-content\/uploads\/sites\/943\/2026\/02\/Boysen-1198x1536.jpeg 1198w, https:\/\/www.hsu-hh.de\/futures\/wp-content\/uploads\/sites\/943\/2026\/02\/Boysen-1100x1411.jpeg 1100w, https:\/\/www.hsu-hh.de\/futures\/wp-content\/uploads\/sites\/943\/2026\/02\/Boysen.jpeg 1509w\" sizes=\"auto, (max-width: 799px) 100vw, 799px\" \/><\/figure>\n<\/div>\n<\/div>\n\n\n\n<div style=\"height:30px\" aria-hidden=\"true\" class=\"wp-block-spacer\"><\/div>\n\n\n\n<div class=\"wp-block-columns is-layout-flex wp-container-core-columns-is-layout-9d6595d7 wp-block-columns-is-layout-flex\">\n<div class=\"wp-block-column is-layout-flow wp-block-column-is-layout-flow\">\n<p><strong> <abbr title=\"Universit\u00e4tsprofessor\">Univ.-Prof.<\/abbr>\u00a0<abbr title=\"Doktor\">Dr.<\/abbr>\u00a0Dana-Sophia Valentiner<\/strong> <br \/>Inhaberin der Professur f\u00fcr \u00d6ffentliches Recht mit einem Schwerpunkt im \u00f6ffentlichen Wirtschaftsrecht und Recht der Transformation<\/p>\n<p><strong>E-Mail<\/strong>: <a href=\"mailto:dana.valentiner@hsu.hamburg\" rel='nofollow'>dana.valentiner@hsu.hamburg<\/a><\/p>\n<p><a href=\"https:\/\/www.hsu-hh.de\/rdt\/de\/startseite\/\">Link zur Professur-Homepage<\/a><\/p>\n<\/div>\n\n\n\n<div class=\"wp-block-column is-layout-flow wp-block-column-is-layout-flow\">\n<figure class=\"wp-block-image size-large is-resized\"><img loading=\"lazy\" decoding=\"async\" width=\"1024\" height=\"819\" src=\"https:\/\/www.hsu-hh.de\/futures\/wp-content\/uploads\/sites\/943\/2026\/04\/DSC05546-Kopie-1024x819.jpeg\" data-credit=\"Gelhausen\/HSU\/UniBwH\" alt=\"\" class=\"wp-image-275\" style=\"aspect-ratio:1.2503281973329647;width:270px;height:auto\" srcset=\"https:\/\/www.hsu-hh.de\/futures\/wp-content\/uploads\/sites\/943\/2026\/04\/DSC05546-Kopie-1024x819.jpeg 1024w, https:\/\/www.hsu-hh.de\/futures\/wp-content\/uploads\/sites\/943\/2026\/04\/DSC05546-Kopie-300x240.jpeg 300w, https:\/\/www.hsu-hh.de\/futures\/wp-content\/uploads\/sites\/943\/2026\/04\/DSC05546-Kopie-768x614.jpeg 768w, https:\/\/www.hsu-hh.de\/futures\/wp-content\/uploads\/sites\/943\/2026\/04\/DSC05546-Kopie-1536x1229.jpeg 1536w, https:\/\/www.hsu-hh.de\/futures\/wp-content\/uploads\/sites\/943\/2026\/04\/DSC05546-Kopie-2048x1638.jpeg 2048w, https:\/\/www.hsu-hh.de\/futures\/wp-content\/uploads\/sites\/943\/2026\/04\/DSC05546-Kopie-1100x880.jpeg 1100w\" sizes=\"auto, (max-width: 1024px) 100vw, 1024px\" \/><\/figure>\n<\/div>\n<\/div>\n\n\n\n<p><\/p>\n","protected":false},"excerpt":{"rendered":"<p>Univ.-Prof. Dr. Sigrid BoysenInhaberin der Professur Professur f\u00fcr \u00d6ffentliches Recht, insbesondere V\u00f6lkerrecht und Europarecht E-Mail: boysen@hsu-hh.de Link zur Professur-Homepage Univ.-Prof.\u00a0Dr.\u00a0Dana-Sophia Valentiner Inhaberin der Professur f\u00fcr \u00d6ffentliches Recht mit einem Schwerpunkt [&hellip;]<\/p>\n","protected":false},"author":26,"featured_media":0,"parent":0,"menu_order":0,"comment_status":"closed","ping_status":"closed","template":"","meta":{"_EventAllDay":false,"_EventTimezone":"","_EventStartDate":"","_EventEndDate":"","_EventStartDateUTC":"","_EventEndDateUTC":"","_EventShowMap":false,"_EventShowMapLink":false,"_EventURL":"","_EventCost":"","_EventCostDescription":"","_EventCurrencySymbol":"","_EventCurrencyCode":"","_EventCurrencyPosition":"","_EventDateTimeSeparator":"","_EventTimeRangeSeparator":"","_EventOrganizerID":[],"_EventVenueID":[],"_OrganizerEmail":"","_OrganizerPhone":"","_OrganizerWebsite":"","_VenueAddress":"","_VenueCity":"","_VenueCountry":"","_VenueProvince":"","_VenueState":"","_VenueZip":"","_VenuePhone":"","_VenueURL":"","_VenueStateProvince":"","_VenueLat":"","_VenueLng":"","_VenueShowMap":false,"_VenueShowMapLink":false,"footnotes":""},"categories":[8],"tags":[],"class_list":["post-106","page","type-page","status-publish","hentry","category-team"],"_links":{"self":[{"href":"https:\/\/www.hsu-hh.de\/futures\/wp-json\/wp\/v2\/pages\/106","targetHints":{"allow":["GET"]}}],"collection":[{"href":"https:\/\/www.hsu-hh.de\/futures\/wp-json\/wp\/v2\/pages"}],"about":[{"href":"https:\/\/www.hsu-hh.de\/futures\/wp-json\/wp\/v2\/types\/page"}],"author":[{"embeddable":true,"href":"https:\/\/www.hsu-hh.de\/futures\/wp-json\/wp\/v2\/users\/26"}],"replies":[{"embeddable":true,"href":"https:\/\/www.hsu-hh.de\/futures\/wp-json\/wp\/v2\/comments?post=106"}],"version-history":[{"count":19,"href":"https:\/\/www.hsu-hh.de\/futures\/wp-json\/wp\/v2\/pages\/106\/revisions"}],"predecessor-version":[{"id":276,"href":"https:\/\/www.hsu-hh.de\/futures\/wp-json\/wp\/v2\/pages\/106\/revisions\/276"}],"wp:attachment":[{"href":"https:\/\/www.hsu-hh.de\/futures\/wp-json\/wp\/v2\/media?parent=106"}],"wp:term":[{"taxonomy":"category","embeddable":true,"href":"https:\/\/www.hsu-hh.de\/futures\/wp-json\/wp\/v2\/categories?post=106"},{"taxonomy":"post_tag","embeddable":true,"href":"https:\/\/www.hsu-hh.de\/futures\/wp-json\/wp\/v2\/tags?post=106"}],"curies":[{"name":"wp","href":"https:\/\/api.w.org\/{rel}","templated":true}]}}