{"id":9,"date":"2016-06-07T18:09:30","date_gmt":"2016-06-07T16:09:30","guid":{"rendered":"https:\/\/webbox.hsu-hh.de\/vorlage\/?page_id=9"},"modified":"2023-03-16T09:13:19","modified_gmt":"2023-03-16T08:13:19","slug":"impressum","status":"publish","type":"page","link":"https:\/\/www.hsu-hh.de\/fuf\/impressum","title":{"rendered":"Impressum"},"content":{"rendered":"<h2>Angaben gem. \u00a7 5 Telemediengesetz<\/h2>\n<h3><strong>Herausgeber<\/strong><\/h3>\n<p>Freunde und F\u00f6rderer der Helmut-Schmidt-Universit\u00e4t\/Universit\u00e4t der Bundeswehr Hamburg e.V.<br \/>\nDer Vorstand<br \/>\nHolstenhofweg 85<br \/>\n22043 Hamburg<\/p>\n<h3>Verantwortlich f\u00fcr den Inhalt gem\u00e4\u00df \u00a7 7 Telemediengesetz<\/h3>\n<p>Freunde und F\u00f6rderer der Helmut-Schmidt-Universit\u00e4t\/Universit\u00e4t der Bundeswehr Hamburg e.V.<br \/>\nGesch\u00e4ftsf\u00fchrer<br \/>\n<abbr title=\"Professor\">Prof.<\/abbr> <abbr title=\"Doktor\">Dr.<\/abbr> Klaus Beckmann<\/p>\n<p><strong>Telefon<\/strong><br \/>\n(040) 6541-2700<\/p>\n<p><strong>Telefax<\/strong><br \/>\n(040) 6541-2702<\/p>\n<p><strong>E-Mail<\/strong><br \/>\n<a href=\"mailto:freunde.foerderer@hsu-hh.de\" rel='nofollow'>freunde.foerderer@hsu-hh.de<\/a><\/p>\n","protected":false},"excerpt":{"rendered":"<p>Angaben gem. \u00a7 5 Telemediengesetz Herausgeber Freunde und F\u00f6rderer der Helmut-Schmidt-Universit\u00e4t\/Universit\u00e4t der Bundeswehr Hamburg e.V. Der Vorstand Holstenhofweg 85 22043 Hamburg Verantwortlich f\u00fcr den Inhalt gem\u00e4\u00df \u00a7 7 Telemediengesetz Freunde [&hellip;]<\/p>\n","protected":false},"author":1,"featured_media":0,"parent":0,"menu_order":0,"comment_status":"closed","ping_status":"closed","template":"","meta":{"footnotes":""},"categories":[4],"tags":[],"class_list":["post-9","page","type-page","status-publish","hentry","category-download"],"_links":{"self":[{"href":"https:\/\/www.hsu-hh.de\/fuf\/wp-json\/wp\/v2\/pages\/9","targetHints":{"allow":["GET"]}}],"collection":[{"href":"https:\/\/www.hsu-hh.de\/fuf\/wp-json\/wp\/v2\/pages"}],"about":[{"href":"https:\/\/www.hsu-hh.de\/fuf\/wp-json\/wp\/v2\/types\/page"}],"author":[{"embeddable":true,"href":"https:\/\/www.hsu-hh.de\/fuf\/wp-json\/wp\/v2\/users\/1"}],"replies":[{"embeddable":true,"href":"https:\/\/www.hsu-hh.de\/fuf\/wp-json\/wp\/v2\/comments?post=9"}],"version-history":[{"count":3,"href":"https:\/\/www.hsu-hh.de\/fuf\/wp-json\/wp\/v2\/pages\/9\/revisions"}],"predecessor-version":[{"id":309,"href":"https:\/\/www.hsu-hh.de\/fuf\/wp-json\/wp\/v2\/pages\/9\/revisions\/309"}],"wp:attachment":[{"href":"https:\/\/www.hsu-hh.de\/fuf\/wp-json\/wp\/v2\/media?parent=9"}],"wp:term":[{"taxonomy":"category","embeddable":true,"href":"https:\/\/www.hsu-hh.de\/fuf\/wp-json\/wp\/v2\/categories?post=9"},{"taxonomy":"post_tag","embeddable":true,"href":"https:\/\/www.hsu-hh.de\/fuf\/wp-json\/wp\/v2\/tags?post=9"}],"curies":[{"name":"wp","href":"https:\/\/api.w.org\/{rel}","templated":true}]}}