{"id":166,"date":"2017-10-27T15:49:32","date_gmt":"2017-10-27T13:49:32","guid":{"rendered":"https:\/\/www.hsu-hh.de\/fuf\/?page_id=166"},"modified":"2023-03-16T13:31:59","modified_gmt":"2023-03-16T12:31:59","slug":"download","status":"publish","type":"page","link":"https:\/\/www.hsu-hh.de\/fuf\/download","title":{"rendered":"Download"},"content":{"rendered":"<div class=\"col-xs-12 downloads-item\">\n<div class=\"row border-line\">\n<div class=\"thumbnail-area\"><img decoding=\"async\" class=\"download-image\" src=\"\/wp-content\/themes\/hsu\/img\/dummy\/downloads_dummy.png\" alt=\"\" \/><\/div>\n<div class=\"text-area\"><span class=\"download-text\">Aufnahmeantrag f\u00fcr Einzelpersonen (mit Einzugserm\u00e4chtigung)<br \/>\n<\/span><\/div>\n<div class=\"download-area\"><a class=\"download-link\" href=\"https:\/\/www.hsu-hh.de\/fuf\/wp-content\/uploads\/sites\/750\/2018\/11\/Aufnah_EP_mit_Einzugser.pdf\"><span class=\"download-name\">pdf laden<\/span><span class=\"donwload-icon\"><img decoding=\"async\" class=\"download-icon\" src=\"\/wp-content\/themes\/hsu\/img\/icons\/download_icon.png\" alt=\"download icon\" \/><\/span><span class=\"download-size\">303 KB<\/span><\/a><\/div>\n<\/div>\n<\/div>\n<div class=\"col-xs-12 downloads-item\">\n<div class=\"row border-line\">\n<div class=\"thumbnail-area\"><img decoding=\"async\" class=\"download-image\" src=\"\/wp-content\/themes\/hsu\/img\/dummy\/downloads_dummy.png\" alt=\"\" \/><\/div>\n<div class=\"text-area\"><span class=\"download-text\">Aufnahmeantrag f\u00fcr Unternehmen und K\u00f6rperschaften (mit Einzugserm\u00e4chtigung)<br \/>\n<\/span><\/div>\n<div class=\"download-area\"><a class=\"download-link\" href=\"https:\/\/www.hsu-hh.de\/fuf\/wp-content\/uploads\/sites\/750\/2018\/11\/Aufnah_Unt_Koerpers_mit_Einzugser.pdf\"><span class=\"download-name\">pdf laden<\/span><span class=\"donwload-icon\"><img decoding=\"async\" class=\"download-icon\" src=\"\/wp-content\/themes\/hsu\/img\/icons\/download_icon.png\" alt=\"download icon\" \/><\/span><span class=\"download-size\">164 KB<\/span><\/a><\/div>\n<\/div>\n<\/div>\n<div class=\"col-xs-12 downloads-item\">\n<div class=\"row border-line\">\n<div class=\"thumbnail-area\"><img decoding=\"async\" class=\"download-image\" src=\"\/wp-content\/themes\/hsu\/img\/dummy\/downloads_dummy.png\" alt=\"\" \/><\/div>\n<div class=\"text-area\"><span class=\"download-text\">Wissenschaftspreis Bewerbung<\/span><\/div>\n<div class=\"download-area\"><a class=\"download-link\" href=\"https:\/\/www.hsu-hh.de\/fuf\/wp-content\/uploads\/sites\/750\/2021\/11\/Wissenschaftspreis_Bewerbung.docx\"><span class=\"download-name\">vnd.openxmlformats-officedocument.wordprocessingml.document laden<\/span><span class=\"donwload-icon\"><img decoding=\"async\" class=\"download-icon\" src=\"\/wp-content\/themes\/hsu\/img\/icons\/download_icon.png\" alt=\"download icon\" \/><\/span><span class=\"download-size\">17 kB<\/span><\/a><\/div>\n<\/div>\n<\/div>\n<div class=\"col-xs-12 downloads-item\">\n<div class=\"row border-line\">\n<div class=\"thumbnail-area\"><img decoding=\"async\" class=\"download-image\" src=\"\/wp-content\/themes\/hsu\/img\/dummy\/downloads_dummy.png\" alt=\"\" \/><\/div>\n<div class=\"text-area\"><span class=\"download-text\">Satzung des Vereins der Freunde und F\u00f6rderer der Helmut-Schmidt-Universit\u00e4t<\/span><\/div>\n<div class=\"download-area\"><a class=\"download-link\" href=\"https:\/\/www.hsu-hh.de\/fuf\/wp-content\/uploads\/sites\/750\/2023\/03\/Satzung-des-Vereins-der-Freunde-und-Foerderer-der-Helmut-Schmidt-Universitaet.pdf\"><span class=\"download-name\">pdf laden<\/span><span class=\"donwload-icon\"><img decoding=\"async\" class=\"download-icon\" src=\"\/wp-content\/themes\/hsu\/img\/icons\/download_icon.png\" alt=\"download icon\" \/><\/span><span class=\"download-size\">331 kB<\/span><\/a><\/div>\n<\/div>\n<\/div>\n","protected":false},"excerpt":{"rendered":"<p>Aufnahmeantrag f\u00fcr Einzelpersonen (mit Einzugserm\u00e4chtigung) pdf laden303 KB Aufnahmeantrag f\u00fcr Unternehmen und K\u00f6rperschaften (mit Einzugserm\u00e4chtigung) pdf laden164 KB Wissenschaftspreis Bewerbung vnd.openxmlformats-officedocument.wordprocessingml.document laden17 kB Satzung des Vereins der Freunde und F\u00f6rderer [&hellip;]<\/p>\n","protected":false},"author":22,"featured_media":0,"parent":0,"menu_order":0,"comment_status":"closed","ping_status":"closed","template":"","meta":{"footnotes":""},"categories":[4],"tags":[],"class_list":["post-166","page","type-page","status-publish","hentry","category-download"],"_links":{"self":[{"href":"https:\/\/www.hsu-hh.de\/fuf\/wp-json\/wp\/v2\/pages\/166","targetHints":{"allow":["GET"]}}],"collection":[{"href":"https:\/\/www.hsu-hh.de\/fuf\/wp-json\/wp\/v2\/pages"}],"about":[{"href":"https:\/\/www.hsu-hh.de\/fuf\/wp-json\/wp\/v2\/types\/page"}],"author":[{"embeddable":true,"href":"https:\/\/www.hsu-hh.de\/fuf\/wp-json\/wp\/v2\/users\/22"}],"replies":[{"embeddable":true,"href":"https:\/\/www.hsu-hh.de\/fuf\/wp-json\/wp\/v2\/comments?post=166"}],"version-history":[{"count":11,"href":"https:\/\/www.hsu-hh.de\/fuf\/wp-json\/wp\/v2\/pages\/166\/revisions"}],"predecessor-version":[{"id":315,"href":"https:\/\/www.hsu-hh.de\/fuf\/wp-json\/wp\/v2\/pages\/166\/revisions\/315"}],"wp:attachment":[{"href":"https:\/\/www.hsu-hh.de\/fuf\/wp-json\/wp\/v2\/media?parent=166"}],"wp:term":[{"taxonomy":"category","embeddable":true,"href":"https:\/\/www.hsu-hh.de\/fuf\/wp-json\/wp\/v2\/categories?post=166"},{"taxonomy":"post_tag","embeddable":true,"href":"https:\/\/www.hsu-hh.de\/fuf\/wp-json\/wp\/v2\/tags?post=166"}],"curies":[{"name":"wp","href":"https:\/\/api.w.org\/{rel}","templated":true}]}}