{"id":2856,"date":"2026-01-14T12:00:00","date_gmt":"2026-01-14T11:00:00","guid":{"rendered":"https:\/\/www.hsu-hh.de\/forschung\/?page_id=2856"},"modified":"2026-01-14T13:24:06","modified_gmt":"2026-01-14T12:24:06","slug":"luftfahrtforschung","status":"publish","type":"page","link":"https:\/\/www.hsu-hh.de\/forschung\/luftfahrtforschung","title":{"rendered":"Luftfahrtforschung"},"content":{"rendered":"\n<p class=\"has-text-align-left\">Durch die breite ingenieurwissenschaftliche Kompetenz der&nbsp;<abbr title=\"Helmut Schmidt Universit\u00e4t\">HSU<\/abbr>&nbsp;in den Themenfeldern der Elektrotechnik und des Maschinenbaus k\u00f6nnen auch gr\u00f6\u00dfere Verbundprojekte fachlich sehr gut abgedeckt werden. Das Forschungscluster \u201eLuftfahrtforschung\u201c stellt die universit\u00e4re Schnittstelle zu den Luftfahrtunternehmen Airbus Operations&nbsp;<abbr title=\"Gesellschaft mit beschr\u00e4nkter Haftung\">GmbH<\/abbr>&nbsp;und Lufthansa Technik AG sowie zum&nbsp;<a href=\"http:\/\/www.zal.aero\/\" rel='nofollow'>Zentrum f\u00fcr Angewandte Luftfahrtforschung<\/a>&nbsp;(ZAL) und der&nbsp;<a href=\"http:\/\/www.hamburg-aviation.de\/start.html\" rel='nofollow'>Hamburg Aviation<\/a>&nbsp;dar. \u00dcber das Forschungscluster \u201eLuftfahrtforschung\u201c erfolgt ein kontinuierlicher fachlicher Austausch mit Industrieunternehmen sowie nationalen und internationalen Luftfahrtforschungseinrichtungen.<\/p>\n\n\n\n<h3 class=\"wp-block-heading\">\u00dcberblick<\/h3>\n\n\n\n<p>Der Forschungsschwerpunkt \u201eLuftfahrtforschung\u201c der Helmut-Schmidt-Universit\u00e4t \/ Universit\u00e4t der Bundeswehr Hamburg bringt als zuverl\u00e4ssiger Partner der Luftfahrtindustrie seine ingenieurwissenschaftlichen Kompetenzen f\u00fcr innovative Probleml\u00f6sungen ein. Als Alleinstellungsmerkmale sind das hohe Fachwissen der beteiligten Wissenschaftler, deren hervorragend vernetzte wissenschaftliche Arbeitsweise sowie die ausgezeichnete Laborausstattung mit hochwertigen Pr\u00fcf- und Messst\u00e4nden zu nennen. Beispiele daf\u00fcr sind die neu errichtete A400M-Kabinentest-Laborhalle sowie verschiedene Labortestst\u00e4nde zur Untersuchung von Flugzeugbordnetzen.<\/p>\n\n\n<div class=\"wp-block-image\">\n<figure class=\"aligncenter\"><img decoding=\"async\" src=\"https:\/\/www.hsu-hh.de\/ees\/wp-content\/uploads\/sites\/680\/2018\/02\/Airbus-300x300.jpg\" alt=\"Airbus\" class=\"wp-image-1036\"\/><\/figure>\n<\/div>\n\n\n<p>Die Helmut-Schmidt-Universit\u00e4t ist Gesellschafter von Hamburg Aviation und der ZAL&nbsp;<abbr title=\"Gesellschaft mit beschr\u00e4nkter Haftung\">GmbH<\/abbr>.&nbsp; Das Forschungscluster \u201eLuftfahrtforschung\u201c ist aktiver strategischer Partner dieser Einrichtungen. Wir kooperieren in Forschungsprojekten mit nationalen und internationalen Wissenschaftspartnern sowie der Luftfahrtindustrie, insbesondere der Airbus&nbsp;<abbr title=\"Gesellschaft mit beschr\u00e4nkter Haftung\">GmbH<\/abbr>, der Lufthansa Technik AG und weiteren Unternehmen der Luftfahrtbranche.<\/p>\n\n\n\n<p>Im vom&nbsp;<abbr title=\"Bundesministerium f\u00fcr Bildung und Forschung\">BMBF<\/abbr>&nbsp;und der Stadt Hamburg gef\u00f6rderten \u201eSpitzencluster Luftfahrt\u201c konnten die beteiligten Wissenschaftler wertvolle Beitr\u00e4ge im Bereich der multifunktionalen Nutzung von Brennstoffzellen in Passagierflugzeugen, der Optimierung zuk\u00fcnftiger Produktionsabl\u00e4ufe, f\u00fcr verbesserte Flugzeug-Akustik und f\u00fcr das Design zuk\u00fcnftiger Bordnetze liefern. Im Folgenden werden die Kompetenzen der beteiligten Professuren im Detail vorgestellt.<\/p>\n\n\n\n<h3 class=\"wp-block-heading\">Projekte<\/h3>\n\n\n\n<p>Am interdisziplin\u00e4ren Forschungscluster \u201eLuftfahrtforschung\u201c arbeiten drei Fakult\u00e4ten der Helmut-Schmidt-Universit\u00e4t zusammen. Die folgende Liste zeigt eine \u00dcbersicht der bearbeiteten Luftfahrtprojekte:<\/p>\n\n\n\n<h3 class=\"wp-block-heading\">Spitzencluster Luftfahrtstandort Metropolregion Hamburg<\/h3>\n\n\n\n<ul class=\"wp-block-list\">\n<li>Ganzheitliche Echtzeittestumgebung zur Vermessung und Regelung der Akustik in Flugzeugkabinen<br><abbr title=\"Professor\">Prof.<\/abbr>\u00a0<abbr title=\"Doktor\">Dr.<\/abbr>\u2013<abbr title=\"Ingenieur\">Ing.<\/abbr>\u00a0D. Sachau (Mechatronik, Fakult\u00e4t f\u00fcr Maschinenbau)<\/li>\n\n\n\n<li>Entschichten von Bauteilen<br>Kooperationspartner: Lufthansa Technik<br><abbr title=\"Professor\">Prof.<\/abbr>\u00a0<abbr title=\"Doktor\">Dr.<\/abbr>\u2013<abbr title=\"Ingenieur\">Ing.<\/abbr>\u00a0A. Fay (Automatisierungstechnik, Fakult\u00e4t f\u00fcr Maschinenbau)<\/li>\n<\/ul>\n\n\n\n<h3 class=\"wp-block-heading\">Kabinentechnologie und multifunktionale Brennstoffzelle<\/h3>\n\n\n\n<ul class=\"wp-block-list\">\n<li>Teilprojekt \u201eAnalyse und Entwurf von modularen, hocheffizienten Umrichtern f\u00fcr Brennstoffzellenanwendung\u201c,<br>Kooperationspartner: Airbus Operations\u00a0<abbr title=\"Gesellschaft mit beschr\u00e4nkter Haftung\">GmbH<\/abbr><br><abbr title=\"Professor\">Prof.<\/abbr>\u00a0<abbr title=\"Doktor\">Dr.<\/abbr>\u2013<abbr title=\"Ingenieur\">Ing.<\/abbr>\u00a0K. F. Hoffmann (Leistungselektronik, Fakult\u00e4t f\u00fcr Elektrotechnik)<\/li>\n\n\n\n<li>Teilprojekt \u201eArchitekturkonzepte f\u00fcr die Stromversorgung in der Flugzeugkabine\u201c,<br>Kooperationspartner: Airbus Operations\u00a0\u00a0<abbr title=\"Gesellschaft mit beschr\u00e4nkter Haftung\">GmbH<\/abbr>\n<ul class=\"wp-block-list\">\n<li><a href=\"https:\/\/www.hsu-hh.de\/ees\/lff\/innovative-elektrische-flugzeugkabinennetze\">Innovative elektrische Flugzeugkabinennetze f\u00fcr eine optimierte Bordnetzversorgung<\/a><br><abbr title=\"Professor\">Prof.<\/abbr>\u00a0<abbr title=\"Doktor\">Dr.<\/abbr>\u2013<abbr title=\"Ingenieur\">Ing.<\/abbr>\u00a0<abbr title=\"habilitatus\">habil.<\/abbr>\u00a0D. Schulz (Elektrische Energiesysteme, Fakult\u00e4t f\u00fcr Elektrotechnik)<\/li>\n\n\n\n<li><a href=\"https:\/\/www.hsu-hh.de\/ees\/lff\/optimierte-kabinenenergieversorgung\">Optimierte Kabinenenergieversorgung in modernen Verkehrsflugzeugen durch den Einsatz h\u00f6herer Gleichspannungsebenen<\/a><br><abbr title=\"Professor\">Prof.<\/abbr>\u00a0<abbr title=\"Doktor\">Dr.<\/abbr>\u2013<abbr title=\"Ingenieur\">Ing.<\/abbr>\u00a0<abbr title=\"habilitatus\">habil.<\/abbr>\u00a0D. Schulz (Elektrische Energiesysteme, Fakult\u00e4t f\u00fcr Elektrotechnik)<\/li>\n<\/ul>\n<\/li>\n\n\n\n<li>Teilprojekt \u201eMultifunktionale Brennstoffzelle f\u00fcr Luftfahrtanwendungen\u201c<br>Kooperationspartner: Airbus Operations\u00a0<abbr title=\"Gesellschaft mit beschr\u00e4nkter Haftung\">GmbH<\/abbr><br><abbr title=\"Professor\">Prof.<\/abbr>\u00a0<abbr title=\"Doktor\">Dr.<\/abbr>\u2013<abbr title=\"Ingenieur\">Ing.<\/abbr>\u00a0J. Horn (Regelungtechnik, Fakult\u00e4t f\u00fcr Elektrotechnik)<\/li>\n\n\n\n<li>Teilprojekt \u201e<a href=\"https:\/\/www.hsu-hh.de\/ees\/lff\/konzeptanalyse-integration-von-brennstoffzellen\">Konzeptanalyse einer elektrischen Integration von Brennstoffzellen in modernen Verkehrsflugzeugen<\/a>\u201c<br>Kooperationspartner: Airbus Operations\u00a0<abbr title=\"Gesellschaft mit beschr\u00e4nkter Haftung\">GmbH<\/abbr><br><abbr title=\"Professor\">Prof.<\/abbr>\u00a0<abbr title=\"Doktor\">Dr.<\/abbr>\u2013<abbr title=\"Ingenieur\">Ing.<\/abbr>\u00a0<abbr title=\"habilitatus\">habil.<\/abbr>\u00a0D. Schulz (Elektrische Energiesysteme, Fakult\u00e4t f\u00fcr Elektrotechnik)<\/li>\n<\/ul>\n\n\n\n<h3 class=\"wp-block-heading\">Forschungsverbund:&nbsp; E-Motion<\/h3>\n\n\n\n<p>Teilprojekt \u201eFree-Flight Optimierung\u201c<br>(Planung von Flugrouten unter Ber\u00fccksichtigung von Wetter und \u00dcberflugkosten im 4D-Raum)<br>Kooperationspartner: Lufthansa Systems AG&nbsp;<abbr title=\"unter anderem\">u.a.<\/abbr><br><abbr title=\"Professor\">Prof.<\/abbr>&nbsp;<abbr title=\"Doktor\">Dr.<\/abbr>&nbsp;A. F\u00fcgenschuh (Angewandte Mathematik, Fakult\u00e4t f\u00fcr Maschinenbau)<\/p>\n\n\n\n<h3 class=\"wp-block-heading\">DFG-Gemeinschaftsprojekt:&nbsp; Integrierte Bauteil\u00fcberwachung in Faserverbunden durch Lambwellenanalyse<\/h3>\n\n\n\n<p>Teilprojekt \u201eModellierung der Ausbreitung von Lambwellen in Faserverbundkonstruktionen und Untersuchungen an generischen Sch\u00e4den\u201c<br>Kooperationspartner:&nbsp;Lufthansa Technik, EADS-Innovation Work und Novicos<br><abbr title=\"Professor\">Prof.<\/abbr>&nbsp;<abbr title=\"Doktor\">Dr.<\/abbr>\u2013<abbr title=\"Ingenieur\">Ing.<\/abbr>&nbsp;R. Lammering (Mechanik, Fakult\u00e4t f\u00fcr Maschinenbau)<\/p>\n\n\n\n<h3 class=\"wp-block-heading\">Intelligente Schaltungsknoten zur Lastsymmetrierung im Bordnetz von Verkehrsflugzeugen (ACAPONE)<\/h3>\n\n\n\n<p><a href=\"https:\/\/www.hsu-hh.de\/ees\/lff\/intelligente-schaltungsknoten-zur-lastsymmetrierung\">Intelligente Schaltungsknoten zur Lastsymmetrierung im Bordnetz von Verkehrsflugzeugen (ACAPONE)<\/a><br>Kooperationspartner: EADS \/ Airbus Operations&nbsp;&nbsp;<abbr title=\"Gesellschaft mit beschr\u00e4nkter Haftung\">GmbH<\/abbr><br><abbr title=\"Professor\">Prof.<\/abbr>&nbsp;<abbr title=\"Doktor\">Dr.<\/abbr>\u2013<abbr title=\"Ingenieur\">Ing.<\/abbr>&nbsp;<abbr title=\"habilitatus\">habil.<\/abbr>&nbsp;D. Schulz (Elektrische Energiesysteme, Fakult\u00e4t f\u00fcr Elektrotechnik)<\/p>\n\n\n\n<h3 class=\"wp-block-heading\">Audio Interior f\u00fcr Kleinflugzeuge<\/h3>\n\n\n\n<p><abbr title=\"Professor\">Prof.<\/abbr>&nbsp;<abbr title=\"Doktor\">Dr.<\/abbr>\u2013<abbr title=\"Ingenieur\">Ing.<\/abbr>&nbsp;D. Sachau (Mechatronik, Fakult\u00e4t f\u00fcr Maschinenbau)<\/p>\n\n\n\n<h3 class=\"wp-block-heading\">Entwicklung einer flexiblen Stromversorgungsarchitektur mit intelligenten Schaltungsknoten f\u00fcr die Flugzeugkabine<\/h3>\n\n\n\n<p><a href=\"https:\/\/www.hsu-hh.de\/ees\/lff\/flexible-stromversorgungsarchitektur\">Entwicklung einer flexiblen Stromversorgungsarchitektur mit intelligenten Schaltungsknoten f\u00fcr die Flugzeugkabine (FlexKab)<\/a><br>Kooperationspartner: EADS \/ Airbus Operations&nbsp;<abbr title=\"Gesellschaft mit beschr\u00e4nkter Haftung\">GmbH<\/abbr><br><abbr title=\"Professor\">Prof.<\/abbr>&nbsp;<abbr title=\"Doktor\">Dr.<\/abbr>\u2013<abbr title=\"Ingenieur\">Ing.<\/abbr>&nbsp;<abbr title=\"habilitatus\">habil.<\/abbr>&nbsp;D. Schulz (Elektrische Energiesysteme, Fakult\u00e4t f\u00fcr Elektrotechnik)<\/p>\n\n\n\n<h3 class=\"wp-block-heading\">Entwicklung einer Secondary Power Distribution Box<\/h3>\n\n\n\n<p><a href=\"https:\/\/www.hsu-hh.de\/ees\/lff\/entwicklung-einer-secondary-power-distribution-box\">Entwicklung einer Secondary Power Distribution Box<\/a><br>Kooperationspartner: Airbus Operations&nbsp;<abbr title=\"Gesellschaft mit beschr\u00e4nkter Haftung\">GmbH<\/abbr><br><abbr title=\"Professor\">Prof.<\/abbr>&nbsp;<abbr title=\"Doktor\">Dr.<\/abbr>\u2013<abbr title=\"Ingenieur\">Ing.<\/abbr>&nbsp;<abbr title=\"habilitatus\">habil.<\/abbr>&nbsp;D. Schulz (Elektrische Energiesysteme, Fakult\u00e4t f\u00fcr Elektrotechnik)<\/p>\n\n\n\n<h3 class=\"wp-block-heading\">Pr\u00fcfstand f\u00fcr PEM-Brennstoffzellen<\/h3>\n\n\n\n<p><abbr title=\"Professor\">Prof.<\/abbr>&nbsp;<abbr title=\"Doktor\">Dr.<\/abbr>\u2013<abbr title=\"Ingenieur\">Ing.<\/abbr>&nbsp;J. Horn (Regelungstechnik, Fakult\u00e4t f\u00fcr Elektrotechnik)<\/p>\n\n\n\n<h3 class=\"wp-block-heading\">Leistungselektronik f\u00fcr Brennstoffzellen<\/h3>\n\n\n\n<p>Kooperationspartner: Airbus Operations&nbsp;<abbr title=\"Gesellschaft mit beschr\u00e4nkter Haftung\">GmbH<\/abbr><br><abbr title=\"Professor\">Prof.<\/abbr>&nbsp;<abbr title=\"Doktor\">Dr.<\/abbr>\u2013<abbr title=\"Ingenieur\">Ing.<\/abbr>&nbsp;K. F. Hoffmann (Leistungselektronik, Fakult\u00e4t f\u00fcr&nbsp;Elektrotechnik)<\/p>\n\n\n\n<h3 class=\"wp-block-heading\">Entwicklung eines Pr\u00fcfstands f\u00fcr die zuk\u00fcnftige elektrische Kabinenenergieversorgung in Flugzeugen<\/h3>\n\n\n\n<p><a href=\"https:\/\/www.hsu-hh.de\/ees\/lff\/pruefstand-fuer-zukuenftige-elektrische-kabinenenergieversorgung\">Entwicklung eines Pr\u00fcfstands f\u00fcr die zuk\u00fcnftige elektrische Kabinenenergieversorgung in Flugzeugen<\/a><br>Kooperationspartner: Airbus Operations&nbsp;<abbr title=\"Gesellschaft mit beschr\u00e4nkter Haftung\">GmbH<\/abbr><br><abbr title=\"Professor\">Prof.<\/abbr>&nbsp;<abbr title=\"Doktor\">Dr.<\/abbr>\u2013<abbr title=\"Ingenieur\">Ing.<\/abbr>&nbsp;<abbr title=\"habilitatus\">habil.<\/abbr>&nbsp;D. Schulz (Elektrische Energiesysteme, Fakult\u00e4t f\u00fcr Elektrotechnik)<\/p>\n\n\n\n<h3 class=\"wp-block-heading\">Entwicklung eines Demonstrators f\u00fcr Lastmanagement-Systeme<\/h3>\n\n\n\n<p><a href=\"https:\/\/www.hsu-hh.de\/ees\/lff\/demonstrator-fuer-lastmanagement-systeme\">Entwicklung eines Demonstrators f\u00fcr Lastmanagement-Systeme<\/a><br>Kooperationspartner: Airbus Operations&nbsp;<abbr title=\"Gesellschaft mit beschr\u00e4nkter Haftung\">GmbH<\/abbr><br><abbr title=\"Professor\">Prof.<\/abbr>&nbsp;<abbr title=\"Doktor\">Dr.<\/abbr>\u2013<abbr title=\"Ingenieur\">Ing.<\/abbr>&nbsp;<abbr title=\"habilitatus\">habil.<\/abbr>&nbsp;D. Schulz (Elektrische Energiesysteme, Fakult\u00e4t f\u00fcr Elektrotechnik)<\/p>\n\n\n\n<h3 class=\"wp-block-heading\">Erstellung einer iPad-Applikation zur Demonstratorsteuerung<\/h3>\n\n\n\n<p><a href=\"https:\/\/www.hsu-hh.de\/ees\/lff\/ipad-applikation-zur-demonstratorsteuerung\">Erstellung einer iPad-Applikation zur Demonstratorsteuerung<\/a><br>Kooperationspartner: Airbus Operations&nbsp;<abbr title=\"Gesellschaft mit beschr\u00e4nkter Haftung\">GmbH<\/abbr><br><abbr title=\"Professor\">Prof.<\/abbr>&nbsp;<abbr title=\"Doktor\">Dr.<\/abbr>\u2013<abbr title=\"Ingenieur\">Ing.<\/abbr>&nbsp;<abbr title=\"habilitatus\">habil.<\/abbr>&nbsp;D. Schulz (Elektrische Energiesysteme, Fakult\u00e4t f\u00fcr Elektrotechnik)<\/p>\n\n\n\n<h3 class=\"wp-block-heading\">Messungen in intelligenten Flugzeugbordnetzen<\/h3>\n\n\n\n<p><a href=\"https:\/\/www.hsu-hh.de\/ees\/lff\/messungen-in-intelligenten-flugzeugbordnetzen\">Messungen in intelligenten Flugzeugbordnetzen<\/a><br>Kooperationspartner: Airbus Operations&nbsp;<abbr title=\"Gesellschaft mit beschr\u00e4nkter Haftung\">GmbH<\/abbr><br><abbr title=\"Professor\">Prof.<\/abbr>&nbsp;<abbr title=\"Doktor\">Dr.<\/abbr>\u2013<abbr title=\"Ingenieur\">Ing.<\/abbr>&nbsp;<abbr title=\"habilitatus\">habil.<\/abbr>&nbsp;D. Schulz (Elektrische Energiesysteme, Fakult\u00e4t f\u00fcr Elektrotechnik)<\/p>\n\n\n\n<h3 class=\"wp-block-heading\">Load Balancing<\/h3>\n\n\n\n<p><a href=\"https:\/\/www.hsu-hh.de\/ees\/lff\/load-balancing\">Load Balancing<\/a><br>Kooperationspartner: Airbus Group Innovation<br><abbr title=\"Professor\">Prof.<\/abbr>&nbsp;<abbr title=\"Doktor\">Dr.<\/abbr>\u2013<abbr title=\"Ingenieur\">Ing.<\/abbr>&nbsp;<abbr title=\"habilitatus\">habil.<\/abbr>&nbsp;D. Schulz (Elektrische Energiesysteme, Fakult\u00e4t f\u00fcr Elektrotechnik)<\/p>\n\n\n\n<h3 class=\"wp-block-heading\">Vermaschte Netze im Kabinen- und Frachtbereich<\/h3>\n\n\n\n<p><a href=\"https:\/\/www.hsu-hh.de\/ees\/lff\/vermaschte-netze-im-kabinen-und-frachtraumbereich\">Vermaschte Netze im Kabinen- und Frachtbereich<\/a><br>Kooperationspartner: Airbus Operations&nbsp;<abbr title=\"Gesellschaft mit beschr\u00e4nkter Haftung\">GmbH<\/abbr><br><abbr title=\"Professor\">Prof.<\/abbr>&nbsp;<abbr title=\"Doktor\">Dr.<\/abbr>\u2013<abbr title=\"Ingenieur\">Ing.<\/abbr>&nbsp;<abbr title=\"habilitatus\">habil.<\/abbr>&nbsp;D. Schulz (Elektrische Energiesysteme, Fakult\u00e4t f\u00fcr Elektrotechnik)<\/p>\n\n\n\n<h3 class=\"wp-block-heading\">Beteiligte Fakult\u00e4ten und Professuren<\/h3>\n\n\n\n<p>Am interdisziplin\u00e4ren Forschungscluster \u201eLuftfahrtforschung\u201c arbeiten die Fakult\u00e4ten Elektrotechnik, Maschinenbau und Wirtschafts- und Sozialwissenschaften der Helmut-Schmidt-Universit\u00e4t zusammen. Die folgenden Angaben zeigen, welche Fachgebiete der drei Fakult\u00e4ten am Forschungscluster beteiligt sind. Die Links zeigen auf die Forschungsseite der jeweiligen Professur. Eine Beschreibung der Projekte finden Sie unter dem Men\u00fcpunkt \u201eProjekte\u201c.<\/p>\n\n\n\n<h3 class=\"wp-block-heading\">Fakult\u00e4t f\u00fcr Elektrotechnik<\/h3>\n\n\n\n<ul class=\"wp-block-list\">\n<li><a href=\"https:\/\/www.hsu-hh.de\/ant\/\">Allgemeine Nachrichtentechnik<\/a><br><abbr title=\"Universit\u00e4tsprofessor\">Univ.-Prof.<\/abbr>\u00a0<abbr title=\"Doktor\">Dr.<\/abbr>\u2013<abbr title=\"Ingenieur\">Ing.<\/abbr>\u00a0<abbr title=\"habilitatus\">habil.<\/abbr>\u00a0U. Z\u00f6lzer<\/li>\n\n\n\n<li><a href=\"https:\/\/www.hsu-hh.de\/ees\/\">Elektrische Energiesysteme<\/a><br><abbr title=\"Universit\u00e4tsprofessor\">Univ.-Prof.<\/abbr>\u00a0<abbr title=\"Doktor\">Dr.<\/abbr>\u2013<abbr title=\"Ingenieur\">Ing.<\/abbr>\u00a0<abbr title=\"habilitatus\">habil.<\/abbr>\u00a0D. Schulz<\/li>\n\n\n\n<li><a href=\"https:\/\/www.hsu-hh.de\/emt\/\">Elektrische Messtechnik<\/a><br><abbr title=\"Universit\u00e4tsprofessor\">Univ.-Prof.<\/abbr>\u00a0<abbr title=\"Doktor\">Dr.<\/abbr>\u2013<abbr title=\"Ingenieur\">Ing.<\/abbr>\u00a0G. Scholl<\/li>\n\n\n\n<li><a href=\"https:\/\/www.hsu-hh.de\/get\/\">Grundlagen der Elektrotechnik<\/a><br><abbr title=\"Universit\u00e4tsprofessor\">Univ.-Prof.<\/abbr>\u00a0<abbr title=\"Doktor\">Dr.<\/abbr>\u2013<abbr title=\"Ingenieur\">Ing.<\/abbr>\u00a0S. Dickmann<\/li>\n\n\n\n<li><a href=\"https:\/\/www.hsu-hh.de\/lek\/\">Leistungselektronik<\/a><br><abbr title=\"Universit\u00e4tsprofessor\">Univ.-Prof.<\/abbr>\u00a0<abbr title=\"Doktor\">Dr.<\/abbr>\u2013<abbr title=\"Ingenieur\">Ing.<\/abbr>\u00a0K. Hoffmann<\/li>\n\n\n\n<li><a href=\"https:\/\/www.hsu-hh.de\/rt\/\">Regelungstechnik<\/a><br><abbr title=\"Universit\u00e4tsprofessor\">Univ.-Prof.<\/abbr>\u00a0<abbr title=\"Doktor\">Dr.<\/abbr>\u2013<abbr title=\"Ingenieur\">Ing.<\/abbr>\u00a0J. Horn<\/li>\n\n\n\n<li><a href=\"https:\/\/www.hsu-hh.de\/ti\/\">Technische Informatik<\/a><br><abbr title=\"Universit\u00e4tsprofessor\">Univ.-Prof.<\/abbr>\u00a0<abbr title=\"Doktor\">Dr.<\/abbr>\u00a0phil. nat.\u00a0<abbr title=\"habilitatus\">habil.<\/abbr>\u00a0B. Klauer<\/li>\n\n\n\n<li><a href=\"https:\/\/www.hsu-hh.de\/tet\/\">Theoretische Elektrotechnik und Numerische Feldberechnung<\/a><br><abbr title=\"Universit\u00e4tsprofessor\">Univ.-Prof.<\/abbr>\u00a0<abbr title=\"Doktor\">Dr.<\/abbr>\u00a0<abbr title=\"rerum\">rer.<\/abbr>\u00a0nat. M. Stiemer<\/li>\n<\/ul>\n\n\n\n<h3 class=\"wp-block-heading\">Fakult\u00e4t f\u00fcr Maschinenbau<\/h3>\n\n\n\n<ul class=\"wp-block-list\">\n<li><a href=\"https:\/\/www.hsu-hh.de\/am\/\">Angewandte Mathematik<\/a><br><abbr title=\"Universit\u00e4tsprofessor\">Univ.-Prof.<\/abbr>\u00a0<abbr title=\"Doktor\">Dr.<\/abbr>\u00a0A. F\u00fcgenschuh<\/li>\n\n\n\n<li><a href=\"https:\/\/www.hsu-hh.de\/aut\/\">Automatisierungstechnik<\/a><br><abbr title=\"Universit\u00e4tsprofessor\">Univ.-Prof.<\/abbr>\u00a0<abbr title=\"Doktor\">Dr.<\/abbr>\u2013<abbr title=\"Ingenieur\">Ing.<\/abbr>\u00a0A. Fay<\/li>\n\n\n\n<li><a href=\"https:\/\/www.hsu-hh.de\/laft\/\">Fertigungstechnik<\/a><br><abbr title=\"Universit\u00e4tsprofessor\">Univ.-Prof.<\/abbr>\u00a0<abbr title=\"Doktor\">Dr.<\/abbr>\u2013<abbr title=\"Ingenieur\">Ing.<\/abbr>\u00a0J. Wulfsberg<\/li>\n\n\n\n<li><a href=\"https:\/\/www.hsu-hh.de\/mechanik\/\">Mechanik<\/a><br><abbr title=\"Universit\u00e4tsprofessor\">Univ.-Prof.<\/abbr>\u00a0<abbr title=\"Doktor\">Dr.<\/abbr>\u2013<abbr title=\"Ingenieur\">Ing.<\/abbr>\u00a0R. Lammering<\/li>\n\n\n\n<li><a href=\"https:\/\/www.hsu-hh.de\/mechatronik\/\">Mechatronik<\/a><br><abbr title=\"Universit\u00e4tsprofessor\">Univ.-Prof.<\/abbr>\u00a0<abbr title=\"Doktor\">Dr.<\/abbr>\u2013<abbr title=\"Ingenieur\">Ing.<\/abbr>\u00a0D. Sachau<\/li>\n\n\n\n<li><a href=\"https:\/\/www.hsu-hh.de\/mit\/\">Mess- und Informationstechnik<\/a><br><abbr title=\"Universit\u00e4tsprofessor\">Univ.-Prof.<\/abbr>\u00a0<abbr title=\"Doktor\">Dr.<\/abbr>\u2013<abbr title=\"Ingenieur\">Ing.<\/abbr>\u00a0<abbr title=\"habilitatus\">habil.<\/abbr>\u00a0H. Rothe<\/li>\n\n\n\n<li><a href=\"https:\/\/www.hsu-hh.de\/separations\/\">Verfahrenstechnik insbes. Stofftrennung<\/a><br><abbr title=\"Universit\u00e4tsprofessor\">Univ.-Prof.<\/abbr>\u00a0<abbr title=\"Doktor\">Dr.<\/abbr>\u2013<abbr title=\"Ingenieur\">Ing.<\/abbr>\u00a0B. Niemeyer<\/li>\n<\/ul>\n\n\n\n<h3 class=\"wp-block-heading\">Fakult\u00e4t f\u00fcr Wirtschafts- und Sozialwissenschaften<\/h3>\n\n\n\n<ul class=\"wp-block-list\">\n<li><a href=\"https:\/\/www.hsu-hh.de\/orga\/\">Betriebswirtschaftslehre, insbesondere Organisationstheorie<\/a><br><abbr title=\"Universit\u00e4tsprofessor\">Univ.-Prof.<\/abbr>\u00a0<abbr title=\"Doktor\">Dr.<\/abbr>\u00a0Stephan Duschek<\/li>\n<\/ul>\n\n\n\n<h3 class=\"wp-block-heading\">Strukturen und Organisationen<\/h3>\n\n\n\n<p>In der folgenden \u00dcbersicht finden Sie Informationen \u00fcber Organisationen und Einrichtungen aus dem Bereich der Luftfahrt und der Luftfahrtforschung:<\/p>\n\n\n\n<ul class=\"wp-block-list\">\n<li><a href=\"https:\/\/www.hamburg.de\/bwvi\/luftfahrtindustrie\/\" target=\"_blank\" rel=\"noreferrer noopener\">Luftfahrtcluster der Metropolregion Hamburg<\/a>\u00a0(Spitzencluster des Bundesministeriums f\u00fcr Bildung und Forschung)<\/li>\n\n\n\n<li><a href=\"https:\/\/www.hamburg.de\/bwvi\/\" target=\"_blank\" rel=\"noreferrer noopener\">Beh\u00f6rde f\u00fcr Wirtschaft, Verkehr und Innovation Hamburg<\/a>\u00a0(BWVI)<\/li>\n\n\n\n<li><a href=\"https:\/\/www.hamburg-aviation.de\/\" target=\"_blank\" rel=\"noreferrer noopener\">Hamburg Aviation<\/a><\/li>\n\n\n\n<li><a href=\"https:\/\/www.zal.aero\/home\/\" target=\"_blank\" rel=\"noreferrer noopener\">ZAL Zentrum f\u00fcr angewandte Luftfahrtforschung\u00a0<abbr title=\"Gesellschaft mit beschr\u00e4nkter Haftung\">GmbH<\/abbr><\/a><\/li>\n\n\n\n<li><a href=\"https:\/\/www.airbus.com\/\" target=\"_blank\" rel=\"noreferrer noopener\">Airbus<\/a><\/li>\n\n\n\n<li><a href=\"https:\/\/www.airbus.com\/\" target=\"_blank\" rel=\"noreferrer noopener\">Airbus Group<\/a>\u00a0(\u201eEADS\u201c bis 01.01.2014)<\/li>\n<\/ul>\n\n\n\n<h3 class=\"wp-block-heading\">Kontakt<\/h3>\n\n\n\n<p><a href=\"https:\/\/www.hsu-hh.de\/ees\/team\"><abbr title=\"Professor\">Prof.<\/abbr>&nbsp;<abbr title=\"Doktor\">Dr.<\/abbr>\u2013<abbr title=\"Ingenieur\">Ing.<\/abbr>&nbsp;<abbr title=\"habilitatus\">habil.<\/abbr>&nbsp;Detlef Schulz<\/a><\/p>\n\n\n\n<p>Helmut-Schmidt-Universit\u00e4t<br>Universit\u00e4t der Bundeswehr Hamburg<br>Elektrische Energiesysteme<br>Holstenhofweg 85<br>22043 Hamburg<\/p>\n\n\n\n<p>Telefon:<br>+49&nbsp;40&nbsp;6541-2757<br>Fax:<br>+49 40 6541-3083 und -2822<\/p>\n\n\n\n<p>E-Mail:<br>Detlef.Schulz@hsu-hh.de<\/p>\n\n\n\n<p class=\"has-text-align-left\">Sekretariat:<br>+49&nbsp;40&nbsp;6541-2329 (Catja Wilkens)<\/p>\n","protected":false},"excerpt":{"rendered":"<p>Durch die breite ingenieurwissenschaftliche Kompetenz der&nbsp;HSU&nbsp;in den Themenfeldern der Elektrotechnik und des Maschinenbaus k\u00f6nnen auch gr\u00f6\u00dfere Verbundprojekte fachlich sehr gut abgedeckt werden. Das Forschungscluster \u201eLuftfahrtforschung\u201c stellt die universit\u00e4re Schnittstelle zu [&hellip;]<\/p>\n","protected":false},"author":2503,"featured_media":0,"parent":0,"menu_order":0,"comment_status":"closed","ping_status":"closed","template":"","meta":{"footnotes":""},"categories":[4],"tags":[],"class_list":["post-2856","page","type-page","status-publish","hentry","category-forschung"],"_links":{"self":[{"href":"https:\/\/www.hsu-hh.de\/forschung\/wp-json\/wp\/v2\/pages\/2856","targetHints":{"allow":["GET"]}}],"collection":[{"href":"https:\/\/www.hsu-hh.de\/forschung\/wp-json\/wp\/v2\/pages"}],"about":[{"href":"https:\/\/www.hsu-hh.de\/forschung\/wp-json\/wp\/v2\/types\/page"}],"author":[{"embeddable":true,"href":"https:\/\/www.hsu-hh.de\/forschung\/wp-json\/wp\/v2\/users\/2503"}],"replies":[{"embeddable":true,"href":"https:\/\/www.hsu-hh.de\/forschung\/wp-json\/wp\/v2\/comments?post=2856"}],"version-history":[{"count":3,"href":"https:\/\/www.hsu-hh.de\/forschung\/wp-json\/wp\/v2\/pages\/2856\/revisions"}],"predecessor-version":[{"id":3059,"href":"https:\/\/www.hsu-hh.de\/forschung\/wp-json\/wp\/v2\/pages\/2856\/revisions\/3059"}],"wp:attachment":[{"href":"https:\/\/www.hsu-hh.de\/forschung\/wp-json\/wp\/v2\/media?parent=2856"}],"wp:term":[{"taxonomy":"category","embeddable":true,"href":"https:\/\/www.hsu-hh.de\/forschung\/wp-json\/wp\/v2\/categories?post=2856"},{"taxonomy":"post_tag","embeddable":true,"href":"https:\/\/www.hsu-hh.de\/forschung\/wp-json\/wp\/v2\/tags?post=2856"}],"curies":[{"name":"wp","href":"https:\/\/api.w.org\/{rel}","templated":true}]}}