{"id":1993,"date":"2022-06-09T09:46:20","date_gmt":"2022-06-09T07:46:20","guid":{"rendered":"https:\/\/www.hsu-hh.de\/forschung\/?page_id=1993"},"modified":"2022-06-16T09:03:23","modified_gmt":"2022-06-16T07:03:23","slug":"luv","status":"publish","type":"page","link":"https:\/\/www.hsu-hh.de\/forschung\/fakultaeten-uebergreifend\/uas-at-hsu\/luv","title":{"rendered":"LUV"},"content":{"rendered":"\n<p id=\"block-38150fea-d73e-4337-86c2-dfa044353e56\" style=\"font-size:30px\">L\u00f6sungen und Handlungsempfehlungen f\u00fcr die nationale Umsetzung der U-Space-Verordnung<\/p>\n\n\n\n<figure class=\"wp-block-image size-large\" id=\"block-cfeff53b-67cc-4668-8f07-21988f09b47e\"><img loading=\"lazy\" decoding=\"async\" width=\"1024\" height=\"579\" src=\"https:\/\/www.hsu-hh.de\/forschung\/wp-content\/uploads\/sites\/783\/2022\/06\/Projekt_LUV_Kachel-1024x579.png\" data-credit=\"HSU-HH\" alt=\"Kopter vor HSU\" class=\"wp-image-1990\" srcset=\"https:\/\/www.hsu-hh.de\/forschung\/wp-content\/uploads\/sites\/783\/2022\/06\/Projekt_LUV_Kachel-1024x579.png 1024w, https:\/\/www.hsu-hh.de\/forschung\/wp-content\/uploads\/sites\/783\/2022\/06\/Projekt_LUV_Kachel-300x170.png 300w, https:\/\/www.hsu-hh.de\/forschung\/wp-content\/uploads\/sites\/783\/2022\/06\/Projekt_LUV_Kachel-768x435.png 768w, https:\/\/www.hsu-hh.de\/forschung\/wp-content\/uploads\/sites\/783\/2022\/06\/Projekt_LUV_Kachel-1100x622.png 1100w, https:\/\/www.hsu-hh.de\/forschung\/wp-content\/uploads\/sites\/783\/2022\/06\/Projekt_LUV_Kachel.png 1391w\" sizes=\"auto, (max-width: 1024px) 100vw, 1024px\" \/><\/figure>\n\n\n\n<p>Ziel von&nbsp;LUV&nbsp;ist die Erarbeitung von Handlungsempfehlungen f\u00fcr die nationale Umsetzung der U-Space-Verordnung (DVO (EU) 2021\/664) unter Ber\u00fccksichtigung von technischen, rechtlichen und organisatorischen Zusammenh\u00e4ngen. Zu diesem Zweck sollen Eckpunkte f\u00fcr erforderliche Anpassungen im deutschen Luftrecht entwickelt und weiterf\u00fchrende Handlungsempfehlungen <abbr title=\"unter anderem\">u.a.<\/abbr> f\u00fcr die Ausgestaltung von Rollen, Verantwortlichkeiten und Anforderungen an die technische Ausstattung von Luftverkehrsteilnehmern gegeben werden.<\/p>\n\n\n\n<p>Zur Erreichung der Projektziele wird zun\u00e4chst ein U-Space-Betriebskonzept entwickelt, welches vorsieht, dass ein U-Space-Luftraum von einem S-CISP und mindestens zwei USSPs betrieben wird. Auf Basis des entwickelten U-Space-Betriebskonzepts werden Prozessmodelle f\u00fcr die technische und operative Grundlage zur Implementierung von U-Space-Luftr\u00e4umen erarbeitet, in denen die einzelnen Akteure, deren Verantwortlichkeiten sowie Informationsfl\u00fcsse in den jeweiligen Prozessschritten dargestellt werden. Zur Ermittlung von Regelungsinstrumenten f\u00fcr einen kompetitiven und sicheren U-Space-Betrieb werden theoretische Verkehrsszenarien und Grundlagen eines praxisorientierten Drohnenbetriebs mit Hinblick auf das beschriebene U-Space-Betriebskonzept entwickelt. Dies umfasst zus\u00e4tzlich die Identifikation und Analyse von Regelungsl\u00fccken aus der U-Space-Verordnung sowie die Entwicklung geeigneter Pricing-Konzepte f\u00fcr USSPs und Kostenerstattungsmechanismen f\u00fcr den S-CISP. Dar\u00fcber hinaus soll ein Verfahrensvorschlag gem. Art. 18 lit. f) erarbeitet werden, welcher die administrative Beteiligung von anderen, insbesondere lokalen Beh\u00f6rden und Stellen am Ausweisungs- und Gestaltungsprozess eines U-Space-Luftraums erm\u00f6glicht und durch Beteiligungsverfahren die Akzeptanz im urbanen Luftraum f\u00f6rdert.<\/p>\n\n\n\n<p>Die im Rahmen des Projekts entwickelten Konzepte werden durch Simulationsstudien und eine Auswertung anhand kritischer Betriebskennzahlen eines U-Space-Betriebs validiert. Anhand der Erkenntnisse aus dem entwickelten U-Space-Betriebskonzept und der weiteren Prozesse werden Handlungsempfehlungen f\u00fcr die nationale Umsetzung der U-Space-Verordnung erarbeitet, welche auf die elementaren Bausteine eines U-Space-Betriebs abzielen. Dies umfasst insbesondere die Kommunikationsstrukturen und Wirtschaftlichkeitsaspekte einzelner Akteure sowie deren Verantwortlichkeiten, die U-Space-Dienste und -Verfahren, das Konfliktmanagement sowie die Betrachtung unterschiedlicher Phasen eines U-Space-Betriebs und deren Anforderungen.<\/p>\n\n\n\n<p>Das Projekt wird durch das Bundesministerium f\u00fcr digitales und Verkehr (BMDV) gef\u00f6rdert und l\u00e4uft vom 01.01.2022 bis zum 31.03.2023.<\/p>\n\n\n\n<p>Die Projektleitung liegt bei der Professur f\u00fcr Automatisierungstechnik. Ansprechpartner ist <a href=\"mailto:tobias.grebner@hsu-hh.de\" rel='nofollow'>Tobias Grebner<\/a>.<\/p>\n\n\n\n<p><a href=\"http:\/\/www.luv-projekt.de\" rel='nofollow'>Hier<\/a> geht es zur offiziellen Website des Projekts.<\/p>\n\n\n\n<hr class=\"wp-block-separator\" id=\"block-75502ac2-bc66-41f9-b6a1-d3120edba5a6\" \/>\n\n\n\n<p id=\"block-52e466e5-4c24-41f3-9c0e-301eb6340056\"><strong>Konsortialpartner<\/strong><\/p>\n\n\n\n<p><\/p>\n\n\n\n<p>&#8211; Helmut-Schmidt-Universit\u00e4t (Konsortialf\u00fchrer)<\/p>\n\n\n\n<p>&#8211; Beh\u00f6rde f\u00fcr Wirtschaft und Innovation der Freien und Hansestadt Hamburg<\/p>\n\n\n\n<p>&#8211; DFS Deutsche Flugsicherung <abbr title=\"Gesellschaft mit beschr\u00e4nkter Haftung\">GmbH<\/abbr><\/p>\n\n\n\n<p>&#8211; Droniq <abbr title=\"Gesellschaft mit beschr\u00e4nkter Haftung\">GmbH<\/abbr><\/p>\n\n\n\n<p>&#8211; HHLA Sky <abbr title=\"Gesellschaft mit beschr\u00e4nkter Haftung\">GmbH<\/abbr><\/p>\n\n\n\n<p>&#8211; HafenCity Universit\u00e4t Hamburg<\/p>\n\n\n\n<p>&#8211; Technische Universit\u00e4t Hamburg<\/p>\n\n\n\n<hr class=\"wp-block-separator\" id=\"block-3bd50a75-e387-4b78-bf34-e884654e63c6\" \/>\n\n\n\n<p id=\"block-c3572d09-ec20-43ab-a4ea-5c19ddb6e5b8\"><strong>Assoziierte Partner<\/strong><\/p>\n\n\n\n<p>&#8211; consider it <abbr title=\"Gesellschaft mit beschr\u00e4nkter Haftung\">GmbH<\/abbr><\/p>\n\n\n\n<p>&#8211; NXP Semiconductors<\/p>\n\n\n\n<p>&#8211; Third Element Aviation<\/p>\n\n\n\n<p>&#8211; Workplace Solutions<\/p>\n\n\n\n<hr class=\"wp-block-separator\" \/>\n\n\n\n<p>Gef\u00f6rdert durch:<\/p>\n\n\n\n<figure class=\"wp-block-image is-resized\"><img loading=\"lazy\" decoding=\"async\" src=\"https:\/\/www.hsu-hh.de\/aut\/wp-content\/uploads\/sites\/670\/2022\/03\/Unbenannt.png\" alt=\"\" class=\"wp-image-2973\" width=\"348\" height=\"216\" \/><\/figure>\n\n\n\n<p>aufgrund eines Beschlusses des Deutschen Bundestags<\/p>\n","protected":false},"excerpt":{"rendered":"<p>L\u00f6sungen und Handlungsempfehlungen f\u00fcr die nationale Umsetzung der U-Space-Verordnung Ziel von&nbsp;LUV&nbsp;ist die Erarbeitung von Handlungsempfehlungen f\u00fcr die nationale Umsetzung der U-Space-Verordnung (DVO (EU) 2021\/664) unter Ber\u00fccksichtigung von technischen, rechtlichen und [&hellip;]<\/p>\n","protected":false},"author":145,"featured_media":0,"parent":707,"menu_order":0,"comment_status":"closed","ping_status":"closed","template":"","meta":{"footnotes":""},"categories":[4],"tags":[],"class_list":["post-1993","page","type-page","status-publish","hentry","category-forschung"],"_links":{"self":[{"href":"https:\/\/www.hsu-hh.de\/forschung\/wp-json\/wp\/v2\/pages\/1993","targetHints":{"allow":["GET"]}}],"collection":[{"href":"https:\/\/www.hsu-hh.de\/forschung\/wp-json\/wp\/v2\/pages"}],"about":[{"href":"https:\/\/www.hsu-hh.de\/forschung\/wp-json\/wp\/v2\/types\/page"}],"author":[{"embeddable":true,"href":"https:\/\/www.hsu-hh.de\/forschung\/wp-json\/wp\/v2\/users\/145"}],"replies":[{"embeddable":true,"href":"https:\/\/www.hsu-hh.de\/forschung\/wp-json\/wp\/v2\/comments?post=1993"}],"version-history":[{"count":4,"href":"https:\/\/www.hsu-hh.de\/forschung\/wp-json\/wp\/v2\/pages\/1993\/revisions"}],"predecessor-version":[{"id":2022,"href":"https:\/\/www.hsu-hh.de\/forschung\/wp-json\/wp\/v2\/pages\/1993\/revisions\/2022"}],"up":[{"embeddable":true,"href":"https:\/\/www.hsu-hh.de\/forschung\/wp-json\/wp\/v2\/pages\/707"}],"wp:attachment":[{"href":"https:\/\/www.hsu-hh.de\/forschung\/wp-json\/wp\/v2\/media?parent=1993"}],"wp:term":[{"taxonomy":"category","embeddable":true,"href":"https:\/\/www.hsu-hh.de\/forschung\/wp-json\/wp\/v2\/categories?post=1993"},{"taxonomy":"post_tag","embeddable":true,"href":"https:\/\/www.hsu-hh.de\/forschung\/wp-json\/wp\/v2\/tags?post=1993"}],"curies":[{"name":"wp","href":"https:\/\/api.w.org\/{rel}","templated":true}]}}