{"id":1494,"date":"2021-02-24T12:18:56","date_gmt":"2021-02-24T11:18:56","guid":{"rendered":"https:\/\/www.hsu-hh.de\/forschung\/?page_id=1494"},"modified":"2021-06-10T11:31:06","modified_gmt":"2021-06-10T09:31:06","slug":"falke","status":"publish","type":"page","link":"https:\/\/www.hsu-hh.de\/forschung\/fakultaeten-uebergreifend\/uas-at-hsu\/falke","title":{"rendered":"FALKE"},"content":{"rendered":"\n<p style=\"font-size:30px\">F\u00e4higkeit des Abfangens von in gesperrte Luftr\u00e4ume eindringenden Kleinflugger\u00e4ten durch zivile Einsatzmittel&nbsp;<\/p>\n\n\n\n<div class=\"wp-block-image\"><figure class=\"aligncenter size-large\"><img loading=\"lazy\" decoding=\"async\" width=\"1024\" height=\"576\" src=\"https:\/\/www.hsu-hh.de\/forschung\/wp-content\/uploads\/sites\/783\/2021\/06\/Projekt_FALKE_Kachel-2-1024x576.png\" data-credit=\"HSU-HH\" alt=\"Kopter vor Flugzeug\" class=\"wp-image-1707\" srcset=\"https:\/\/www.hsu-hh.de\/forschung\/wp-content\/uploads\/sites\/783\/2021\/06\/Projekt_FALKE_Kachel-2-1024x576.png 1024w, https:\/\/www.hsu-hh.de\/forschung\/wp-content\/uploads\/sites\/783\/2021\/06\/Projekt_FALKE_Kachel-2-300x169.png 300w, https:\/\/www.hsu-hh.de\/forschung\/wp-content\/uploads\/sites\/783\/2021\/06\/Projekt_FALKE_Kachel-2-768x432.png 768w, https:\/\/www.hsu-hh.de\/forschung\/wp-content\/uploads\/sites\/783\/2021\/06\/Projekt_FALKE_Kachel-2-1536x864.png 1536w, https:\/\/www.hsu-hh.de\/forschung\/wp-content\/uploads\/sites\/783\/2021\/06\/Projekt_FALKE_Kachel-2-1100x619.png 1100w, https:\/\/www.hsu-hh.de\/forschung\/wp-content\/uploads\/sites\/783\/2021\/06\/Projekt_FALKE_Kachel-2.png 2000w\" sizes=\"auto, (max-width: 1024px) 100vw, 1024px\" \/><\/figure><\/div>\n\n\n\n<p>Ziel des Counter-UAS-Systems FALKE ist ein technisches und organisatorisches Gesamtkonzept zur Abwehr von illegal operierenden Drohnen beispielhaft am Flughafen Hamburg zu entwickeln und zu demonstrieren. Unter Beachtung aller Zust\u00e4ndigkeits- und Verantwortungsbereiche soll dieses Gesamtkonzept automatisierte und standardisierte L\u00f6sungen bereitstellen, so dass das Konzept als Blaupause auch f\u00fcr andere Flugh\u00e4fen verwendet werden kann. Dieses Konzept betrachtet alle Phasen, beginnend mit Detektions- und Verifikationssystemen, den resultierenden Gef\u00e4hrdungsstufen, die Melde- und Entscheidungswege, bis hin zum finalen automatisierten Einsatz einer Abfangdrohne. Verf\u00fcgbare Teill\u00f6sungen sollen auf ihre Tauglichkeit gepr\u00fcft und wenn m\u00f6glich integriert werden. Fehlende Komponenten, insbesondere KI f\u00fcr ein automatisiertes Einfangen&nbsp;unkooperativer&nbsp;UAS sind zu definieren und zu entwickeln. <\/p>\n\n\n\n<p>Die Helmut-Schmidt-Universit\u00e4t (HSU) wird dabei die Hard- und Software der&nbsp;KI-Einheit&nbsp;entwerfen und realisieren. Diese soll mit ihren Sensoren die illegal operierenden Drohnen erfassen und bis zum Einsatz der Wirkmittel ununterbrochen im Focus halten. Des&nbsp;Weiteren&nbsp;soll sie durch geeignete Algorithmen die Steuerbefehle f\u00fcr das&nbsp;cUAS-Vehicle&nbsp;in einem&nbsp;Closed&nbsp;Loop so bestimmen bzw.&nbsp;durch maschinelles lernen&nbsp;so regulieren das dieses in einer vordefinierten Fluglage in Abschuss Position kommt. Dabei soll das&nbsp;Ziel verfolgt werden&nbsp;das zu diesem Zeitpunkt die relativen Bewegungen zwischen den beiden UAS m\u00f6glichst gering sind um h\u00f6chstm\u00f6gliche Zuverl\u00e4ssigkeit f\u00fcr die Wirkmittel erzielen zu k\u00f6nnen.&nbsp;<\/p>\n\n\n\n<p>Das Projekt wird durch das Bundesministerium f\u00fcr Verkehr und digitale Infrastruktur (BMVI) gef\u00f6rdert und l\u00e4uft vom 09.11.2019 bis zum 08.11.2022.&nbsp;<\/p>\n\n\n\n<p>Die Projektleitung liegt bei der Professur f\u00fcr Messtechnik. Ansprechpartner ist <a href=\"https:\/\/www.hsu-hh.de\/emt\/dr-ing-ralf-heynicke\">Dr. Ralf Heynicke<\/a>.<\/p>\n\n\n\n<hr class=\"wp-block-separator\" \/>\n\n\n\n<p><strong>Beteiligte Professuren im Hause<\/strong><\/p>\n\n\n\n<p><a href=\"https:\/\/www.hsu-hh.de\/emt\/\">Professur f\u00fcr Elektrische Messtechnik<\/a><\/p>\n\n\n\n<hr class=\"wp-block-separator\" \/>\n\n\n\n<p><strong>Externe Projektpartner<\/strong><\/p>\n\n\n\n<p>Bei der oben genannten Professur zu erfragen<\/p>\n","protected":false},"excerpt":{"rendered":"<p>F\u00e4higkeit des Abfangens von in gesperrte Luftr\u00e4ume eindringenden Kleinflugger\u00e4ten durch zivile Einsatzmittel&nbsp; Ziel des Counter-UAS-Systems FALKE ist ein technisches und organisatorisches Gesamtkonzept zur Abwehr von illegal operierenden Drohnen beispielhaft am [&hellip;]<\/p>\n","protected":false},"author":145,"featured_media":0,"parent":707,"menu_order":0,"comment_status":"closed","ping_status":"closed","template":"","meta":{"footnotes":""},"categories":[4],"tags":[],"class_list":["post-1494","page","type-page","status-publish","hentry","category-forschung"],"_links":{"self":[{"href":"https:\/\/www.hsu-hh.de\/forschung\/wp-json\/wp\/v2\/pages\/1494","targetHints":{"allow":["GET"]}}],"collection":[{"href":"https:\/\/www.hsu-hh.de\/forschung\/wp-json\/wp\/v2\/pages"}],"about":[{"href":"https:\/\/www.hsu-hh.de\/forschung\/wp-json\/wp\/v2\/types\/page"}],"author":[{"embeddable":true,"href":"https:\/\/www.hsu-hh.de\/forschung\/wp-json\/wp\/v2\/users\/145"}],"replies":[{"embeddable":true,"href":"https:\/\/www.hsu-hh.de\/forschung\/wp-json\/wp\/v2\/comments?post=1494"}],"version-history":[{"count":3,"href":"https:\/\/www.hsu-hh.de\/forschung\/wp-json\/wp\/v2\/pages\/1494\/revisions"}],"predecessor-version":[{"id":1709,"href":"https:\/\/www.hsu-hh.de\/forschung\/wp-json\/wp\/v2\/pages\/1494\/revisions\/1709"}],"up":[{"embeddable":true,"href":"https:\/\/www.hsu-hh.de\/forschung\/wp-json\/wp\/v2\/pages\/707"}],"wp:attachment":[{"href":"https:\/\/www.hsu-hh.de\/forschung\/wp-json\/wp\/v2\/media?parent=1494"}],"wp:term":[{"taxonomy":"category","embeddable":true,"href":"https:\/\/www.hsu-hh.de\/forschung\/wp-json\/wp\/v2\/categories?post=1494"},{"taxonomy":"post_tag","embeddable":true,"href":"https:\/\/www.hsu-hh.de\/forschung\/wp-json\/wp\/v2\/tags?post=1494"}],"curies":[{"name":"wp","href":"https:\/\/api.w.org\/{rel}","templated":true}]}}