{"id":812,"date":"2023-02-16T19:41:27","date_gmt":"2023-02-16T18:41:27","guid":{"rendered":"https:\/\/www.hsu-hh.de\/finanzwissenschaft\/?page_id=812"},"modified":"2025-01-28T09:59:51","modified_gmt":"2025-01-28T08:59:51","slug":"janina-schmidt","status":"publish","type":"page","link":"https:\/\/www.hsu-hh.de\/finanzwissenschaft\/janina-schmidt","title":{"rendered":"Janina Schmidt"},"content":{"rendered":"\n<div class=\"wp-block-columns is-layout-flex wp-container-core-columns-is-layout-9d6595d7 wp-block-columns-is-layout-flex\">\n<div class=\"wp-block-column is-layout-flow wp-block-column-is-layout-flow\">\n<p>Helmut-Schmidt-Universit\u00e4t<br>Fakult\u00e4t f\u00fcr Wirtschafts- und<br>Sozialwissenschaften<br>Holstenhofweg 85<br>22043 Hamburg<\/p>\n<\/div>\n\n\n\n<div class=\"wp-block-column is-layout-flow wp-block-column-is-layout-flow\">\n<p><strong>Raum<\/strong>: H1, Raum 2115<br><strong>Telefon<\/strong>: +49 (0) 40 6541-2449<br><strong>Fax<\/strong>: +49 (0) 40 6541-2087<br><strong>E-Mail<\/strong>: janina.schmidt@hsu-hh.de<\/p>\n\n\n\n<p><\/p>\n\n\n\n<p><\/p>\n<\/div>\n\n\n\n<div class=\"wp-block-column is-layout-flow wp-block-column-is-layout-flow\"><\/div>\n<\/div>\n\n\n\n<p><strong>B\u00fcrozeiten<\/strong><br>Di, Mi 8:30-13:30 Uhr, Fr 8:30-13:00 Uhr<br>Donnerstag 8:30-13:30 Uhr (Homeoffice)<br><\/p>\n","protected":false},"excerpt":{"rendered":"<p>Helmut-Schmidt-Universit\u00e4tFakult\u00e4t f\u00fcr Wirtschafts- undSozialwissenschaftenHolstenhofweg 8522043 Hamburg Raum: H1, Raum 2115Telefon: +49 (0) 40 6541-2449Fax: +49 (0) 40 6541-2087E-Mail: janina.schmidt@hsu-hh.de B\u00fcrozeitenDi, Mi 8:30-13:30 Uhr, Fr 8:30-13:00 UhrDonnerstag 8:30-13:30 Uhr (Homeoffice)<\/p>\n","protected":false},"author":3495,"featured_media":0,"parent":0,"menu_order":0,"comment_status":"closed","ping_status":"closed","template":"","meta":{"footnotes":""},"categories":[8],"tags":[],"class_list":["post-812","page","type-page","status-publish","hentry","category-team"],"_links":{"self":[{"href":"https:\/\/www.hsu-hh.de\/finanzwissenschaft\/wp-json\/wp\/v2\/pages\/812","targetHints":{"allow":["GET"]}}],"collection":[{"href":"https:\/\/www.hsu-hh.de\/finanzwissenschaft\/wp-json\/wp\/v2\/pages"}],"about":[{"href":"https:\/\/www.hsu-hh.de\/finanzwissenschaft\/wp-json\/wp\/v2\/types\/page"}],"author":[{"embeddable":true,"href":"https:\/\/www.hsu-hh.de\/finanzwissenschaft\/wp-json\/wp\/v2\/users\/3495"}],"replies":[{"embeddable":true,"href":"https:\/\/www.hsu-hh.de\/finanzwissenschaft\/wp-json\/wp\/v2\/comments?post=812"}],"version-history":[{"count":10,"href":"https:\/\/www.hsu-hh.de\/finanzwissenschaft\/wp-json\/wp\/v2\/pages\/812\/revisions"}],"predecessor-version":[{"id":1019,"href":"https:\/\/www.hsu-hh.de\/finanzwissenschaft\/wp-json\/wp\/v2\/pages\/812\/revisions\/1019"}],"wp:attachment":[{"href":"https:\/\/www.hsu-hh.de\/finanzwissenschaft\/wp-json\/wp\/v2\/media?parent=812"}],"wp:term":[{"taxonomy":"category","embeddable":true,"href":"https:\/\/www.hsu-hh.de\/finanzwissenschaft\/wp-json\/wp\/v2\/categories?post=812"},{"taxonomy":"post_tag","embeddable":true,"href":"https:\/\/www.hsu-hh.de\/finanzwissenschaft\/wp-json\/wp\/v2\/tags?post=812"}],"curies":[{"name":"wp","href":"https:\/\/api.w.org\/{rel}","templated":true}]}}