{"id":154,"date":"2017-08-31T10:38:12","date_gmt":"2017-08-31T08:38:12","guid":{"rendered":"https:\/\/www.hsu-hh.de\/fgvwl\/?page_id=154"},"modified":"2023-02-16T17:21:10","modified_gmt":"2023-02-16T16:21:10","slug":"lehre","status":"publish","type":"page","link":"https:\/\/www.hsu-hh.de\/fgvwl\/lehre","title":{"rendered":"Lehre"},"content":{"rendered":"\n<p>Klausurorganisation: <a href=\"https:\/\/webbox.hsu-hh.de\/campusinfo\/index_DJlZGlnkDg70UoCK.html\" target=\"_blank\" rel=\"noopener\">s. Pr\u00fcfungsamt<\/a><\/p>\n\n\n\n<p>H\u00e4ufig gestellte Fragen, Klausurtermine <abbr title=\"et cetera\">etc.<\/abbr>: Informationen s. <a href=\"https:\/\/webbox.hsu-hh.de\/campusinfo\/\" target=\"_blank\" rel=\"noopener\"><strong>Pr\u00fcfungsamt (Intranet)<\/strong><\/a><\/p>\n\n\n\n<p><strong>Anmeldung zur Veranstaltungen:<\/strong><br>Was kann ich tun, wenn ich Probleme habe, mich \u00fcber das Campus-Portal zu einer Veranstaltung anzumelden?<br>Bei Problemen hinsichtlich der Veranstaltungsbelegung stehen Ihnen folgende Ansprechpartner zur Seite:<\/p>\n\n\n\n<p><a href=\"https:\/\/web.hsu-hh.de\/fak\/geiso\/fkv\/tenten\" target=\"_blank\" rel=\"noopener\">Fakult\u00e4t f\u00fcr&nbsp; <abbr title=\"Geistes- und Sozialwissenschaften\">GeiSo<\/abbr><\/a>:&nbsp;Frau Tenten<\/p>\n\n\n\n<p><a href=\"https:\/\/www.hsu-hh.de\/wiso\/dekanat-verwaltung\" target=\"_blank\" rel=\"noopener\">Fakult\u00e4t f\u00fcr&nbsp; <abbr title=\"Wirtschafts- und Sozialwissenschaften\">WiSo<\/abbr><\/a>:&nbsp;Frau&nbsp; <abbr title=\"Doktor\">Dr.<\/abbr>&nbsp;Vorwerk-Gundermann<\/p>\n\n\n\n<p><a href=\"https:\/\/www.hsu-hh.de\/fkvmb\/\" target=\"_blank\" rel=\"noopener\">Fakult\u00e4t f\u00fcr&nbsp;MB<\/a>:<\/p>\n\n\n\n<p><a href=\"https:\/\/www.hsu-hh.de\/fkvet\/\" target=\"_blank\" rel=\"noopener\">Fakult\u00e4t f\u00fcr&nbsp; <abbr title=\"Elektrotechnik\">ET<\/abbr><\/a>:<\/p>\n\n\n\n<p>Studienbereich&nbsp; <abbr title=\"Wirtschaftsingenieurwesen\">WI<\/abbr>: s.&nbsp; <a href=\"https:\/\/www.hsu-hh.de\/fkvmb\/team\" target=\"_blank\" rel=\"noopener\">Ing-Bereich<\/a> und &nbsp;Frau&nbsp; <abbr title=\"Doktor\">Dr.<\/abbr>&nbsp;Vorwerk-Gundermann&nbsp;( <a href=\"https:\/\/www.hsu-hh.de\/wiso\/dekanat-verwaltung\" target=\"_blank\" rel=\"noopener\"><abbr title=\"Wirtschafts- und Sozialwissenschaften\">WiSo<\/abbr>-Bereich<\/a>)<\/p>\n\n\n\n<p><a href=\"https:\/\/www.hsu-hh.de\/isa\/\" target=\"_blank\" rel=\"noopener\">ISA-Zentrum<\/a>: Frau Kremer<\/p>\n\n\n\n<p><a href=\"https:\/\/www.hsu-hh.de\/sprachen\/\" target=\"_blank\" rel=\"noopener\">Sprachenzentrum<\/a>:&nbsp;Frau&nbsp; <abbr title=\"Doktor\">Dr.<\/abbr>&nbsp;Novo<\/p>\n\n\n\n<p>Modulhandb\u00fccher, Studienordnungen u. \u00e4. siehe Pr\u00fcfungsamt, Senatssekretariat\/Akademische Selbstverwaltung oder auf den jeweiligen Internetseiten der Fakult\u00e4ten.<\/p>\n","protected":false},"excerpt":{"rendered":"<p>Klausurorganisation: s. Pr\u00fcfungsamt H\u00e4ufig gestellte Fragen, Klausurtermine etc.: Informationen s. Pr\u00fcfungsamt (Intranet) Anmeldung zur Veranstaltungen:Was kann ich tun, wenn ich Probleme habe, mich \u00fcber das Campus-Portal zu einer Veranstaltung anzumelden?Bei [&hellip;]<\/p>\n","protected":false},"author":37,"featured_media":0,"parent":0,"menu_order":0,"comment_status":"closed","ping_status":"closed","template":"","meta":{"footnotes":""},"categories":[4],"tags":[],"class_list":["post-154","page","type-page","status-publish","hentry","category-forschung"],"_links":{"self":[{"href":"https:\/\/www.hsu-hh.de\/fgvwl\/wp-json\/wp\/v2\/pages\/154","targetHints":{"allow":["GET"]}}],"collection":[{"href":"https:\/\/www.hsu-hh.de\/fgvwl\/wp-json\/wp\/v2\/pages"}],"about":[{"href":"https:\/\/www.hsu-hh.de\/fgvwl\/wp-json\/wp\/v2\/types\/page"}],"author":[{"embeddable":true,"href":"https:\/\/www.hsu-hh.de\/fgvwl\/wp-json\/wp\/v2\/users\/37"}],"replies":[{"embeddable":true,"href":"https:\/\/www.hsu-hh.de\/fgvwl\/wp-json\/wp\/v2\/comments?post=154"}],"version-history":[{"count":41,"href":"https:\/\/www.hsu-hh.de\/fgvwl\/wp-json\/wp\/v2\/pages\/154\/revisions"}],"predecessor-version":[{"id":971,"href":"https:\/\/www.hsu-hh.de\/fgvwl\/wp-json\/wp\/v2\/pages\/154\/revisions\/971"}],"wp:attachment":[{"href":"https:\/\/www.hsu-hh.de\/fgvwl\/wp-json\/wp\/v2\/media?parent=154"}],"wp:term":[{"taxonomy":"category","embeddable":true,"href":"https:\/\/www.hsu-hh.de\/fgvwl\/wp-json\/wp\/v2\/categories?post=154"},{"taxonomy":"post_tag","embeddable":true,"href":"https:\/\/www.hsu-hh.de\/fgvwl\/wp-json\/wp\/v2\/tags?post=154"}],"curies":[{"name":"wp","href":"https:\/\/api.w.org\/{rel}","templated":true}]}}