{"id":200,"date":"2017-11-08T20:45:27","date_gmt":"2017-11-08T19:45:27","guid":{"rendered":"https:\/\/www.hsu-hh.de\/separations\/?page_id=200"},"modified":"2017-11-08T21:01:14","modified_gmt":"2017-11-08T20:01:14","slug":"modellierung-und-simulation","status":"publish","type":"page","link":"https:\/\/www.hsu-hh.de\/evt\/forschung\/modellierung-und-simulation","title":{"rendered":"Modellierung und Simulation"},"content":{"rendered":"<p>In Modellierungsstudien werden die Interaktionen von modifizierten Kieselgelsubstraten mit umweltsch\u00e4dlichen Verbindungen untersucht. Dabei werden Docking-Simulationen zur Ermittlung von Wechselwirkungsenergien von dem anzulagernden Adsorptiv, also hier dem Schadstoff, und dem Ligand, welcher auf die Tr\u00e4geroberfl\u00e4che aufgebracht wurde und deren Funktionalit\u00e4t bestimmt, genutzt. Diese Simulationen prognostizieren Bindungsstellen der Zielverbindungen an den Liganden sowie deren Orientierung.<br \/>\nDie so gewonnenen Erkenntnisse durch solche Docking-basierten Methoden erm\u00f6glichen eine quantitative Vorhersage von\u00a0 spezifischen Wechselwirkungen.<br \/>\nDie durchgef\u00fchrten Studien basieren auf dem System der Molekularen Dynamik (MD). Molekulare Dynamik beinhaltet eine Form der Computer-Simulation, in der Molek\u00fcle in\u00a0 Ann\u00e4herung an die klassische Physik interagieren. Diese Form der Simulation stellt eine Schnittstelle zwischen Laborexperimenten und der Theorie dar und kann als &#8222;virtuelles Experiment&#8220; verstanden werden.<br \/>\nZur Simulation wird zun\u00e4chst ein drei-dimensionales Modellsystem des Liganden auf dem Kieselgelsubstrat am <abbr title=\"Personal Computer\">PC<\/abbr> entworfen und in die Software Autodock importiert. An diesem System k\u00f6nnen die Wechselwirkungen mit beliebigen Adsorptiven ermittelt werden.<br \/>\nDie ermittelten Bindungsstellen\u00a0 und die Geometrien zwischen Ligand und Substrat werden zu Strukturoptimierung und zum Design von weiteren Ligandensystemen genutzt. Diese Ligandensysteme k\u00f6nnen dann gezielt synthetisiert werden. In Adsorptionsversuchen mit diesen Liganden werden die Daten aus den Simulationen verifiziert.<\/p>\n<p><img loading=\"lazy\" decoding=\"async\" class=\"size-medium wp-image-201 aligncenter\" src=\"https:\/\/www.hsu-hh.de\/separations\/wp-content\/uploads\/sites\/698\/2017\/11\/oaStYAIQAwEsAJiy-300x225.jpg\" alt=\"Liganden\" width=\"300\" height=\"225\" srcset=\"https:\/\/www.hsu-hh.de\/evt\/wp-content\/uploads\/sites\/698\/2017\/11\/oaStYAIQAwEsAJiy-300x225.jpg 300w, https:\/\/www.hsu-hh.de\/evt\/wp-content\/uploads\/sites\/698\/2017\/11\/oaStYAIQAwEsAJiy.jpg 480w\" sizes=\"auto, (max-width: 300px) 100vw, 300px\" \/><\/p>\n","protected":false},"excerpt":{"rendered":"<p>In Modellierungsstudien werden die Interaktionen von modifizierten Kieselgelsubstraten mit umweltsch\u00e4dlichen Verbindungen untersucht. Dabei werden Docking-Simulationen zur Ermittlung von Wechselwirkungsenergien von dem anzulagernden Adsorptiv, also hier dem Schadstoff, und dem Ligand, [&hellip;]<\/p>\n","protected":false},"author":173,"featured_media":0,"parent":180,"menu_order":0,"comment_status":"closed","ping_status":"closed","template":"","meta":{"footnotes":""},"categories":[4],"tags":[],"class_list":["post-200","page","type-page","status-publish","hentry","category-forschung"],"_links":{"self":[{"href":"https:\/\/www.hsu-hh.de\/evt\/wp-json\/wp\/v2\/pages\/200","targetHints":{"allow":["GET"]}}],"collection":[{"href":"https:\/\/www.hsu-hh.de\/evt\/wp-json\/wp\/v2\/pages"}],"about":[{"href":"https:\/\/www.hsu-hh.de\/evt\/wp-json\/wp\/v2\/types\/page"}],"author":[{"embeddable":true,"href":"https:\/\/www.hsu-hh.de\/evt\/wp-json\/wp\/v2\/users\/173"}],"replies":[{"embeddable":true,"href":"https:\/\/www.hsu-hh.de\/evt\/wp-json\/wp\/v2\/comments?post=200"}],"version-history":[{"count":1,"href":"https:\/\/www.hsu-hh.de\/evt\/wp-json\/wp\/v2\/pages\/200\/revisions"}],"predecessor-version":[{"id":202,"href":"https:\/\/www.hsu-hh.de\/evt\/wp-json\/wp\/v2\/pages\/200\/revisions\/202"}],"up":[{"embeddable":true,"href":"https:\/\/www.hsu-hh.de\/evt\/wp-json\/wp\/v2\/pages\/180"}],"wp:attachment":[{"href":"https:\/\/www.hsu-hh.de\/evt\/wp-json\/wp\/v2\/media?parent=200"}],"wp:term":[{"taxonomy":"category","embeddable":true,"href":"https:\/\/www.hsu-hh.de\/evt\/wp-json\/wp\/v2\/categories?post=200"},{"taxonomy":"post_tag","embeddable":true,"href":"https:\/\/www.hsu-hh.de\/evt\/wp-json\/wp\/v2\/tags?post=200"}],"curies":[{"name":"wp","href":"https:\/\/api.w.org\/{rel}","templated":true}]}}