{"id":372,"date":"2017-11-07T10:04:01","date_gmt":"2017-11-07T09:04:01","guid":{"rendered":"https:\/\/www.hsu-hh.de\/epu\/?page_id=372"},"modified":"2026-02-02T14:58:35","modified_gmt":"2026-02-02T13:58:35","slug":"forschungsseminar","status":"publish","type":"page","link":"https:\/\/www.hsu-hh.de\/epu\/de\/forschungsseminar","title":{"rendered":"Forschungsseminar"},"content":{"rendered":"\n<p><\/p>\n\n\n<h2 style=\"text-align: center\"><strong>Allgemeine und Biologische Psychologie<\/strong><\/h2>\n<p style=\"text-align: center\"><strong>Dienstag, 06.01.2026<\/strong><\/p>\n<p style=\"text-align: center\"><em>Themenvergabe<\/em><\/p>\n<p style=\"text-align: center\"><strong>Dienstag, 13.01.2026<\/strong><\/p>\n<p style=\"text-align: center\"><em>Neural and Behavioral Signatures of Prediction in Joint Action<\/em><br \/>(Rosari Selvan, <abbr title=\"Master of Science\">M.Sc.<\/abbr> &#8211; Universit\u00e4t M\u00fcnster)<em><br \/><strong>Diese Veranstaltung findet im Rahmen des Cognitive Science Cluster statt<\/strong><\/em><\/p>\n<p style=\"text-align: center\"><strong>Dienstag, 20.01.2026<\/strong><\/p>\n<p style=\"text-align: center\">[Vorstellung Bachelorarbeit]<br \/><em>Nutzerakzeptanz und Umsetzbarkeit von Just-In-Time Adaptive Interventions zur Reduktion depressiver Symptome: Eine systematische \u00dcbersichtsarbeit<\/em><br \/>(Kristin Wagner)<\/p>\n<p style=\"text-align: center\">[Vorstellung Bachelorarbeit]<br \/><em>Der Einfluss von immersiver Virtual Reality auf das Ersch\u00f6pfungserleben im Vergleich zu klassischen Videokonferenzen &#8211; Die Rolle sozialer Pr\u00e4senz<\/em><br \/>(Silva Weller)<\/p>\n<p style=\"text-align: center\">[Vorstellung Bachelorarbeit]<br \/><em>Der Zusammenhang des NFU mit der Kaufbereitschaft von nicht-funktionalen Gegenst\u00e4nden In-Game<\/em><br \/>(Alex Fuhrmann)<\/p>\n<p style=\"text-align: center\">[Vorstellung Bachelorarbeit]<br \/><em>Zusammenhang zwischen Body Positivity und Mate Value: Eine Untersuchung zu Eigen- und Fremdbewertungen k\u00f6rperlicher Attraktivit\u00e4t<\/em><br \/>(Paul Ostwald)<\/p>\n<p style=\"text-align: center\"><strong>Dienstag, 27.01.2026<\/strong><\/p>\n<p style=\"text-align: center\">[Vorstellung Masterarbeit]<br \/><em>Collaborative Combat &#8211; Eine Untersuchung zur Auswirkung von Unterst\u00fctzungssystemen im Kampfpanzer auf die Stressreaktion, den cognitive Load und Entscheidungsleistung<\/em><br \/>(Louisa Dudler)<\/p>\n<p style=\"text-align: center\">[Vorstellung Masterarbeit]<br \/><em>Wirksamkeit von Tension &amp; Trauma Releasing Exercises (TRE) im Vergleich zu Ohrakupunktur: Eine Interventionsstudie im polizeilichen Kontext<\/em><br \/>(David M\u00fcller)<\/p>\n<p style=\"text-align: center\">[Vorstellung Bachelorarbeit]<br \/><em>Die Architektur der Aggression: Appetitive Aggression als fehlendes Element im Verst\u00e4ndnis menschlicher Aggression<\/em><br \/>(Lukas Taterra)<\/p>\n<p style=\"text-align: center\">[Vorstellung Bachelorarbeit]<br \/><em>Modern vs. Traditionell, Hart vs. Soft &#8212; Inwieweit hat der Kampfsporttyp einen Einfluss auf die Aggression von Erwachsenen<\/em><br \/>(Laines Grasser, eh. Richter)<\/p>\n<p style=\"text-align: center\"><strong>Dienstag, 03.02.2026<\/strong><\/p>\n<p style=\"text-align: center\">[Vorstellung Masterarbeit]<br \/><em>Mind over Muscle: The Effects of Open-Label Placebos and Expectation Induction on Soldiers Sprint Performance<\/em><br \/>(Nadine Canehls und Colin Schaberger)<\/p>\n<p style=\"text-align: center\">[Vorstellung Masterarbeit]<br \/><em>Titel folgt<\/em><br \/>(M.G.)<\/p>\n<p style=\"text-align: center\">[Vorstellung Masterarbeit]<br \/><em>Troublemaker-tendencies bei F\u00fchrungskr\u00e4ften<\/em> <br \/>(Vincent Scholz)<\/p>\n<p style=\"text-align: center\">[Vorstellung Masterarbeit]<br \/><em>Verursachen das Verhalten von Partnern Eifersucht? Eine dyadische Untersuchung<\/em><br \/>(Xenia Mahlstedt)<\/p>\n<p style=\"text-align: center\"><strong>Dienstag, 10.02.2026<\/strong><\/p>\n<p style=\"text-align: center\">[Vorstellung Masterarbeit]<br \/><em>F\u00fchrung als Gesundheitsfaktor: Der Einfluss von Vorbildern in Krisenzeiten<br \/><\/em>(Malte Bienroth)<\/p>\n<p style=\"text-align: center\">[Referatstitel]<br \/><em>Stressreduktion durch parasympathische Aktivierung nach akuter Belastung: Ein experimenteller Vergleich aktiver und passiver Interventionsmethoden<\/em><br \/>(Chinthuyan Jegaseelan)<\/p>\n<p style=\"text-align: center\"><strong>Dienstag, 17.02.2026<\/strong><\/p>\n<p style=\"text-align: center\"><strong>Dienstag, 24.02.2026<\/strong><\/p>\n<p style=\"text-align: center\"><strong>Dienstag, 03.03.2026<\/strong><\/p>\n<p style=\"text-align: center\">[Vorstellung Masterarbeit]<br \/><em>Kompetenzgewinn oder -verlust &#8211; Mindert die Nutzung von k\u00fcnstlicher Intelligenz unsere F\u00e4higkeiten oder werden wir durch sie schlauer?<\/em><br \/>(Helena Madlo)<\/p>\n<p style=\"text-align: center\">[Referatstitel]<br \/><em>Was die Truppe tr\u00e4gt &#8211; Pr\u00e4diktoren der individuellen Einsatzbereitschaft von Bundeswehr-Soldaten<\/em><br \/>(Paul Ribitza)<\/p>\n<p style=\"text-align: center\">[Referatstitel]<br \/><em>Autorit\u00e4re Einstellungen und Verschw\u00f6rungsmentalit\u00e4t im politischen Spektrum<\/em><br \/>(Jana Sonnberg)<\/p>\n<p style=\"text-align: center\">[Vorstellung Bachelorarbeit]<br \/><em>Durchf\u00fchrbarkeit und Einflussnahme der OPTIMIND-App auf Behandlungserwartungen bei Patient:innen, die eine Antidepressiva-Medikation erhalten Eine 28-t\u00e4gige \u201eJust-in-time-adaptive Intervention\u201c Smartphonebasierte Pilot-Studie<\/em><br \/>(Jana Schira)<\/p>\n<p style=\"text-align: center\"><strong>Dienstag, 10.03.2026<\/strong><\/p>\n<p style=\"text-align: center\">[Vorstellung Masterarbeit]<br \/><em>Einfluss von Empathie und Aggressivit\u00e4t auf das Blickverhalten bei der Betrachtung emotionaler Stimuli: Moderierende Effekte von transkranieller Gleichstromstimulation<\/em><br \/>(Lars Henk)<\/p>\n<p style=\"text-align: center\">[Vorstellung Masterarbeit]<br \/><em>Der Einfluss von Behandlungserwartungen auf den Erfolg psychotherapeutischer Behandlungen<\/em><br \/>(Jonathan Mirow)<\/p>\n<p style=\"text-align: center\">[Vorstellung Masterarbeit]<br \/><em>Value-weighted goal updating in the reward positivity<\/em><br \/>(Noah Choudhury)<\/p>\n<p style=\"text-align: center\"><strong>Dienstag,<\/strong> <strong>17.03.2026<\/strong><\/p>\n<p style=\"text-align: center\"><em>verschoben<\/em><\/p>\n<p style=\"text-align: center\"><strong>Dienstag, 24.03.2026<\/strong><\/p>\n<p style=\"text-align: center\"><em>Pr\u00fcfungswoche<\/em><\/p>\n<h2 style=\"text-align: center\"><strong>\u00a0<\/strong><strong>17:30 Uhr bis 19:00 Uhr, H1, Raum 205<\/strong><\/h2>\n<h2 style=\"text-align: center\"><strong>Alle Interessierten <br \/>sind herzlich eingeladen<\/strong><\/h2>\n<p style=\"text-align: center\">\u00a0<\/p>","protected":false},"excerpt":{"rendered":"<p>Allgemeine und Biologische Psychologie Dienstag, 06.01.2026 Themenvergabe Dienstag, 13.01.2026 Neural and Behavioral Signatures of Prediction in Joint Action(Rosari Selvan, M.Sc. &#8211; Universit\u00e4t M\u00fcnster)Diese Veranstaltung findet im Rahmen des Cognitive Science [&hellip;]<\/p>\n","protected":false},"author":147,"featured_media":0,"parent":0,"menu_order":0,"comment_status":"closed","ping_status":"closed","template":"","meta":{"footnotes":""},"categories":[4],"tags":[77,79],"class_list":["post-372","page","type-page","status-publish","hentry","category-forschung","tag-forschungsseminar","tag-kolloquium"],"_links":{"self":[{"href":"https:\/\/www.hsu-hh.de\/epu\/wp-json\/wp\/v2\/pages\/372","targetHints":{"allow":["GET"]}}],"collection":[{"href":"https:\/\/www.hsu-hh.de\/epu\/wp-json\/wp\/v2\/pages"}],"about":[{"href":"https:\/\/www.hsu-hh.de\/epu\/wp-json\/wp\/v2\/types\/page"}],"author":[{"embeddable":true,"href":"https:\/\/www.hsu-hh.de\/epu\/wp-json\/wp\/v2\/users\/147"}],"replies":[{"embeddable":true,"href":"https:\/\/www.hsu-hh.de\/epu\/wp-json\/wp\/v2\/comments?post=372"}],"version-history":[{"count":301,"href":"https:\/\/www.hsu-hh.de\/epu\/wp-json\/wp\/v2\/pages\/372\/revisions"}],"predecessor-version":[{"id":7570,"href":"https:\/\/www.hsu-hh.de\/epu\/wp-json\/wp\/v2\/pages\/372\/revisions\/7570"}],"wp:attachment":[{"href":"https:\/\/www.hsu-hh.de\/epu\/wp-json\/wp\/v2\/media?parent=372"}],"wp:term":[{"taxonomy":"category","embeddable":true,"href":"https:\/\/www.hsu-hh.de\/epu\/wp-json\/wp\/v2\/categories?post=372"},{"taxonomy":"post_tag","embeddable":true,"href":"https:\/\/www.hsu-hh.de\/epu\/wp-json\/wp\/v2\/tags?post=372"}],"curies":[{"name":"wp","href":"https:\/\/api.w.org\/{rel}","templated":true}]}}