{"id":342,"date":"2017-11-07T09:50:24","date_gmt":"2017-11-07T08:50:24","guid":{"rendered":"https:\/\/www.hsu-hh.de\/epu\/?page_id=342"},"modified":"2026-02-06T15:42:27","modified_gmt":"2026-02-06T14:42:27","slug":"forschung","status":"publish","type":"page","link":"https:\/\/www.hsu-hh.de\/epu\/de\/forschung","title":{"rendered":"Forschung"},"content":{"rendered":"<div>\n<div>\n<div>\n<div>\n<div>\n<div>\n<div>\n<h3><strong>Unsere aktuelle Forschung ist in den folgenden Bereichen angesiedelt:<\/strong><\/h3>\n<ul>\n<li>Auditive Verarbeitung: Pr\u00e4-attentive Sprachverarbeitung, Sprachverstehen, Sprachwahrnehmung<\/li>\n<li>Auditive Verarbeitung: auditive Devianzentdeckung, sensorisches Ged\u00e4chtnis, Mismatch Negativity<\/li>\n<li>Experimentelle \u00c4sthetik, Neuro-kognitive Psychologie der \u00c4sthetik<\/li>\n<li><a href=\"https:\/\/www.hsu-hh.de\/epu\/exekutive-funktionen\" rel=\"noopener noreferrer\">Exekutive Funktionen<\/a><\/li>\n<\/ul>\n<h3><strong>Laufende Forschungsprojekte:<\/strong><\/h3>\n<ul>\n<li><a href=\"https:\/\/www.csmc.uni-hamburg.de\/research\/irps\/rfc02.html\" target=\"_blank\" rel=\"noopener\">Cluster of Excellence: Understanding Written Artefacts &#8211; Valuating Handwriting in East Asia in the Digital Age<\/a><\/li>\n<li><a href=\"https:\/\/dtecbw.de\/home\/forschung\/hsu\/projekt-imbrad\/projekt-imbrad\" target=\"_blank\" rel=\"noopener\">dtec.bw &#8211; Immersion and the Mind\/Brain on Digital (IMBraD)<\/a><\/li>\n<li><a href=\"https:\/\/dtecbw.de\/home\/forschung\/hsu\/projekt-coupleit\/projekt-coupleit\" target=\"_blank\" rel=\"noopener\">dtec.bw &#8211; CoupleIT!<\/a><\/li>\n<\/ul>\n<h3><strong>Abgeschlossene Forschungsprojekte:<\/strong><\/h3>\n<ul>\n<li><a href=\"https:\/\/www.hsu-hh.de\/erika\/\" target=\"_blank\" rel=\"noopener\">Effektive Risikokommunikation (ERika)<\/a><\/li>\n<li><a href=\"https:\/\/www.hsu-hh.de\/epu\/de\/forschung\/innovative-luftgestuetzte-urbane-mobilitaet-i-lum\" target=\"_blank\" rel=\"noopener\">Innovative Luftgest\u00fctzte Urbane Mobilit\u00e4t (i-LUM)<\/a><\/li>\n<li><a href=\"https:\/\/www.csmc.uni-hamburg.de\/uwa-i\/cluster-projects\/field-c\/rfc02.html\" target=\"_blank\" rel=\"noopener\">Cluster of Excellence: Understanding Written Artefacts &#8211; Valuating Handwriting in the Digital Age: A Case Study in Japanese Calligraphy<\/a><\/li>\n<li><a href=\"https:\/\/www.spp1772.uni-freiburg.de\/projects\/maintenance-and-shifting?set_language=de\" target=\"_blank\" rel=\"noopener\">Human performance under multiple cognitive task requirements: From basic mechanisms to optimized task scheduling<\/a> <a href=\"https:\/\/www.spp1772.uni-freiburg.de\/\" target=\"_blank\" rel=\"noopener\">(DFG-Projekt SPP1772)<\/a><\/li>\n<li><a href=\"https:\/\/www.hsu-hh.de\/epu\/de\/forschung\/flexibles-lernen-unter-stress-neurokognitive-mechanismen-und-klinische-implikationen-teilprojekt\" target=\"_blank\" rel=\"noopener\">Flexibles Lernen unter Stress: neurokognitive Mechanismen und klinische Implikationen: Teilprojekt B \u2013 Stress und flexibles Lernen: Kontextanpassung selektiver Aufmerksamkeit<\/a><\/li>\n<li><a href=\"https:\/\/www.hsu-hh.de\/epu\/forschung\/sensory-post-perceptual-and-hemisphere-specific-adjustment-to-conflict-stimulation\" rel=\"noopener\">Sensorische, postperzeptuelle und hemisph\u00e4renspezifische Anpassung an Bedingungen konflikthaltiger Stimulation (DFG-Projekt)<\/a><\/li>\n<li><a title=\"Startseite \u00bb Seiten \u00bb Pre-attentive phonotactic processing 2006-2013\" href=\"https:\/\/www.hsu-hh.de\/epu\/forschung\/pre-attentive-phonotactic-processing-2006-2014\" target=\"_blank\" rel=\"noopener noreferrer\">Pre-attentive phonotcatic processing (DFG-Projekt SPP1234)<\/a><\/li>\n<li><a href=\"http:\/\/www.loe.fu-berlin.de\/zentrum\/forschung\/abgeschlossen\/being_moved\/index.html\" target=\"_blank\" rel=\"noopener noreferrer\">Bewegen, r\u00fchren, ergreifen. Feinanalysen komplexer Empfindungsterme\u00a0<\/a> (Cluster of Excellence Languages of Emotion)<\/li>\n<li><a href=\"http:\/\/www.loe.fu-berlin.de\/zentrum\/forschung\/abgeschlossen\/aesthetische_modulation\/index.html\" target=\"_blank\" rel=\"noopener noreferrer\">\u00c4sthetische Modulation affektiver Valenz.\u00a0Die Lust am Ekelhaften, Traurigen und \u00c4rgerlichen in der \u00e4sthetischen Erfahrung<br \/>\n<\/a> (Cluster of Excellence Languages of Emotion)<\/li>\n<li>Tuning the Brain for Music (EU FP6-2004-NEST-PATH)<\/li>\n<li><a title=\"Home \u00bb Seiten \u00bb Preparation of Task Processing\/Cognitive\" href=\"https:\/\/www.hsu-hh.de\/epu\/forschung\/exekutive-funktionen\/preparation-of-task-processingcognitive-control-in-response-to-conflicting-s-r-translation\" rel=\"noopener noreferrer\">Preparation of Task Processing\/Cognitive Control in Response to Conflicting S-R Translation (DFG-Projekt SPP1107)<\/a><\/li>\n<\/ul>\n<\/div>\n<\/div>\n<\/div>\n<\/div>\n<\/div>\n<\/div>\n<\/div>\n","protected":false},"excerpt":{"rendered":"<p>Unsere aktuelle Forschung ist in den folgenden Bereichen angesiedelt: Auditive Verarbeitung: Pr\u00e4-attentive Sprachverarbeitung, Sprachverstehen, Sprachwahrnehmung Auditive Verarbeitung: auditive Devianzentdeckung, sensorisches Ged\u00e4chtnis, Mismatch Negativity Experimentelle \u00c4sthetik, Neuro-kognitive Psychologie der \u00c4sthetik Exekutive [&hellip;]<\/p>\n","protected":false},"author":147,"featured_media":0,"parent":0,"menu_order":0,"comment_status":"closed","ping_status":"closed","template":"","meta":{"footnotes":""},"categories":[4],"tags":[75],"class_list":["post-342","page","type-page","status-publish","hentry","category-forschung","tag-forschung"],"_links":{"self":[{"href":"https:\/\/www.hsu-hh.de\/epu\/wp-json\/wp\/v2\/pages\/342","targetHints":{"allow":["GET"]}}],"collection":[{"href":"https:\/\/www.hsu-hh.de\/epu\/wp-json\/wp\/v2\/pages"}],"about":[{"href":"https:\/\/www.hsu-hh.de\/epu\/wp-json\/wp\/v2\/types\/page"}],"author":[{"embeddable":true,"href":"https:\/\/www.hsu-hh.de\/epu\/wp-json\/wp\/v2\/users\/147"}],"replies":[{"embeddable":true,"href":"https:\/\/www.hsu-hh.de\/epu\/wp-json\/wp\/v2\/comments?post=342"}],"version-history":[{"count":53,"href":"https:\/\/www.hsu-hh.de\/epu\/wp-json\/wp\/v2\/pages\/342\/revisions"}],"predecessor-version":[{"id":7587,"href":"https:\/\/www.hsu-hh.de\/epu\/wp-json\/wp\/v2\/pages\/342\/revisions\/7587"}],"wp:attachment":[{"href":"https:\/\/www.hsu-hh.de\/epu\/wp-json\/wp\/v2\/media?parent=342"}],"wp:term":[{"taxonomy":"category","embeddable":true,"href":"https:\/\/www.hsu-hh.de\/epu\/wp-json\/wp\/v2\/categories?post=342"},{"taxonomy":"post_tag","embeddable":true,"href":"https:\/\/www.hsu-hh.de\/epu\/wp-json\/wp\/v2\/tags?post=342"}],"curies":[{"name":"wp","href":"https:\/\/api.w.org\/{rel}","templated":true}]}}