{"id":2428,"date":"2018-11-09T12:10:56","date_gmt":"2018-11-09T11:10:56","guid":{"rendered":"https:\/\/www.hsu-hh.de\/epu\/?page_id=2428"},"modified":"2021-09-06T13:10:35","modified_gmt":"2021-09-06T11:10:35","slug":"cv","status":"publish","type":"page","link":"https:\/\/www.hsu-hh.de\/epu\/de\/team_de\/weigand\/cv","title":{"rendered":"Curriculum Vitae"},"content":{"rendered":"<table width=\"1208\">\n<tbody>\n<tr>\n<td width=\"88\">1992<\/td>\n<td colspan=\"4\" width=\"1120\">geboren<\/td>\n<\/tr>\n<tr>\n<td>2011<\/td>\n<td colspan=\"3\">Allgemeine Hochschulreife<\/td>\n<td><\/td>\n<\/tr>\n<tr>\n<td>2011\u20132014<\/td>\n<td colspan=\"4\">B.A. Psychologie, Universit\u00e4t Hamburg<\/td>\n<\/tr>\n<tr>\n<td><\/td>\n<td colspan=\"4\">Bachelorarbeit: &#8222;Moderiert das 2D:4D-Verh\u00e4ltnis bei M\u00e4nnern den Einfluss von sexuellen Hinweisreizen auf monet\u00e4re Entscheidungen im Ultimatumspiel?&#8220;<\/td>\n<\/tr>\n<tr>\n<td>2014\u20132016<\/td>\n<td colspan=\"4\">M.Sc. Psychologie, Universit\u00e4t Hamburg<\/td>\n<\/tr>\n<tr>\n<td><\/td>\n<td colspan=\"4\">Masterarbeit: &#8222;Elektrokortikale Korrelate sozialer Prozesse.&#8220;<\/td>\n<\/tr>\n<tr>\n<td>2021<\/td>\n<td colspan=\"4\">Approbation zur Psychologischen Psychotherapeutin (Verhaltenstherapie)<\/td>\n<\/tr>\n<tr>\n<td>seit November 2018<\/td>\n<td colspan=\"4\">Wissenschaftliche Mitarbeiterin an der Professur f\u00fcr Allgemeine und Biologische Psychologie der Helmut-Schmidt-Universit\u00e4t\/Universit\u00e4t der Bundeswehr Hamburg<\/td>\n<\/tr>\n<\/tbody>\n<\/table>\n","protected":false},"excerpt":{"rendered":"<p>1992 geboren 2011 Allgemeine Hochschulreife 2011\u20132014 B.A. Psychologie, Universit\u00e4t Hamburg Bachelorarbeit: &#8222;Moderiert das 2D:4D-Verh\u00e4ltnis bei M\u00e4nnern den Einfluss von sexuellen Hinweisreizen auf monet\u00e4re Entscheidungen im Ultimatumspiel?&#8220; 2014\u20132016 M.Sc. Psychologie, Universit\u00e4t [&hellip;]<\/p>\n","protected":false},"author":147,"featured_media":0,"parent":2421,"menu_order":0,"comment_status":"closed","ping_status":"closed","template":"","meta":{"footnotes":""},"categories":[55],"tags":[],"class_list":["post-2428","page","type-page","status-publish","hentry","category-mitarbeiter-de"],"_links":{"self":[{"href":"https:\/\/www.hsu-hh.de\/epu\/wp-json\/wp\/v2\/pages\/2428","targetHints":{"allow":["GET"]}}],"collection":[{"href":"https:\/\/www.hsu-hh.de\/epu\/wp-json\/wp\/v2\/pages"}],"about":[{"href":"https:\/\/www.hsu-hh.de\/epu\/wp-json\/wp\/v2\/types\/page"}],"author":[{"embeddable":true,"href":"https:\/\/www.hsu-hh.de\/epu\/wp-json\/wp\/v2\/users\/147"}],"replies":[{"embeddable":true,"href":"https:\/\/www.hsu-hh.de\/epu\/wp-json\/wp\/v2\/comments?post=2428"}],"version-history":[{"count":3,"href":"https:\/\/www.hsu-hh.de\/epu\/wp-json\/wp\/v2\/pages\/2428\/revisions"}],"predecessor-version":[{"id":4392,"href":"https:\/\/www.hsu-hh.de\/epu\/wp-json\/wp\/v2\/pages\/2428\/revisions\/4392"}],"up":[{"embeddable":true,"href":"https:\/\/www.hsu-hh.de\/epu\/wp-json\/wp\/v2\/pages\/2421"}],"wp:attachment":[{"href":"https:\/\/www.hsu-hh.de\/epu\/wp-json\/wp\/v2\/media?parent=2428"}],"wp:term":[{"taxonomy":"category","embeddable":true,"href":"https:\/\/www.hsu-hh.de\/epu\/wp-json\/wp\/v2\/categories?post=2428"},{"taxonomy":"post_tag","embeddable":true,"href":"https:\/\/www.hsu-hh.de\/epu\/wp-json\/wp\/v2\/tags?post=2428"}],"curies":[{"name":"wp","href":"https:\/\/api.w.org\/{rel}","templated":true}]}}