{"id":825,"date":"2019-02-07T14:05:56","date_gmt":"2019-02-07T13:05:56","guid":{"rendered":"https:\/\/www.hsu-hh.de\/empwifo\/?page_id=825"},"modified":"2019-03-26T10:27:17","modified_gmt":"2019-03-26T09:27:17","slug":"newsarchiv","status":"publish","type":"page","link":"https:\/\/www.hsu-hh.de\/empwifo\/newsarchiv","title":{"rendered":"Newsarchiv"},"content":{"rendered":"<div id=\"category_content_2WpfxbG4\" class=\"hsu_category archive-page\"><article  id=\"post-1867\" class=\"category-list-item post-1867 post type-post status-publish format-standard hentry \"><a href=\"https:\/\/www.hsu-hh.de\/empwifo\/bachelor-seminar-empirische-wirtschaftsforschung\" title=\"Bachelor-Seminar \"Empirische Wirtschaftsforschung\"\" >\t<div class=\"article-listitem-datetime\">\t\t<time class=\"updated\" datetime=\"2026-03-30 20:04:56\"><\/time>\t\t<span class=\"article-month\">\t\t\t<time class=\"entry-date published\" datetime=\"\">Mar<\/time>\t\t<\/span>\t\t<span class=\"article-day\">\t\t\t<time class=\"entry-date published\" datetime=\"\">30<\/time>\t\t<\/span>\t\t<span class=\"article-datetime\">\t\t\t<time class=\"entry-date published\" datetime=\"\">2026<\/time>\t\t<\/span>\t<\/div><div class=\"hsu_category_article-content-wrap\"><div class=\"hsu_category_article-content-wrap-inner\"><div>\t<header class=\"entry-header\">\t\t<h3 class=\"entry-title\">Bachelor-Seminar \"Empirische Wirtschaftsforschung\"\t\t<\/h3>\t<\/header><div class=\"entry-content-excerpt\">Im Fr\u00fchjahrstrimester 2026 bietet der Lehrstuhl ein VWL-Seminar f\u00fcr den Bachelorstudiengang &#8222;Volkswirtschaftslehre&#8220; an. Eine Informationsveranstaltung hierzu findet am 8.4.26 von 11:30 bis 13:00 Uhr in Raum 2173 statt. Alle weiteren Informationen zum Seminar finden sich im Informationsblatt bei ILIAS.<\/div> <\/div><\/div><\/div><\/a><\/article><article  id=\"post-1861\" class=\"category-list-item post-1861 post type-post status-publish format-standard hentry \"><a href=\"https:\/\/www.hsu-hh.de\/empwifo\/erste-vorlesung-politische-oekonomik-am-mittwoch-dem-8-4-26-um-945-uhr\" title=\"Erste Vorlesung \"Politische \u00d6konomik\" am Mittwoch, dem 8.4.26 um 9:45 Uhr in SR 0401\" >\t<div class=\"article-listitem-datetime\">\t\t<time class=\"updated\" datetime=\"2026-03-28 13:22:25\"><\/time>\t\t<span class=\"article-month\">\t\t\t<time class=\"entry-date published\" datetime=\"\">Mar<\/time>\t\t<\/span>\t\t<span class=\"article-day\">\t\t\t<time class=\"entry-date published\" datetime=\"\">28<\/time>\t\t<\/span>\t\t<span class=\"article-datetime\">\t\t\t<time class=\"entry-date published\" datetime=\"\">2026<\/time>\t\t<\/span>\t<\/div><div class=\"hsu_category_article-content-wrap\"><div class=\"hsu_category_article-content-wrap-inner\"><div>\t<header class=\"entry-header\">\t\t<h3 class=\"entry-title\">Erste Vorlesung \"Politische \u00d6konomik\" am Mittwoch, dem 8.4.26 um 9:45 Uhr in SR 0401\t\t<\/h3>\t<\/header><div class=\"entry-content-excerpt\">Anders als im Vorlesungsverzeichnis angegeben findet die erste Vorlesung &#8222;Politische \u00d6konomik&#8220; am 8.4.26 nicht um 8:00 Uhr im H\u00f6rsaal 0002 sondern um 9:45 bis 11:15 im Seminarraum 0401 statt. Die Vorlesungsfolien zur Veranstaltung stehen ab sofort bei ILIAS online.<\/div> <\/div><\/div><\/div><\/a><\/article><article  id=\"post-1855\" class=\"category-list-item post-1855 post type-post status-publish format-standard hentry \"><a href=\"https:\/\/www.hsu-hh.de\/empwifo\/master-seminar-angewandte-oekonometrie\" title=\"Master-Seminar \"Angewandte \u00d6konometrie\"\" >\t<div class=\"article-listitem-datetime\">\t\t<time class=\"updated\" datetime=\"2025-12-19 00:28:14\"><\/time>\t\t<span class=\"article-month\">\t\t\t<time class=\"entry-date published\" datetime=\"\">Dec<\/time>\t\t<\/span>\t\t<span class=\"article-day\">\t\t\t<time class=\"entry-date published\" datetime=\"\">19<\/time>\t\t<\/span>\t\t<span class=\"article-datetime\">\t\t\t<time class=\"entry-date published\" datetime=\"\">2025<\/time>\t\t<\/span>\t<\/div><div class=\"hsu_category_article-content-wrap\"><div class=\"hsu_category_article-content-wrap-inner\"><div>\t<header class=\"entry-header\">\t\t<h3 class=\"entry-title\">Master-Seminar \"Angewandte \u00d6konometrie\"\t\t<\/h3>\t<\/header><div class=\"entry-content-excerpt\">Der Lehrstuhl bietet im Wintertrimester 2026 ein Masterseminar an. Die Informationsveranstaltung zum Seminar sowie die Themenvergabe findet am 12. Januar von 9:00 Uhr bis 9:30 Uhr in Raum 2173 statt. Die folgenden Themen k\u00f6nnen bearbeitet werden: (1) F\u00fchren Sportgro\u00dfveranstaltungen zu mehr Tourismus? (2) Der Einfluss des Wetters auf den Benzinpreis (3) Bestimmungsfaktoren der Inflationsaversion (4)...<\/div> <\/div><\/div><\/div><\/a><\/article><article  id=\"post-1848\" class=\"category-list-item post-1848 post type-post status-publish format-standard hentry \"><a href=\"https:\/\/www.hsu-hh.de\/empwifo\/auftaktveranstaltung-zeitreihenoekonometrie\" title=\"Auftaktveranstaltung \"Zeitreihen\u00f6konometrie\"\" >\t<div class=\"article-listitem-datetime\">\t\t<time class=\"updated\" datetime=\"2025-12-19 00:28:35\"><\/time>\t\t<span class=\"article-month\">\t\t\t<time class=\"entry-date published\" datetime=\"\">Dec<\/time>\t\t<\/span>\t\t<span class=\"article-day\">\t\t\t<time class=\"entry-date published\" datetime=\"\">19<\/time>\t\t<\/span>\t\t<span class=\"article-datetime\">\t\t\t<time class=\"entry-date published\" datetime=\"\">2025<\/time>\t\t<\/span>\t<\/div><div class=\"hsu_category_article-content-wrap\"><div class=\"hsu_category_article-content-wrap-inner\"><div>\t<header class=\"entry-header\">\t\t<h3 class=\"entry-title\">Auftaktveranstaltung \"Zeitreihen\u00f6konometrie\"\t\t<\/h3>\t<\/header><div class=\"entry-content-excerpt\">Die Auftaktveranstaltung zur Vorlesung &#8222;Zeitreihen\u00f6konometrie&#8220; findet am 5. Januar 2026 von 8:00 bis 9:30 Uhr in Seminarraum 0108 im Hauptgeb\u00e4ude (H01) statt.<\/div> <\/div><\/div><\/div><\/a><\/article><article  id=\"post-1846\" class=\"category-list-item post-1846 post type-post status-publish format-standard hentry \"><a href=\"https:\/\/www.hsu-hh.de\/empwifo\/auftaktveranstaltung-einfuehrung-in-die-oekonometrie\" title=\"Auftaktveranstaltung \"Einf\u00fchrung in die \u00d6konometrie\"\" >\t<div class=\"article-listitem-datetime\">\t\t<time class=\"updated\" datetime=\"2025-12-19 00:28:47\"><\/time>\t\t<span class=\"article-month\">\t\t\t<time class=\"entry-date published\" datetime=\"\">Dec<\/time>\t\t<\/span>\t\t<span class=\"article-day\">\t\t\t<time class=\"entry-date published\" datetime=\"\">19<\/time>\t\t<\/span>\t\t<span class=\"article-datetime\">\t\t\t<time class=\"entry-date published\" datetime=\"\">2025<\/time>\t\t<\/span>\t<\/div><div class=\"hsu_category_article-content-wrap\"><div class=\"hsu_category_article-content-wrap-inner\"><div>\t<header class=\"entry-header\">\t\t<h3 class=\"entry-title\">Auftaktveranstaltung \"Einf\u00fchrung in die \u00d6konometrie\"\t\t<\/h3>\t<\/header><div class=\"entry-content-excerpt\">Die Auftaktveranstaltung f\u00fcr die Vorlesung &#8222;Einf\u00fchrung in die \u00d6konometrie&#8220; findet am Montag, dem 5. Januar 2026 von 9:45 bis 11:15 in Seminarraum 0101 (Hauptgeb\u00e4ude H01) statt.<\/div> <\/div><\/div><\/div><\/a><\/article><\/div><div class=\"col-xs-12 col-md-3 col-md-push-4\"><span class=\"link no-arrow\"><button class=\"categorymore hsu_btn\" id=\"2WpfxbG4\"  data-category=\"Startseite\" data-categoryid=\"86\" data-posts_per_page=\"5\" data-order=\"DESC\" data-paged=\"2\" data-more_posts=\"1\" data-nocontent=\"1\" data-uid=\"2WpfxbG4\">Mehr Beitr\u00e4ge<\/button><\/span><\/div><div class=\"clearfix\"><\/div>\n","protected":false},"excerpt":{"rendered":"","protected":false},"author":2055,"featured_media":0,"parent":0,"menu_order":0,"comment_status":"closed","ping_status":"closed","template":"newsarchive.php","meta":{"footnotes":""},"categories":[86],"tags":[],"class_list":["post-825","page","type-page","status-publish","hentry","category-neuigkeiten"],"_links":{"self":[{"href":"https:\/\/www.hsu-hh.de\/empwifo\/wp-json\/wp\/v2\/pages\/825","targetHints":{"allow":["GET"]}}],"collection":[{"href":"https:\/\/www.hsu-hh.de\/empwifo\/wp-json\/wp\/v2\/pages"}],"about":[{"href":"https:\/\/www.hsu-hh.de\/empwifo\/wp-json\/wp\/v2\/types\/page"}],"author":[{"embeddable":true,"href":"https:\/\/www.hsu-hh.de\/empwifo\/wp-json\/wp\/v2\/users\/2055"}],"replies":[{"embeddable":true,"href":"https:\/\/www.hsu-hh.de\/empwifo\/wp-json\/wp\/v2\/comments?post=825"}],"version-history":[{"count":4,"href":"https:\/\/www.hsu-hh.de\/empwifo\/wp-json\/wp\/v2\/pages\/825\/revisions"}],"predecessor-version":[{"id":935,"href":"https:\/\/www.hsu-hh.de\/empwifo\/wp-json\/wp\/v2\/pages\/825\/revisions\/935"}],"wp:attachment":[{"href":"https:\/\/www.hsu-hh.de\/empwifo\/wp-json\/wp\/v2\/media?parent=825"}],"wp:term":[{"taxonomy":"category","embeddable":true,"href":"https:\/\/www.hsu-hh.de\/empwifo\/wp-json\/wp\/v2\/categories?post=825"},{"taxonomy":"post_tag","embeddable":true,"href":"https:\/\/www.hsu-hh.de\/empwifo\/wp-json\/wp\/v2\/tags?post=825"}],"curies":[{"name":"wp","href":"https:\/\/api.w.org\/{rel}","templated":true}]}}

<div id="category_content_2WpfxbG4" class="hsu_category archive-page"><article  id="post-1867" class="category-list-item post-1867 post type-post status-publish format-standard hentry "><a href="https://www.hsu-hh.de/empwifo/bachelor-seminar-empirische-wirtschaftsforschung" title="Bachelor-Seminar "Empirische Wirtschaftsforschung"" >	<div class="article-listitem-datetime">		<time class="updated" datetime="2026-03-30 20:04:56"></time>		<span class="article-month">			<time class="entry-date published" datetime="">Mar</time>		</span>		<span class="article-day">			<time class="entry-date published" datetime="">30</time>		</span>		<span class="article-datetime">			<time class="entry-date published" datetime="">2026</time>		</span>	</div><div class="hsu_category_article-content-wrap"><div class="hsu_category_article-content-wrap-inner"><div>	<header class="entry-header">		<h3 class="entry-title">Bachelor-Seminar "Empirische Wirtschaftsforschung"		</h3>	</header><div class="entry-content-excerpt">Im Frühjahrstrimester 2026 bietet der Lehrstuhl ein VWL-Seminar für den Bachelorstudiengang &#8222;Volkswirtschaftslehre&#8220; an. Eine Informationsveranstaltung hierzu findet am 8.4.26 von 11:30 bis 13:00 Uhr in Raum 2173 statt. Alle weiteren Informationen zum Seminar finden sich im Informationsblatt bei ILIAS.</div> </div></div></div></a></article><article  id="post-1861" class="category-list-item post-1861 post type-post status-publish format-standard hentry "><a href="https://www.hsu-hh.de/empwifo/erste-vorlesung-politische-oekonomik-am-mittwoch-dem-8-4-26-um-945-uhr" title="Erste Vorlesung "Politische Ökonomik" am Mittwoch, dem 8.4.26 um 9:45 Uhr in SR 0401" >	<div class="article-listitem-datetime">		<time class="updated" datetime="2026-03-28 13:22:25"></time>		<span class="article-month">			<time class="entry-date published" datetime="">Mar</time>		</span>		<span class="article-day">			<time class="entry-date published" datetime="">28</time>		</span>		<span class="article-datetime">			<time class="entry-date published" datetime="">2026</time>		</span>	</div><div class="hsu_category_article-content-wrap"><div class="hsu_category_article-content-wrap-inner"><div>	<header class="entry-header">		<h3 class="entry-title">Erste Vorlesung "Politische Ökonomik" am Mittwoch, dem 8.4.26 um 9:45 Uhr in SR 0401		</h3>	</header><div class="entry-content-excerpt">Anders als im Vorlesungsverzeichnis angegeben findet die erste Vorlesung &#8222;Politische Ökonomik&#8220; am 8.4.26 nicht um 8:00 Uhr im Hörsaal 0002 sondern um 9:45 bis 11:15 im Seminarraum 0401 statt. Die Vorlesungsfolien zur Veranstaltung stehen ab sofort bei ILIAS online.</div> </div></div></div></a></article><article  id="post-1855" class="category-list-item post-1855 post type-post status-publish format-standard hentry "><a href="https://www.hsu-hh.de/empwifo/master-seminar-angewandte-oekonometrie" title="Master-Seminar "Angewandte Ökonometrie"" >	<div class="article-listitem-datetime">		<time class="updated" datetime="2025-12-19 00:28:14"></time>		<span class="article-month">			<time class="entry-date published" datetime="">Dec</time>		</span>		<span class="article-day">			<time class="entry-date published" datetime="">19</time>		</span>		<span class="article-datetime">			<time class="entry-date published" datetime="">2025</time>		</span>	</div><div class="hsu_category_article-content-wrap"><div class="hsu_category_article-content-wrap-inner"><div>	<header class="entry-header">		<h3 class="entry-title">Master-Seminar "Angewandte Ökonometrie"		</h3>	</header><div class="entry-content-excerpt">Der Lehrstuhl bietet im Wintertrimester 2026 ein Masterseminar an. Die Informationsveranstaltung zum Seminar sowie die Themenvergabe findet am 12. Januar von 9:00 Uhr bis 9:30 Uhr in Raum 2173 statt. Die folgenden Themen können bearbeitet werden: (1) Führen Sportgroßveranstaltungen zu mehr Tourismus? (2) Der Einfluss des Wetters auf den Benzinpreis (3) Bestimmungsfaktoren der Inflationsaversion (4)...</div> </div></div></div></a></article><article  id="post-1848" class="category-list-item post-1848 post type-post status-publish format-standard hentry "><a href="https://www.hsu-hh.de/empwifo/auftaktveranstaltung-zeitreihenoekonometrie" title="Auftaktveranstaltung "Zeitreihenökonometrie"" >	<div class="article-listitem-datetime">		<time class="updated" datetime="2025-12-19 00:28:35"></time>		<span class="article-month">			<time class="entry-date published" datetime="">Dec</time>		</span>		<span class="article-day">			<time class="entry-date published" datetime="">19</time>		</span>		<span class="article-datetime">			<time class="entry-date published" datetime="">2025</time>		</span>	</div><div class="hsu_category_article-content-wrap"><div class="hsu_category_article-content-wrap-inner"><div>	<header class="entry-header">		<h3 class="entry-title">Auftaktveranstaltung "Zeitreihenökonometrie"		</h3>	</header><div class="entry-content-excerpt">Die Auftaktveranstaltung zur Vorlesung &#8222;Zeitreihenökonometrie&#8220; findet am 5. Januar 2026 von 8:00 bis 9:30 Uhr in Seminarraum 0108 im Hauptgebäude (H01) statt.</div> </div></div></div></a></article><article  id="post-1846" class="category-list-item post-1846 post type-post status-publish format-standard hentry "><a href="https://www.hsu-hh.de/empwifo/auftaktveranstaltung-einfuehrung-in-die-oekonometrie" title="Auftaktveranstaltung "Einführung in die Ökonometrie"" >	<div class="article-listitem-datetime">		<time class="updated" datetime="2025-12-19 00:28:47"></time>		<span class="article-month">			<time class="entry-date published" datetime="">Dec</time>		</span>		<span class="article-day">			<time class="entry-date published" datetime="">19</time>		</span>		<span class="article-datetime">			<time class="entry-date published" datetime="">2025</time>		</span>	</div><div class="hsu_category_article-content-wrap"><div class="hsu_category_article-content-wrap-inner"><div>	<header class="entry-header">		<h3 class="entry-title">Auftaktveranstaltung "Einführung in die Ökonometrie"		</h3>	</header><div class="entry-content-excerpt">Die Auftaktveranstaltung für die Vorlesung &#8222;Einführung in die Ökonometrie&#8220; findet am Montag, dem 5. Januar 2026 von 9:45 bis 11:15 in Seminarraum 0101 (Hauptgebäude H01) statt.</div> </div></div></div></a></article></div><div class="col-xs-12 col-md-3 col-md-push-4"><span class="link no-arrow"><button class="categorymore hsu_btn" id="2WpfxbG4"  data-category="Startseite" data-categoryid="86" data-posts_per_page="5" data-order="DESC" data-paged="2" data-more_posts="1" data-nocontent="1" data-uid="2WpfxbG4">Mehr Beiträge</button></span></div><div class="clearfix"></div>
