{"id":9,"date":"2016-06-07T18:09:30","date_gmt":"2016-06-07T16:09:30","guid":{"rendered":"https:\/\/webbox.hsu-hh.de\/vorlage\/?page_id=9"},"modified":"2018-02-14T12:01:26","modified_gmt":"2018-02-14T11:01:26","slug":"impressum","status":"publish","type":"page","link":"https:\/\/www.hsu-hh.de\/ema\/impressum","title":{"rendered":"Kontakt"},"content":{"rendered":"<p>Helmut-Schmidt-Universit\u00e4t<br \/>\nUniversit\u00e4t der Bundeswehr Hamburg<br \/>\nFakult\u00e4t f\u00fcr Elektrotechnik<br \/>\nElektrische Maschinen und Antriebssysteme<br \/>\n<abbr title=\"Universit\u00e4tsprofessor\">Univ.-Prof.<\/abbr> <abbr title=\"Doktor der Ingenieurwissenschaften\">Dr.-Ing.<\/abbr> Christian Kreischer<br \/>\nHolstenhofweg 85<br \/>\nGeb\u00e4ude H1<\/p>\n<p>22043 Hamburg<\/p>\n<p>&nbsp;<\/p>\n<p><strong>Postanschrift<\/strong><\/p>\n<p>Helmut-Schmidt-Universit\u00e4t<br \/>\nUniversit\u00e4t der Bundeswehr Hamburg<br \/>\nFakult\u00e4t f\u00fcr Elektrotechnik<br \/>\nElektrische Maschinen und Antriebssysteme<\/p>\n<p>22039 Hamburg<\/p>\n<p><strong>Ansprechpartner:<\/strong><\/p>\n<p>Corina Flegel<strong><br \/>\nTel. <\/strong>(+49)40 6541-2368<br \/>\n<strong>Sprechstunde:<\/strong> Mi (nachmittag) und Freitag<br \/>\nFerner zu erreichen Di\/Do unter 3381 und Mo\/Mi (vormittag) unter 2016.<\/p>\n<div class=\"background-grey\">\n<p style=\"text-align: center\"><a href=\"https:\/\/www.hsu-hh.de\/ema\/impressum-2\"><strong>Impressum<\/strong><\/a><\/p>\n<\/div>\n<p>&nbsp;<\/p>\n","protected":false},"excerpt":{"rendered":"<p>Helmut-Schmidt-Universit\u00e4t Universit\u00e4t der Bundeswehr Hamburg Fakult\u00e4t f\u00fcr Elektrotechnik Elektrische Maschinen und Antriebssysteme Univ.-Prof. Dr.-Ing. Christian Kreischer Holstenhofweg 85 Geb\u00e4ude H1 22043 Hamburg &nbsp; Postanschrift Helmut-Schmidt-Universit\u00e4t Universit\u00e4t der Bundeswehr Hamburg Fakult\u00e4t [&hellip;]<\/p>\n","protected":false},"author":1,"featured_media":0,"parent":0,"menu_order":0,"comment_status":"closed","ping_status":"closed","template":"","meta":{"footnotes":""},"categories":[],"tags":[],"class_list":["post-9","page","type-page","status-publish","hentry"],"_links":{"self":[{"href":"https:\/\/www.hsu-hh.de\/ema\/wp-json\/wp\/v2\/pages\/9","targetHints":{"allow":["GET"]}}],"collection":[{"href":"https:\/\/www.hsu-hh.de\/ema\/wp-json\/wp\/v2\/pages"}],"about":[{"href":"https:\/\/www.hsu-hh.de\/ema\/wp-json\/wp\/v2\/types\/page"}],"author":[{"embeddable":true,"href":"https:\/\/www.hsu-hh.de\/ema\/wp-json\/wp\/v2\/users\/1"}],"replies":[{"embeddable":true,"href":"https:\/\/www.hsu-hh.de\/ema\/wp-json\/wp\/v2\/comments?post=9"}],"version-history":[{"count":23,"href":"https:\/\/www.hsu-hh.de\/ema\/wp-json\/wp\/v2\/pages\/9\/revisions"}],"predecessor-version":[{"id":734,"href":"https:\/\/www.hsu-hh.de\/ema\/wp-json\/wp\/v2\/pages\/9\/revisions\/734"}],"wp:attachment":[{"href":"https:\/\/www.hsu-hh.de\/ema\/wp-json\/wp\/v2\/media?parent=9"}],"wp:term":[{"taxonomy":"category","embeddable":true,"href":"https:\/\/www.hsu-hh.de\/ema\/wp-json\/wp\/v2\/categories?post=9"},{"taxonomy":"post_tag","embeddable":true,"href":"https:\/\/www.hsu-hh.de\/ema\/wp-json\/wp\/v2\/tags?post=9"}],"curies":[{"name":"wp","href":"https:\/\/api.w.org\/{rel}","templated":true}]}}