{"id":699,"date":"2018-02-01T07:46:32","date_gmt":"2018-02-01T06:46:32","guid":{"rendered":"https:\/\/www.hsu-hh.de\/ema\/?page_id=699"},"modified":"2023-03-07T08:50:18","modified_gmt":"2023-03-07T07:50:18","slug":"curriculum-vitae","status":"publish","type":"page","link":"https:\/\/www.hsu-hh.de\/ema\/curriculum-vitae","title":{"rendered":"Univ.-Prof. Dr.-Ing. Christian Kreischer"},"content":{"rendered":"<div>\n<div>\n<div class=\"ansprechparter-container\">\n<div class=\"row ansprechpartner-item ansprechparter-header\">\n<div class=\"col-md-4 col-lg-3 col-xs-4 ansprechpartner-item floatright img-circle center-block\" style=\"margin-bottom: 30px\">\n<div class=\"img-responsive-wrapper\"><img loading=\"lazy\" decoding=\"async\" class=\"alignnone wp-image-2780 size-medium\" src=\"https:\/\/www.hsu-hh.de\/ema\/wp-content\/uploads\/sites\/588\/2023\/03\/Bild_Kreischer-225x300.jpg\" alt=\"\" width=\"225\" height=\"300\" srcset=\"https:\/\/www.hsu-hh.de\/ema\/wp-content\/uploads\/sites\/588\/2023\/03\/Bild_Kreischer-225x300.jpg 225w, https:\/\/www.hsu-hh.de\/ema\/wp-content\/uploads\/sites\/588\/2023\/03\/Bild_Kreischer-768x1024.jpg 768w, https:\/\/www.hsu-hh.de\/ema\/wp-content\/uploads\/sites\/588\/2023\/03\/Bild_Kreischer.jpg 1063w\" sizes=\"auto, (max-width: 225px) 100vw, 225px\" \/><\/div>\n<\/div>\n<div class=\"col-md-12 col-lg-3 col-xs-12 ansprechpartner-item kontakt floatright\" style=\"margin-bottom: 30px\">\n<div class=\"row\">\n<div class=\"col-xs-12 col-sm-6 col-lg-12\"><strong>Raum: <\/strong>1324<br \/>\n<strong>Tel. <\/strong>040-6541-2060<br \/>\n<strong>Email:<\/strong><br \/>\n<a style=\"font-family: Georgia, 'Times New Roman', 'Bitstream Charter', Times, serif\" href=\"mailto:christian.kreischer@hsu-hh.de\" rel='nofollow'>christian.kreischer@hsu-hh.de<\/a><\/div>\n<\/div>\n<\/div>\n<div class=\"col-md-6 col-lg-3 col-xs-12 ansprechpartner-item anschrift floatright\">\n<div class=\"row-headline\">Besucheranschrift<\/div>\n<div class=\"row-text\">Helmut-Schmidt-Universit\u00e4t<\/div>\n<div class=\"row-text\">Geb\u00e4ude H1<\/div>\n<div class=\"row-text\">Holstenhofweg 85<\/div>\n<div class=\"row-text\">22043 Hamburg<\/div>\n<\/div>\n<div class=\"col-md-6 col-lg-3 col-xs-12 ansprechpartner-item anschrift floatright\">\n<div class=\"row-headline\">Postanschrift<\/div>\n<div class=\"row-text\">Postanschrift<br \/>\nHelmut-Schmidt-Universit\u00e4t<br \/>\nFakult\u00e4t f\u00fcr Elektrotechnik<br \/>\nElektrische Maschinen und<br \/>\nAntriebssysteme<br \/>\nPostfach 70 08 22<br \/>\n22008 Hamburg<\/div>\n<\/div>\n<\/div>\n<\/div>\n<div class=\"clearfix\"><\/div>\n<h2><strong>Curriculum Vitae<\/strong><\/h2>\n<div class=\"clearfix\">\n<table>\n<tbody>\n<tr>\n<td colspan=\"2\" width=\"614\"><strong>Ausbildung<\/strong><\/td>\n<\/tr>\n<tr>\n<td width=\"149\">1990-1994<\/td>\n<td width=\"465\">Kardinal-von-Galen Schule, Oberhausen<\/td>\n<\/tr>\n<tr>\n<td width=\"149\">1994-2000<\/td>\n<td width=\"465\">Theodor-Heuss-Realschule, Oberhausen<\/td>\n<\/tr>\n<tr>\n<td width=\"149\">Abschluss:<\/td>\n<td width=\"465\">Fachoberschulreife<\/td>\n<\/tr>\n<tr>\n<td width=\"149\">2000-2003<\/td>\n<td width=\"465\">Bertha-von-Suttner Gymnasium, Oberhausen<\/td>\n<\/tr>\n<tr>\n<td width=\"149\">Abschluss:<\/td>\n<td width=\"465\">Allgemeine Hochschulreife<\/td>\n<\/tr>\n<tr>\n<td width=\"149\">2003-2007<\/td>\n<td width=\"465\">Studium der Informationstechnik an der Universit\u00e4t Dortmund<\/td>\n<\/tr>\n<tr>\n<td width=\"149\">Abschluss:<\/td>\n<td width=\"465\">Diplom<\/td>\n<\/tr>\n<tr>\n<td width=\"149\">12.04.2011<\/td>\n<td width=\"465\">Promotion zum Thema \u201eMonitoring und Diagnose von Wickelkopfschwingungen in Kraftwerksgeneratoren\u201c<\/td>\n<\/tr>\n<tr>\n<td width=\"149\">Bewertung:<\/td>\n<td width=\"465\">magna cum laude<\/td>\n<\/tr>\n<tr>\n<td colspan=\"2\" width=\"614\"><\/td>\n<\/tr>\n<tr>\n<td colspan=\"2\" width=\"614\"><strong>Berufliche T\u00e4tigkeiten in der Forschung und Lehre<\/strong><\/td>\n<\/tr>\n<tr>\n<td width=\"149\">01.2008 \u2013 12.2011<\/td>\n<td width=\"465\">Wissenschaftlicher Mitarbeiter am Lehrstuhl f\u00fcr Elektrische Antriebe und Mechatronik der Technischen Universit\u00e4t Dortmund<\/td>\n<\/tr>\n<tr>\n<td width=\"149\">01.2012 \u2013 12.2017<\/td>\n<td width=\"465\">Akademischer Rat und Gruppenleiter am Lehrstuhl f\u00fcr Elektrische Antriebe und Mechatronik der Technischen Universit\u00e4t Dortmund<\/td>\n<\/tr>\n<tr>\n<td width=\"149\">07.2013 \u2013 04.2016<\/td>\n<td width=\"465\">Vertretung des Lehrstuhls f\u00fcr Energiewandlung (ehemals Elektrische Antriebe und Mechatronik) der Technischen Universit\u00e4t Dortmund<\/td>\n<\/tr>\n<tr>\n<td width=\"149\">seit 01.01.2018<\/td>\n<td width=\"465\">Professurinhaber \u201eElektrische Maschinen und Antriebssysteme\u201c an der <abbr title=\"Helmut Schmidt Universit\u00e4t\">HSU<\/abbr>\/UniBw H<\/td>\n<\/tr>\n<tr>\n<td colspan=\"2\" width=\"614\"><\/td>\n<\/tr>\n<tr>\n<td colspan=\"2\" width=\"614\"><strong>Wissenschaftspolitische Aufgaben und Arbeit in Gremien<\/strong><\/td>\n<\/tr>\n<tr>\n<td width=\"149\">seit Ende 2010<\/td>\n<td width=\"465\">Mitglied im GMA-Fachausschuss 7.15<\/td>\n<\/tr>\n<tr>\n<td width=\"149\">2012 2013<\/td>\n<td width=\"465\">Mitglied im Fakult\u00e4tsrat der Fakult\u00e4t Elektrotechnik und Informationstechnik der Technischen Universit\u00e4t Dortmund<\/td>\n<\/tr>\n<tr>\n<td width=\"149\">seit Anfang 2015<\/td>\n<td width=\"465\">Mitglied in CIGR\u00c9 WG A1.49<\/td>\n<\/tr>\n<\/tbody>\n<\/table>\n<\/div>\n<\/div>\n<\/div>\n","protected":false},"excerpt":{"rendered":"<p>Raum: 1324 Tel. 040-6541-2060 Email: christian.kreischer@hsu-hh.de Besucheranschrift Helmut-Schmidt-Universit\u00e4t Geb\u00e4ude H1 Holstenhofweg 85 22043 Hamburg Postanschrift Postanschrift Helmut-Schmidt-Universit\u00e4t Fakult\u00e4t f\u00fcr Elektrotechnik Elektrische Maschinen und Antriebssysteme Postfach 70 08 22 22008 Hamburg [&hellip;]<\/p>\n","protected":false},"author":53,"featured_media":0,"parent":0,"menu_order":0,"comment_status":"closed","ping_status":"closed","template":"","meta":{"footnotes":""},"categories":[8],"tags":[],"class_list":["post-699","page","type-page","status-publish","hentry","category-team"],"_links":{"self":[{"href":"https:\/\/www.hsu-hh.de\/ema\/wp-json\/wp\/v2\/pages\/699","targetHints":{"allow":["GET"]}}],"collection":[{"href":"https:\/\/www.hsu-hh.de\/ema\/wp-json\/wp\/v2\/pages"}],"about":[{"href":"https:\/\/www.hsu-hh.de\/ema\/wp-json\/wp\/v2\/types\/page"}],"author":[{"embeddable":true,"href":"https:\/\/www.hsu-hh.de\/ema\/wp-json\/wp\/v2\/users\/53"}],"replies":[{"embeddable":true,"href":"https:\/\/www.hsu-hh.de\/ema\/wp-json\/wp\/v2\/comments?post=699"}],"version-history":[{"count":74,"href":"https:\/\/www.hsu-hh.de\/ema\/wp-json\/wp\/v2\/pages\/699\/revisions"}],"predecessor-version":[{"id":2781,"href":"https:\/\/www.hsu-hh.de\/ema\/wp-json\/wp\/v2\/pages\/699\/revisions\/2781"}],"wp:attachment":[{"href":"https:\/\/www.hsu-hh.de\/ema\/wp-json\/wp\/v2\/media?parent=699"}],"wp:term":[{"taxonomy":"category","embeddable":true,"href":"https:\/\/www.hsu-hh.de\/ema\/wp-json\/wp\/v2\/categories?post=699"},{"taxonomy":"post_tag","embeddable":true,"href":"https:\/\/www.hsu-hh.de\/ema\/wp-json\/wp\/v2\/tags?post=699"}],"curies":[{"name":"wp","href":"https:\/\/api.w.org\/{rel}","templated":true}]}}