{"id":2808,"date":"2023-05-30T12:46:02","date_gmt":"2023-05-30T10:46:02","guid":{"rendered":"https:\/\/www.hsu-hh.de\/ema\/?page_id=2808"},"modified":"2025-11-20T11:35:01","modified_gmt":"2025-11-20T10:35:01","slug":"forschungsprojekte","status":"publish","type":"page","link":"https:\/\/www.hsu-hh.de\/ema\/forschungsprojekte","title":{"rendered":"Forschungsprojekte"},"content":{"rendered":"\n<div class=\"wp-block-columns is-layout-flex wp-container-core-columns-is-layout-9d6595d7 wp-block-columns-is-layout-flex\">\n<div class=\"wp-block-column is-layout-flow wp-block-column-is-layout-flow\"><div class=\"wp-block-image\">\n<figure class=\"alignleft size-medium is-resized\"><img loading=\"lazy\" decoding=\"async\" width=\"300\" height=\"173\" src=\"https:\/\/www.hsu-hh.de\/ema\/wp-content\/uploads\/sites\/588\/2022\/04\/Bild_KIKU_1-300x173.png\" data-credit=\"HSU EMA\" alt=\"\" class=\"wp-image-2631\" style=\"height:177px\" srcset=\"https:\/\/www.hsu-hh.de\/ema\/wp-content\/uploads\/sites\/588\/2022\/04\/Bild_KIKU_1-300x173.png 300w, https:\/\/www.hsu-hh.de\/ema\/wp-content\/uploads\/sites\/588\/2022\/04\/Bild_KIKU_1-768x443.png 768w, https:\/\/www.hsu-hh.de\/ema\/wp-content\/uploads\/sites\/588\/2022\/04\/Bild_KIKU_1.png 1024w\" sizes=\"auto, (max-width: 300px) 100vw, 300px\" \/><figcaption class=\"wp-element-caption\"><a href=\"https:\/\/www.hsu-hh.de\/ema\/kiku-antriebssysteme-fuer-unterstuetzungssysteme\">KIKU: Antriebssysteme f\u00fcr Unterst\u00fctzungssysteme<\/a><\/figcaption><\/figure>\n<\/div>\n\n\n<p class=\"has-text-align-center\"><\/p>\n<\/div>\n\n\n\n<div class=\"wp-block-column is-layout-flow wp-block-column-is-layout-flow\"><div class=\"wp-block-image\">\n<figure class=\"alignleft size-thumbnail is-resized\"><img loading=\"lazy\" decoding=\"async\" width=\"150\" height=\"150\" src=\"https:\/\/www.hsu-hh.de\/ema\/wp-content\/uploads\/sites\/588\/2023\/06\/Ranger-150x150.jpg\" data-credit=\"HSU HH\" alt=\"\" class=\"wp-image-2942\" style=\"width:200px;height:auto\" srcset=\"https:\/\/www.hsu-hh.de\/ema\/wp-content\/uploads\/sites\/588\/2023\/06\/Ranger-150x150.jpg 150w, https:\/\/www.hsu-hh.de\/ema\/wp-content\/uploads\/sites\/588\/2023\/06\/Ranger-100x100.jpg 100w\" sizes=\"auto, (max-width: 150px) 100vw, 150px\" \/><figcaption class=\"wp-element-caption\"><a href=\"https:\/\/www.hsu-hh.de\/ema\/reichweitenpraediktion-in-der-elektromobilitaet\">Reichweitenpr\u00e4diktion <\/a><br><a href=\"https:\/\/www.hsu-hh.de\/ema\/reichweitenpraediktion-in-der-elektromobilitaet\">in der Elektromobilit\u00e4t<\/a><\/figcaption><\/figure>\n<\/div>\n\n\n<p class=\"has-text-align-center\"><\/p>\n<\/div>\n\n\n\n<div class=\"wp-block-column is-layout-flow wp-block-column-is-layout-flow\"><div class=\"wp-block-image\">\n<figure class=\"alignleft size-medium\"><img loading=\"lazy\" decoding=\"async\" width=\"300\" height=\"177\" src=\"https:\/\/www.hsu-hh.de\/ema\/wp-content\/uploads\/sites\/588\/2022\/05\/Pruefstand-300x177.jpg\" data-credit=\"Johannes Liebrich\" alt=\"Multiphysikalische Untersuchungsplattform\" class=\"wp-image-2662\" srcset=\"https:\/\/www.hsu-hh.de\/ema\/wp-content\/uploads\/sites\/588\/2022\/05\/Pruefstand-300x177.jpg 300w, https:\/\/www.hsu-hh.de\/ema\/wp-content\/uploads\/sites\/588\/2022\/05\/Pruefstand-1024x604.jpg 1024w, https:\/\/www.hsu-hh.de\/ema\/wp-content\/uploads\/sites\/588\/2022\/05\/Pruefstand-768x453.jpg 768w, https:\/\/www.hsu-hh.de\/ema\/wp-content\/uploads\/sites\/588\/2022\/05\/Pruefstand-1536x905.jpg 1536w, https:\/\/www.hsu-hh.de\/ema\/wp-content\/uploads\/sites\/588\/2022\/05\/Pruefstand-1100x648.jpg 1100w, https:\/\/www.hsu-hh.de\/ema\/wp-content\/uploads\/sites\/588\/2022\/05\/Pruefstand.jpg 1654w\" sizes=\"auto, (max-width: 300px) 100vw, 300px\" \/><figcaption class=\"wp-element-caption\"><a href=\"https:\/\/www.hsu-hh.de\/ema\/charakterisierung-von-hochtemperatur-supraleitern-mit-hilfe-eines-multiphysikalischen-pruefstandes\">Charakterisierung von Hochtemperatur-Supraleitern mit Hilfe eines multiphysikalischen Pr\u00fcfstandes<\/a><\/figcaption><\/figure>\n<\/div>\n\n\n<p class=\"has-text-align-center\"><\/p>\n<\/div>\n<\/div>\n\n\n\n<div class=\"wp-block-columns is-layout-flex wp-container-core-columns-is-layout-9d6595d7 wp-block-columns-is-layout-flex\">\n<div class=\"wp-block-column is-layout-flow wp-block-column-is-layout-flow\"><div class=\"wp-block-image\">\n<figure class=\"alignleft size-medium\"><img loading=\"lazy\" decoding=\"async\" width=\"300\" height=\"177\" src=\"https:\/\/www.hsu-hh.de\/ema\/wp-content\/uploads\/sites\/588\/2023\/06\/Asynchronmaschine-300x177.png\" data-credit=\"\" alt=\"\" class=\"wp-image-3104\" srcset=\"https:\/\/www.hsu-hh.de\/ema\/wp-content\/uploads\/sites\/588\/2023\/06\/Asynchronmaschine-300x177.png 300w, https:\/\/www.hsu-hh.de\/ema\/wp-content\/uploads\/sites\/588\/2023\/06\/Asynchronmaschine.png 542w\" sizes=\"auto, (max-width: 300px) 100vw, 300px\" \/><figcaption class=\"wp-element-caption\"><a href=\"https:\/\/www.hsu-hh.de\/ema\/hochpolige-doppelt-gespeiste-asynchronmaschine-dgasm\">Hochpolige doppelt gespeiste Asynchronmaschine (DGASM)<\/a><\/figcaption><\/figure>\n<\/div>\n\n\n<p class=\"has-text-align-center\"><\/p>\n<\/div>\n\n\n\n<div class=\"wp-block-column is-layout-flow wp-block-column-is-layout-flow\">\n<p class=\"has-text-align-center\"><a href=\"https:\/\/www.hsu-hh.de\/ema\/kompakte-faserkeramik-basierte-roentgenroehre-fuer-mobile-computertomographen\">Kompakte Faserkeramik basierte R\u00f6ntgenr\u00f6hre f\u00fcr mobile Computertomographen<\/a><\/p>\n<\/div>\n\n\n\n<div class=\"wp-block-column is-layout-flow wp-block-column-is-layout-flow\">\n<p class=\"has-text-align-center\"><a href=\"https:\/\/www.hsu-hh.de\/ema\/entwicklung-einer-mobilen-pruefeinrichtung\">Entwicklung einer mobilen Pr\u00fcfeinrichtung<\/a><\/p>\n<\/div>\n<\/div>\n\n\n\n<div class=\"wp-block-columns is-layout-flex wp-container-core-columns-is-layout-9d6595d7 wp-block-columns-is-layout-flex\">\n<div class=\"wp-block-column is-layout-flow wp-block-column-is-layout-flow\"><div class=\"wp-block-image\">\n<figure class=\"alignleft size-medium\"><img loading=\"lazy\" decoding=\"async\" width=\"300\" height=\"118\" src=\"https:\/\/www.hsu-hh.de\/ema\/wp-content\/uploads\/sites\/588\/2023\/06\/Linearaktuator-300x118.png\" data-credit=\"HSU HH\" alt=\"\" class=\"wp-image-2954\" srcset=\"https:\/\/www.hsu-hh.de\/ema\/wp-content\/uploads\/sites\/588\/2023\/06\/Linearaktuator-300x118.png 300w, https:\/\/www.hsu-hh.de\/ema\/wp-content\/uploads\/sites\/588\/2023\/06\/Linearaktuator.png 559w\" sizes=\"auto, (max-width: 300px) 100vw, 300px\" \/><figcaption class=\"wp-element-caption\"><a href=\"https:\/\/www.hsu-hh.de\/ema\/biegeflexibler-linearaktuator-2\">Biegeflexibler Linearaktuator<\/a><\/figcaption><\/figure>\n<\/div>\n\n\n<p class=\"has-text-align-center\"><\/p>\n<\/div>\n\n\n\n<div class=\"wp-block-column is-layout-flow wp-block-column-is-layout-flow\">\n<p class=\"has-text-align-center\"><a href=\"https:\/\/www.hsu-hh.de\/ema\/wp-content\/uploads\/sites\/588\/2022\/01\/Homepage-Forschungsthema-1.pdf\">Mit mehrphasigem Wechselstrom angetriebene Schienenbeschleuniger<\/a><\/p>\n<\/div>\n\n\n\n<div class=\"wp-block-column is-layout-flow wp-block-column-is-layout-flow\">\n<p><a href=\"https:\/\/www.hsu-hh.de\/ema\/kiros\" data-type=\"page\" data-id=\"3682\"><strong>KIROS<\/strong><br>KI-gest\u00fctzte robotische Systeme im Einsatz f\u00fcr die Gesundheitsbranche unter Ber\u00fccksichtigung der DIN 13485 und <abbr title=\"International Standards Organization\">ISO<\/abbr>\/TS 15066:2016 &#8211; kollaborative Roboter<\/a><\/p>\n<\/div>\n<\/div>\n","protected":false},"excerpt":{"rendered":"<p>Kompakte Faserkeramik basierte R\u00f6ntgenr\u00f6hre f\u00fcr mobile Computertomographen Entwicklung einer mobilen Pr\u00fcfeinrichtung Mit mehrphasigem Wechselstrom angetriebene Schienenbeschleuniger KIROSKI-gest\u00fctzte robotische Systeme im Einsatz f\u00fcr die Gesundheitsbranche unter Ber\u00fccksichtigung der DIN 13485 und [&hellip;]<\/p>\n","protected":false},"author":53,"featured_media":0,"parent":0,"menu_order":0,"comment_status":"closed","ping_status":"closed","template":"","meta":{"footnotes":""},"categories":[4],"tags":[],"class_list":["post-2808","page","type-page","status-publish","hentry","category-forschung"],"_links":{"self":[{"href":"https:\/\/www.hsu-hh.de\/ema\/wp-json\/wp\/v2\/pages\/2808","targetHints":{"allow":["GET"]}}],"collection":[{"href":"https:\/\/www.hsu-hh.de\/ema\/wp-json\/wp\/v2\/pages"}],"about":[{"href":"https:\/\/www.hsu-hh.de\/ema\/wp-json\/wp\/v2\/types\/page"}],"author":[{"embeddable":true,"href":"https:\/\/www.hsu-hh.de\/ema\/wp-json\/wp\/v2\/users\/53"}],"replies":[{"embeddable":true,"href":"https:\/\/www.hsu-hh.de\/ema\/wp-json\/wp\/v2\/comments?post=2808"}],"version-history":[{"count":41,"href":"https:\/\/www.hsu-hh.de\/ema\/wp-json\/wp\/v2\/pages\/2808\/revisions"}],"predecessor-version":[{"id":3684,"href":"https:\/\/www.hsu-hh.de\/ema\/wp-json\/wp\/v2\/pages\/2808\/revisions\/3684"}],"wp:attachment":[{"href":"https:\/\/www.hsu-hh.de\/ema\/wp-json\/wp\/v2\/media?parent=2808"}],"wp:term":[{"taxonomy":"category","embeddable":true,"href":"https:\/\/www.hsu-hh.de\/ema\/wp-json\/wp\/v2\/categories?post=2808"},{"taxonomy":"post_tag","embeddable":true,"href":"https:\/\/www.hsu-hh.de\/ema\/wp-json\/wp\/v2\/tags?post=2808"}],"curies":[{"name":"wp","href":"https:\/\/api.w.org\/{rel}","templated":true}]}}