{"id":2577,"date":"2022-01-20T09:10:24","date_gmt":"2022-01-20T08:10:24","guid":{"rendered":"https:\/\/www.hsu-hh.de\/ema\/?page_id=2577"},"modified":"2022-01-20T09:33:47","modified_gmt":"2022-01-20T08:33:47","slug":"m-eng-florian-zellmer","status":"publish","type":"page","link":"https:\/\/www.hsu-hh.de\/ema\/m-eng-florian-zellmer","title":{"rendered":"M.Eng. Florian Zellmer"},"content":{"rendered":"\n<div class=\"wp-block-columns is-layout-flex wp-container-core-columns-is-layout-9d6595d7 wp-block-columns-is-layout-flex\">\n<div class=\"wp-block-column is-layout-flow wp-block-column-is-layout-flow\" style=\"flex-basis:66.66%\">\n<p>Westf\u00e4lische Hochschule<br>Labor&nbsp;f\u00fcr&nbsp;Hochspannungs-&nbsp;und&nbsp;Hochleistungspulstechnik<br>Neidenburgerstra\u00dfe&nbsp;43<\/p>\n<p>45897 Gelsenkirchen<\/p>\n<p><strong>Zus\u00e4tzliche Standorte<\/strong><\/p>\n<p>Helmut-Schmidt-Universit\u00e4t<br>Fakult\u00e4t&nbsp;f\u00fcr&nbsp;Elektrotechnik&nbsp;Elektrische&nbsp;Maschinen&nbsp;und&nbsp;Antriebssysteme<br>Holstenhofweg&nbsp;85<br>22043&nbsp;Hamburg<\/p>\n<p>Deutsch-Franz\u00f6sisches-Forschungsinstitut&nbsp;Saint&nbsp;Louis&nbsp;(ISL)<br>5&nbsp;rue&nbsp;du&nbsp;G\u00e9n\u00e9ral&nbsp;Cassagnou&nbsp;&#8211;&nbsp;BP&nbsp;70034<br>68301&nbsp;SAINT-LOUIS&nbsp;Cedex&nbsp;&#8211;&nbsp;France<\/p>\n<p>Telefon: 0209&nbsp;9596-979<br>E-Mail: florian.zellmer@isl.eu<\/p>\n<p><a href=\"https:\/\/www.hsu-hh.de\/ema\/wp-content\/uploads\/sites\/588\/2022\/01\/Homepage-Forschungsthema-1.pdf\">Forschungsthema<\/a><\/p>\n<\/div>\n\n\n\n<div class=\"wp-block-column is-layout-flow wp-block-column-is-layout-flow\" style=\"flex-basis:33.33%\">\n<figure class=\"wp-block-image size-full\"><img loading=\"lazy\" decoding=\"async\" width=\"512\" height=\"512\" src=\"https:\/\/www.hsu-hh.de\/ema\/wp-content\/uploads\/sites\/588\/2022\/01\/Florian_Zellmer.jpg\" data-credit=\"Florian Zellmer\" alt=\"Florian Zellmer\" class=\"wp-image-2580\" srcset=\"https:\/\/www.hsu-hh.de\/ema\/wp-content\/uploads\/sites\/588\/2022\/01\/Florian_Zellmer.jpg 512w, https:\/\/www.hsu-hh.de\/ema\/wp-content\/uploads\/sites\/588\/2022\/01\/Florian_Zellmer-300x300.jpg 300w, https:\/\/www.hsu-hh.de\/ema\/wp-content\/uploads\/sites\/588\/2022\/01\/Florian_Zellmer-150x150.jpg 150w, https:\/\/www.hsu-hh.de\/ema\/wp-content\/uploads\/sites\/588\/2022\/01\/Florian_Zellmer-100x100.jpg 100w\" sizes=\"auto, (max-width: 512px) 100vw, 512px\" \/><\/figure>\n<\/div>\n<\/div>\n\n\n\n<h2 class=\"wp-block-heading\"><strong>Curriculum Vitae<\/strong><\/h2>\n\n\n\n<p><strong>Hochschulabschl\u00fcsse<\/strong><\/p>\n\n\n\n<p>Oktober&nbsp;2018&nbsp;&#8211;&nbsp;Oktober&nbsp;2020&nbsp;&nbsp;&nbsp;&nbsp;&nbsp;Elektrotechnik&nbsp;mit&nbsp;dem&nbsp;Schwerpunkt Energietechnik<\/p>\n\n\n\n<p><strong>Abschluss:<\/strong>&nbsp;M.Eng.<\/p>\n\n\n\n<p><strong>Masterarbeit:\u00a0<\/strong>Konzeption,\u00a0Entwicklung,\u00a0Bau\u00a0und\u00a0Inbetriebnahme\u00a0eines\u00a0mit 6-phasigem\u00a0Wechselstrom\u00a0betriebenen\u00a0elektromagnetischen Schienenbeschleunigers<br>Oktober\u00a02015\u00a0&#8211;\u00a0November\u00a02018\u00a0\u00a0\u00a0\u00a0\u00a0Elektrotechnik\u00a0mit\u00a0dem\u00a0Schwerpunkt Energietechnik<\/p>\n\n\n\n<p><strong>Abschluss:<\/strong>&nbsp;B.Eng.<\/p>\n\n\n\n<p><strong>Bachelorarbeit:<\/strong> Bau&nbsp;und&nbsp;Inbetriebnahme&nbsp;eines&nbsp;Teslatransformators&nbsp;mit&nbsp;netzsynchron rotierend&nbsp;schaltender&nbsp;Funkenstrecke<\/p>\n\n\n\n<p><strong>Berufliche&nbsp;T\u00e4tigkeiten<\/strong><\/p>\n\n\n\n<p>Seit&nbsp;2020&nbsp;Doktorand&nbsp;am&nbsp;Deutsch-Franz\u00f6sischen&nbsp;Forschungsinstitut&nbsp;Saint Louis,&nbsp;Frankreich<\/p>\n\n\n\n<p>Seit&nbsp;2019&nbsp;Mitarbeiter&nbsp;am&nbsp;Deutsch-Franz\u00f6sischen&nbsp;Forschungsinstitut&nbsp;Saint Louis,&nbsp;Frankreich<\/p>\n\n\n\n<p>Seit&nbsp;2015:&nbsp;Studentischer\/&nbsp;Wissenschaftlicher&nbsp;Mitarbeiter&nbsp;an&nbsp;der Professur&nbsp;f\u00fcr&nbsp;Hochspannungs-&nbsp;und&nbsp;Hochleistungspulstechnik&nbsp;an&nbsp;der Westf\u00e4lischen&nbsp;Hochschule&nbsp;Gelsenkirchen<\/p>\n\n\n\n<p><strong>Aufgabenschwerpunkte<\/strong><\/p>\n\n\n\n<p>Aufbau&nbsp;von&nbsp;elektrischen&nbsp;Hochleistungsschaltungen&nbsp;mit&nbsp;Spannungen&nbsp;&gt;1&nbsp;MV und&nbsp;Stromst\u00e4rken&nbsp;&gt;200&nbsp;kA, Entwicklung,&nbsp;Bau&nbsp;und&nbsp;Inbetriebnahme&nbsp;von&nbsp;Spezialger\u00e4ten&nbsp;der Hochspannungs-&nbsp;und&nbsp;Hochleistungspulstechnik,&nbsp;Reparatur&nbsp;und Instandsetzung&nbsp;von&nbsp;Hochspannungsanlagen.<br>August&nbsp;2013&nbsp;bis&nbsp;Oktober&nbsp;2014<\/p>\n\n\n\n<p>Mitarbeiter&nbsp;bei&nbsp;M&amp;G&nbsp;Ingenieurb\u00fcro<br>Aufgaben:&nbsp;Konzeptionierung,&nbsp;Pr\u00fcfung und&nbsp;Modernisierung&nbsp;von&nbsp;industriellen&nbsp;Blitzschutz-&nbsp;und&nbsp;Erdungsanlagen<\/p>\n\n\n\n<p><strong>Schulische&nbsp;Ausbildung<\/strong><\/p>\n\n\n\n<p>September&nbsp;2004-&nbsp;Juni&nbsp;2013&nbsp;&nbsp;&nbsp;&nbsp;Josef-Albers-Gymnasium&nbsp;Bottrop<\/p>\n\n\n\n<p><strong>Abgeschlossene&nbsp;Abschlussarbeiten<\/strong><\/p>\n\n\n\n<p>Download&nbsp;(siehe&nbsp;beigef\u00fcgte&nbsp;Dokumente)<\/p>\n\n\n\n<p><strong>Konferenzen<\/strong><\/p>\n\n\n\n<p>2019&nbsp;Taizhou&nbsp;International&nbsp;Talent&nbsp;Cooperation&nbsp;Conference,&nbsp;Taizhou, China<\/p>\n\n\n\n<p>2019&nbsp;Qiantang&nbsp;Zhigu&nbsp;Talent&nbsp;Conference,&nbsp;Hangzhou,&nbsp;China<\/p>\n\n\n\n<p>2021&nbsp;Euro-Asian&nbsp;Pulsed&nbsp;Power&nbsp;Conference,&nbsp;Biarritz,&nbsp;France<\/p>\n\n\n\n<p><strong>Lehre<\/strong><\/p>\n\n\n\n<p>seit&nbsp;2019&nbsp;Master&nbsp;Rechnergest\u00fctzte&nbsp;Ingenieurmathematik&nbsp;1<\/p>\n\n\n\n<p>seit&nbsp;2016&nbsp;Durchf\u00fchrung&nbsp;von&nbsp;\u00dcbungen&nbsp;und&nbsp;Praktika&nbsp;in&nbsp;den&nbsp;F\u00e4chern:<br>Master&nbsp;Hochspannungstechnik&nbsp;1&amp;2<\/p>\n","protected":false},"excerpt":{"rendered":"<p>Westf\u00e4lische HochschuleLabor&nbsp;f\u00fcr&nbsp;Hochspannungs-&nbsp;und&nbsp;HochleistungspulstechnikNeidenburgerstra\u00dfe&nbsp;43 45897 Gelsenkirchen Zus\u00e4tzliche Standorte Helmut-Schmidt-Universit\u00e4tFakult\u00e4t&nbsp;f\u00fcr&nbsp;Elektrotechnik&nbsp;Elektrische&nbsp;Maschinen&nbsp;und&nbsp;AntriebssystemeHolstenhofweg&nbsp;8522043&nbsp;Hamburg Deutsch-Franz\u00f6sisches-Forschungsinstitut&nbsp;Saint&nbsp;Louis&nbsp;(ISL)5&nbsp;rue&nbsp;du&nbsp;G\u00e9n\u00e9ral&nbsp;Cassagnou&nbsp;&#8211;&nbsp;BP&nbsp;7003468301&nbsp;SAINT-LOUIS&nbsp;Cedex&nbsp;&#8211;&nbsp;France Telefon: 0209&nbsp;9596-979E-Mail: florian.zellmer@isl.eu Forschungsthema Curriculum Vitae Hochschulabschl\u00fcsse Oktober&nbsp;2018&nbsp;&#8211;&nbsp;Oktober&nbsp;2020&nbsp;&nbsp;&nbsp;&nbsp;&nbsp;Elektrotechnik&nbsp;mit&nbsp;dem&nbsp;Schwerpunkt Energietechnik Abschluss:&nbsp;M.Eng. Masterarbeit:\u00a0Konzeption,\u00a0Entwicklung,\u00a0Bau\u00a0und\u00a0Inbetriebnahme\u00a0eines\u00a0mit 6-phasigem\u00a0Wechselstrom\u00a0betriebenen\u00a0elektromagnetischen SchienenbeschleunigersOktober\u00a02015\u00a0&#8211;\u00a0November\u00a02018\u00a0\u00a0\u00a0\u00a0\u00a0Elektrotechnik\u00a0mit\u00a0dem\u00a0Schwerpunkt Energietechnik Abschluss:&nbsp;B.Eng. Bachelorarbeit: Bau&nbsp;und&nbsp;Inbetriebnahme&nbsp;eines&nbsp;Teslatransformators&nbsp;mit&nbsp;netzsynchron rotierend&nbsp;schaltender&nbsp;Funkenstrecke Berufliche&nbsp;T\u00e4tigkeiten Seit&nbsp;2020&nbsp;Doktorand&nbsp;am&nbsp;Deutsch-Franz\u00f6sischen&nbsp;Forschungsinstitut&nbsp;Saint Louis,&nbsp;Frankreich Seit&nbsp;2019&nbsp;Mitarbeiter&nbsp;am&nbsp;Deutsch-Franz\u00f6sischen&nbsp;Forschungsinstitut&nbsp;Saint [&hellip;]<\/p>\n","protected":false},"author":53,"featured_media":0,"parent":0,"menu_order":0,"comment_status":"closed","ping_status":"closed","template":"","meta":{"footnotes":""},"categories":[4],"tags":[],"class_list":["post-2577","page","type-page","status-publish","hentry","category-forschung"],"_links":{"self":[{"href":"https:\/\/www.hsu-hh.de\/ema\/wp-json\/wp\/v2\/pages\/2577","targetHints":{"allow":["GET"]}}],"collection":[{"href":"https:\/\/www.hsu-hh.de\/ema\/wp-json\/wp\/v2\/pages"}],"about":[{"href":"https:\/\/www.hsu-hh.de\/ema\/wp-json\/wp\/v2\/types\/page"}],"author":[{"embeddable":true,"href":"https:\/\/www.hsu-hh.de\/ema\/wp-json\/wp\/v2\/users\/53"}],"replies":[{"embeddable":true,"href":"https:\/\/www.hsu-hh.de\/ema\/wp-json\/wp\/v2\/comments?post=2577"}],"version-history":[{"count":13,"href":"https:\/\/www.hsu-hh.de\/ema\/wp-json\/wp\/v2\/pages\/2577\/revisions"}],"predecessor-version":[{"id":2600,"href":"https:\/\/www.hsu-hh.de\/ema\/wp-json\/wp\/v2\/pages\/2577\/revisions\/2600"}],"wp:attachment":[{"href":"https:\/\/www.hsu-hh.de\/ema\/wp-json\/wp\/v2\/media?parent=2577"}],"wp:term":[{"taxonomy":"category","embeddable":true,"href":"https:\/\/www.hsu-hh.de\/ema\/wp-json\/wp\/v2\/categories?post=2577"},{"taxonomy":"post_tag","embeddable":true,"href":"https:\/\/www.hsu-hh.de\/ema\/wp-json\/wp\/v2\/tags?post=2577"}],"curies":[{"name":"wp","href":"https:\/\/api.w.org\/{rel}","templated":true}]}}