{"id":1641,"date":"2020-12-08T09:49:28","date_gmt":"2020-12-08T08:49:28","guid":{"rendered":"https:\/\/www.hsu-hh.de\/ema\/?page_id=1641"},"modified":"2020-12-08T09:49:29","modified_gmt":"2020-12-08T08:49:29","slug":"hochpolige-doppelt-gespeiste-asynchronmaschine-dgasm","status":"publish","type":"page","link":"https:\/\/www.hsu-hh.de\/ema\/hochpolige-doppelt-gespeiste-asynchronmaschine-dgasm","title":{"rendered":"Hochpolige doppelt gespeiste Asynchronmaschine (DGASM)"},"content":{"rendered":"\n<p>DGASM m\u00fcssen als Generator f\u00fcr Windenergieanlagen bisher stets mit Getriebe ausgef\u00fchrt werden. Dies verkleinert Wirkungsgrad und erh\u00f6ht den Wartungsaufwand. Zentraler Fokus der Forschung ist die Entwicklung einer hochpoligen DGASM ohne Getriebe unter Ber\u00fccksichtigung wesentlicher Anforderungen aus System- und Netzsicht.<\/p>\n\n\n\n<p><strong>Zentrale Aspekte<\/strong><\/p>\n\n\n\n<ul class=\"wp-block-list\"><li>Netz-Maschine-Interaktion anhand dyn. Simulationen<\/li><li>Analytische und numerische Optimalauslegung einer DGASM<\/li><li>Einbezug physikalischer Randeffekte (schmale Z\u00e4hne und Blechpaket)<\/li><\/ul>\n\n\n\n<div class=\"wp-block-image\"><figure class=\"alignleft size-large\"><img loading=\"lazy\" decoding=\"async\" width=\"542\" height=\"319\" src=\"https:\/\/www.hsu-hh.de\/ema\/wp-content\/uploads\/sites\/588\/2020\/12\/grafik-3.png\" data-credit=\"HSU HH\" alt=\"\" class=\"wp-image-1642\" srcset=\"https:\/\/www.hsu-hh.de\/ema\/wp-content\/uploads\/sites\/588\/2020\/12\/grafik-3.png 542w, https:\/\/www.hsu-hh.de\/ema\/wp-content\/uploads\/sites\/588\/2020\/12\/grafik-3-300x177.png 300w\" sizes=\"auto, (max-width: 542px) 100vw, 542px\" \/><figcaption><strong><em>Abb.: Beispiel-Topologie einer DGASM Windenergieanlage<\/em><\/strong><\/figcaption><\/figure><\/div>\n\n\n\n<p><\/p>\n","protected":false},"excerpt":{"rendered":"<p>DGASM m\u00fcssen als Generator f\u00fcr Windenergieanlagen bisher stets mit Getriebe ausgef\u00fchrt werden. Dies verkleinert Wirkungsgrad und erh\u00f6ht den Wartungsaufwand. Zentraler Fokus der Forschung ist die Entwicklung einer hochpoligen DGASM ohne [&hellip;]<\/p>\n","protected":false},"author":53,"featured_media":0,"parent":0,"menu_order":0,"comment_status":"closed","ping_status":"closed","template":"","meta":{"footnotes":""},"categories":[4],"tags":[],"class_list":["post-1641","page","type-page","status-publish","hentry","category-forschung"],"_links":{"self":[{"href":"https:\/\/www.hsu-hh.de\/ema\/wp-json\/wp\/v2\/pages\/1641","targetHints":{"allow":["GET"]}}],"collection":[{"href":"https:\/\/www.hsu-hh.de\/ema\/wp-json\/wp\/v2\/pages"}],"about":[{"href":"https:\/\/www.hsu-hh.de\/ema\/wp-json\/wp\/v2\/types\/page"}],"author":[{"embeddable":true,"href":"https:\/\/www.hsu-hh.de\/ema\/wp-json\/wp\/v2\/users\/53"}],"replies":[{"embeddable":true,"href":"https:\/\/www.hsu-hh.de\/ema\/wp-json\/wp\/v2\/comments?post=1641"}],"version-history":[{"count":1,"href":"https:\/\/www.hsu-hh.de\/ema\/wp-json\/wp\/v2\/pages\/1641\/revisions"}],"predecessor-version":[{"id":1643,"href":"https:\/\/www.hsu-hh.de\/ema\/wp-json\/wp\/v2\/pages\/1641\/revisions\/1643"}],"wp:attachment":[{"href":"https:\/\/www.hsu-hh.de\/ema\/wp-json\/wp\/v2\/media?parent=1641"}],"wp:term":[{"taxonomy":"category","embeddable":true,"href":"https:\/\/www.hsu-hh.de\/ema\/wp-json\/wp\/v2\/categories?post=1641"},{"taxonomy":"post_tag","embeddable":true,"href":"https:\/\/www.hsu-hh.de\/ema\/wp-json\/wp\/v2\/tags?post=1641"}],"curies":[{"name":"wp","href":"https:\/\/api.w.org\/{rel}","templated":true}]}}