{"id":1088,"date":"2019-10-10T06:50:44","date_gmt":"2019-10-10T04:50:44","guid":{"rendered":"https:\/\/www.hsu-hh.de\/ema\/?page_id=1088"},"modified":"2022-12-08T09:34:25","modified_gmt":"2022-12-08T08:34:25","slug":"johannes-liebrich","status":"publish","type":"page","link":"https:\/\/www.hsu-hh.de\/ema\/johannes-liebrich","title":{"rendered":"M.Eng. Johannes Liebrich"},"content":{"rendered":"<div class=\"ansprechparter-container\">\n<div class=\"row ansprechpartner-item ansprechparter-header\">\n<div class=\"col-md-4 col-lg-3 col-xs-4 ansprechpartner-item floatright img-circle center-block\" style=\"margin-bottom: 30px\">\n<div class=\"img-responsive-wrapper\"><img loading=\"lazy\" decoding=\"async\" class=\"alignnone size-medium wp-image-1120\" src=\"https:\/\/www.hsu-hh.de\/ema\/wp-content\/uploads\/sites\/588\/2019\/11\/Profil_HSU_Foto-300x241.jpg\" alt=\"Profil Foto\" width=\"300\" height=\"241\" data-credit=\" \" srcset=\"https:\/\/www.hsu-hh.de\/ema\/wp-content\/uploads\/sites\/588\/2019\/11\/Profil_HSU_Foto-300x241.jpg 300w, https:\/\/www.hsu-hh.de\/ema\/wp-content\/uploads\/sites\/588\/2019\/11\/Profil_HSU_Foto-768x617.jpg 768w, https:\/\/www.hsu-hh.de\/ema\/wp-content\/uploads\/sites\/588\/2019\/11\/Profil_HSU_Foto.jpg 824w\" sizes=\"auto, (max-width: 300px) 100vw, 300px\" \/><\/div>\n<\/div>\n<div class=\"col-md-12 col-lg-3 col-xs-12 ansprechpartner-item kontakt floatright\" style=\"margin-bottom: 30px\">\n<div class=\"row\">\n<div class=\"col-xs-12 col-sm-6 col-lg-12\">\n<div class=\"row\">\n<div class=\"col-xs-12 col-lg-4 row-text bold\">Raum:<\/div>\n<div class=\"col-xs-12 col-lg-8 row-text\">1323<\/div>\n<\/div>\n<\/div>\n<div class=\"col-xs-12 col-sm-6 col-lg-12\">\n<div class=\"row\">\n<div class=\"col-xs-12 col-lg-4 row-text bold\">Telefon:<\/div>\n<div class=\"col-xs-12 col-lg-8 row-text\">(040) 6541-3193<\/div>\n<\/div>\n<\/div>\n<div class=\"col-xs-12 col-sm-6 col-lg-12\">\n<div class=\"row\">\n<div class=\"col-xs-12 col-lg-8 row-text\">\u00a0<\/div>\n<\/div>\n<\/div>\n<div class=\"col-xs-12 col-sm-6 col-lg-12\">\n<div class=\"row\">\n<div class=\"col-xs-12 col-md-12 row-text bold\">E-Mail:<\/div>\n<div class=\"col-xs-12 col-md-12 row-text\"><a href=\"mailto:j.liebrich@hsu-hh.de\" rel='nofollow'>j.liebrich@hsu-hh.de<\/a><\/div>\n<\/div>\n<\/div>\n<\/div>\n<\/div>\n<div class=\"col-md-6 col-lg-3 col-xs-12 ansprechpartner-item anschrift floatright\">\n<div class=\"row-headline\">Besucheranschrift<\/div>\n<div class=\"row-text\">Helmut-Schmidt-Universit\u00e4t<\/div>\n<div class=\"row-text\">Geb\u00e4ude H1<\/div>\n<div class=\"row-text\">Holstenhofweg 85<\/div>\n<div class=\"row-text\">22043 Hamburg<\/div>\n<\/div>\n<div class=\"col-md-6 col-lg-3 col-xs-12 ansprechpartner-item anschrift floatright\">\n<div class=\"row-headline\">Postanschrift<\/div>\n<div class=\"row-text\">Helmut-Schmidt-Universit\u00e4t<\/div>\n<div class=\"row-text\">Fakult\u00e4t f\u00fcr Elektrotechnik<\/div>\n<div class=\"row-text\">Elektrische Maschinen und<br \/>Antriebssysteme<\/div>\n<div class=\"row-text\">Postfach 70 08 22<\/div>\n<div class=\"row-text\">22008 Hamburg<\/div>\n<\/div>\n<\/div>\n<\/div>\n<div><hr \/><hr \/><\/div>\n<div>\n<h2>Lebenslauf<\/h2>\n<p style=\"padding-left: 40px\"><strong>Hochschulstudium<\/strong><\/p>\n<table style=\"height: 211px\" width=\"1100\">\n<tbody>\n<tr>\n<td width=\"302\">M\u00e4rz 2018 \u2013 September 2019<\/td>\n<td width=\"302\">Elektrotechnik mobiler Systeme (Technische Hochschule Ingolstadt)<br \/>Abschluss: M.Eng.<br \/>Masterarbeit: <em>Modeling and Operating Strategies of the Externally Excited Synchronous Machine<\/em><\/td>\n<\/tr>\n<tr>\n<td width=\"302\">Oktober 2014 &#8211; M\u00e4rz 2018<\/td>\n<td width=\"302\">Automatisierungstechnik (Ostbayerische Technische Hochschule Amberg-Weiden)<br \/>Abschluss B.Eng.<br \/>Bachelorarbeit: <em>Entwicklung und Inbetriebnahme einer Energieversorgung f\u00fcr einen Messaufbau in einem Forschungsfahrzeug<\/em><\/td>\n<\/tr>\n<\/tbody>\n<\/table>\n<hr \/>\n<p style=\"padding-left: 40px\"><strong>Berufliche T\u00e4tigkeiten<\/strong><\/p>\n<table>\n<tbody>\n<tr>\n<td width=\"302\">\n<p>seit September 2019<\/p>\n<\/td>\n<td width=\"302\">\n<p>Wissenschaftlicher Mitarbeiter an der Professur f\u00fcr Elektrische Maschinen und Antriebssystemen; Forschungsschwerpunkt: Dynamisch zyklische Untersuchung von Hochtemperatur Bandleitern\u00a0<\/p>\n<\/td>\n<\/tr>\n<tr>\n<td width=\"302\">\n<p>M\u00e4rz 2019 \u2013 August 2019<\/p>\n<\/td>\n<td width=\"302\">\n<p>Freier Mitarbeiter bei Audi (Regelung Leistungselektronik Audi eTron)<\/p>\n<\/td>\n<\/tr>\n<tr>\n<td width=\"302\">\n<p>September 2013 \u2013 M\u00e4rz 2019<\/p>\n<\/td>\n<td width=\"302\">\n<p>Duales Studium (BHS-Corrugated Maschinen und Anlagenbau <abbr title=\"Gesellschaft mit beschr\u00e4nkter Haftung\">GmbH<\/abbr>)<br \/>Ausbildung zum Elektroniker f\u00fcr Betriebstechnik<br \/>Sp\u00e4ter: Fachabteilung f\u00fcr Projektmanagement und Inbetriebnahme von Upgradel\u00f6sungen<\/p>\n<\/td>\n<\/tr>\n<\/tbody>\n<\/table>\n<hr \/>\n<p><strong style=\"font-size: revert;color: initial\"><br \/>Schulbildung<\/strong><\/p>\n<table>\n<tbody>\n<tr>\n<td width=\"302\">September 2005 \u2013 Juni 2013<\/td>\n<td width=\"302\">Johann-Andreas-Schmeller Gymnasium Nabburg<\/td>\n<\/tr>\n<tr>\n<td width=\"302\">September 2001 \u2013 Juni 2005<\/td>\n<td width=\"302\">Volksschule Wernberg-K\u00f6blitz<\/td>\n<\/tr>\n<\/tbody>\n<\/table>\n<p style=\"padding-left: 40px\">\u00a0<\/p>\n<hr \/><\/div>\n<div class=\"background-grey\">\n<p><strong>Abgeschlossene Abschlussarbeiten:<\/strong><\/p>\n<div class=\"col-xs-12 downloads-item\">\n<div class=\"row border-line\">\n<div class=\"thumbnail-area\"><img decoding=\"async\" class=\"download-image\" src=\"\/wp-content\/themes\/hsu\/img\/dummy\/downloads_dummy.png\" alt=\"\" \/><\/div>\n<div class=\"text-area\"><span class=\"download-text\">Lukas Becker (2021): Thermisch elektrische Analyse einer Stromzuf\u00fchrung<\/span><\/div>\n<div class=\"download-area\"><a class=\"download-link\" href=\"https:\/\/www.hsu-hh.de\/ema\/wp-content\/uploads\/sites\/588\/2021\/11\/SA_Becker_Aufgabenstellung.pdf\"><span class=\"download-name\">pdf laden<\/span><span class=\"donwload-icon\"><img decoding=\"async\" class=\"download-icon\" src=\"\/wp-content\/themes\/hsu\/img\/icons\/download_icon.png\" alt=\"download icon\" \/><\/span><span class=\"download-size\">149 kB<\/span><\/a><\/div>\n<\/div>\n<\/div>\n<div class=\"col-xs-12 downloads-item\">\n<div class=\"row border-line\">\n<div class=\"thumbnail-area\"><img decoding=\"async\" class=\"download-image\" src=\"\/wp-content\/themes\/hsu\/img\/dummy\/downloads_dummy.png\" alt=\"\" \/><\/div>\n<div class=\"text-area\"><span class=\"download-text\">Lukas Becker (2021): Thermische Analyse und Ersatzmodellierung eines Supraleiters <\/span><\/div>\n<div class=\"download-area\"><a class=\"download-link\" href=\"https:\/\/www.hsu-hh.de\/ema\/wp-content\/uploads\/sites\/588\/2021\/11\/Aufgabenstellung_thermisches_modell_Supraleiter.pdf\"><span class=\"download-name\">pdf laden<\/span><span class=\"donwload-icon\"><img decoding=\"async\" class=\"download-icon\" src=\"\/wp-content\/themes\/hsu\/img\/icons\/download_icon.png\" alt=\"download icon\" \/><\/span><span class=\"download-size\">90 kB<\/span><\/a><\/div>\n<\/div>\n<\/div>\n<div class=\"col-xs-12 downloads-item\">\n<div class=\"row border-line\">\n<div class=\"thumbnail-area\"><img decoding=\"async\" class=\"download-image\" src=\"\/wp-content\/themes\/hsu\/img\/dummy\/downloads_dummy.png\" alt=\"\" \/><\/div>\n<div class=\"text-area\"><span class=\"download-text\">Martin S. Andressen, Roger B. Mykland (2022): A naval study on small, unmanned surface vessels<\/span><\/div>\n<div class=\"download-area\"><a class=\"download-link\" href=\"https:\/\/www.hsu-hh.de\/ema\/wp-content\/uploads\/sites\/588\/2022\/12\/Aufgabenstellung_unmanned_surface_vessel.pdf\"><span class=\"download-name\">pdf laden<\/span><span class=\"donwload-icon\"><img decoding=\"async\" class=\"download-icon\" src=\"\/wp-content\/themes\/hsu\/img\/icons\/download_icon.png\" alt=\"download icon\" \/><\/span><span class=\"download-size\">215 kB<\/span><\/a><\/div>\n<\/div>\n<\/div>\n<\/div>\n<div>\u00a0<\/div>\n<hr \/>\n<div class=\"background-grey\">\n<p><strong>Offene Seminararbeiten\/Abschlussarbeiten:<\/strong><\/p>\n<\/div>\n<ul>\n<li>Thermisch elektrische Analyse einer Spannvorrichtung<\/li>\n<li>Mechanische Modellierung eines Supraleiters\u00a0<\/li>\n<\/ul>\n<p>Individuelle Themen nach Absprache jederzeit m\u00f6glich<\/p>\n<hr \/>\n\n\n<h2 class=\"wp-block-heading\">Publikationen<\/h2>\n\n\n\n<p>Liebrich, J., Kreischer, C.<br><strong>Novel Method for Characterization of the Influence of Axial Tensile Stress on the Critical Temperature of High-Temperature Superconductor Windings in Electrical Machines<\/strong><br><em>2022 International Symposium on Power Electronics, Electrical Drives, Automation and Motion (SPEEDAM)<\/em>, 2022, pp. 1-6, doi: 10.1109\/SPEEDAM53979.2022.9842101.<br><a href=\"https:\/\/ieeexplore.ieee.org\/document\/9842101\" rel='nofollow'>https:\/\/ieeexplore.ieee.org\/document\/9842101<\/a><\/p>\n\n\n\n<p>Liebrich, J., Kreischer, C.<br><strong>Investigation of Irreversible axial-strain effects of REBCO superconductor tapes for electrical machines<\/strong><br>2022, EPNC Hamburg <\/p>\n\n\n\n<p>Liebrich, J., Kreischer, C.<br><strong>Design and dimensioning of a test bench for investigating the relationship between critical temperature and axial mechanical stress of GdBaCuO tape conductors<\/strong><br>Compel- in review<\/p>\n\n\n\n<p><\/p>\n\n\n\n<p><\/p>\n\n\n\n<p><\/p>\n\n\n\n<p><\/p>\n","protected":false},"excerpt":{"rendered":"<p>Raum: 1323 Telefon: (040) 6541-3193 \u00a0 E-Mail: j.liebrich@hsu-hh.de Besucheranschrift Helmut-Schmidt-Universit\u00e4t Geb\u00e4ude H1 Holstenhofweg 85 22043 Hamburg Postanschrift Helmut-Schmidt-Universit\u00e4t Fakult\u00e4t f\u00fcr Elektrotechnik Elektrische Maschinen undAntriebssysteme Postfach 70 08 22 22008 Hamburg [&hellip;]<\/p>\n","protected":false},"author":53,"featured_media":1120,"parent":0,"menu_order":0,"comment_status":"closed","ping_status":"closed","template":"","meta":{"footnotes":""},"categories":[8],"tags":[],"class_list":["post-1088","page","type-page","status-publish","has-post-thumbnail","hentry","category-team"],"_links":{"self":[{"href":"https:\/\/www.hsu-hh.de\/ema\/wp-json\/wp\/v2\/pages\/1088","targetHints":{"allow":["GET"]}}],"collection":[{"href":"https:\/\/www.hsu-hh.de\/ema\/wp-json\/wp\/v2\/pages"}],"about":[{"href":"https:\/\/www.hsu-hh.de\/ema\/wp-json\/wp\/v2\/types\/page"}],"author":[{"embeddable":true,"href":"https:\/\/www.hsu-hh.de\/ema\/wp-json\/wp\/v2\/users\/53"}],"replies":[{"embeddable":true,"href":"https:\/\/www.hsu-hh.de\/ema\/wp-json\/wp\/v2\/comments?post=1088"}],"version-history":[{"count":26,"href":"https:\/\/www.hsu-hh.de\/ema\/wp-json\/wp\/v2\/pages\/1088\/revisions"}],"predecessor-version":[{"id":2729,"href":"https:\/\/www.hsu-hh.de\/ema\/wp-json\/wp\/v2\/pages\/1088\/revisions\/2729"}],"wp:featuredmedia":[{"embeddable":true,"href":"https:\/\/www.hsu-hh.de\/ema\/wp-json\/wp\/v2\/media\/1120"}],"wp:attachment":[{"href":"https:\/\/www.hsu-hh.de\/ema\/wp-json\/wp\/v2\/media?parent=1088"}],"wp:term":[{"taxonomy":"category","embeddable":true,"href":"https:\/\/www.hsu-hh.de\/ema\/wp-json\/wp\/v2\/categories?post=1088"},{"taxonomy":"post_tag","embeddable":true,"href":"https:\/\/www.hsu-hh.de\/ema\/wp-json\/wp\/v2\/tags?post=1088"}],"curies":[{"name":"wp","href":"https:\/\/api.w.org\/{rel}","templated":true}]}}