{"id":1075,"date":"2020-05-27T10:31:18","date_gmt":"2020-05-27T08:31:18","guid":{"rendered":"https:\/\/www.hsu-hh.de\/elo\/?page_id=1075"},"modified":"2020-06-02T16:15:46","modified_gmt":"2020-06-02T14:15:46","slug":"projekte","status":"publish","type":"page","link":"https:\/\/www.hsu-hh.de\/elo\/projekte","title":{"rendered":"Projekte"},"content":{"rendered":"<div class=\"clearfix\"><\/div>\n<hr style=\"background-color: #a50034; height: 5px;\" \/>\n<h3>Herstellung, Charakterisierung und Modellierung organischer Feldeffekttransistoren<\/h3>\n<p>Nach der Entdeckung leitf\u00e4higer Polymere in den siebziger Jahren des letzten Jahrhunderts hat sich innerhalb kurzer Zeit ein neues Forschungsgebiet, die organische Elektronik, entwickelt, das sich mit der Herstellung elektronischer Bauelemente auf Basis von Kunststoffen besch\u00e4ftigt. Das wichtigste Bauelement ist dabei der Transistor, der als verst\u00e4rkendes Element, als Schalter, als Speicherelement oder auch als Sensor eingesetzt werden kann. An der Professur f\u00fcr Elektronik werden solche organische Feldeffekttransistoren hergestellt, charakterisiert und modelliert. Ziel ist dabei eine einfache Herstellung bei gleichzeitig guten elektrischen Eigenschaften des Bauteils.<\/p>\n<h3>Entwicklung\u00a0nicht-fl\u00fcchtiger\u00a0organischer\u00a0Speicherzellen<\/h3>\n<p>Neben dem einfachen organischen Feldeffekttransistor (OFET), der die Basis vieler Anwendungen in der Elektronik darstellt, wird an der Professur f\u00fcr Elektronik auch an dessen Einsatz als Speicherzelle geforscht. Dazu werden die Gate-Dielektrika von OFETs so modifiziert oder durch geeignete Zusatzschichten erg\u00e4nzt, dass dort durch Anlegen geeigneter Gate-Spannungen Ladungen gespeichert werden k\u00f6nnen, was letztlich zu einer Verschiebung der Einsatzspannung des Bauteils f\u00fchrt. Dadurch lassen sich nichtfl\u00fcchtige Speicher aufbauen, deren Information auch ohne Anlegen einer Betriebsspannung l\u00e4ngere Zeit erhalten bleibt. An der Professur f\u00fcr Elektronik werden die Speichermechanismen, die Speicherdynamik und das langfristige Speicherverhalten solcher Speicherzellen untersucht und verbessert.<\/p>\n<h3>Schadenserkennung\u00a0in\u00a0Carbon-Faser-Strukturen\u00a0durch\u00a0elektrische\u00a0Messungen<\/h3>\n<p>Strukturen aus Carbon-Fasern werden seit L\u00e4ngerem in vielen Bereichen der Technik eingesetzt, da sie sich durch hohe Festigkeit bei gleichzeitig niedrigem Gewicht auszeichnen. Ein Problem dabei ist jedoch, dass Sch\u00e4den, die \u00e4u\u00dferlich nicht sichtbar sind, unter Umst\u00e4nden zu einem pl\u00f6tzlichen Versagen des Bauteils f\u00fchren k\u00f6nnen. Ziel ist daher, auch kleinste Sch\u00e4den in solchen Strukturen rechtzeitig und w\u00e4hrend des Betriebs zu erkennen und zu lokalisieren. An der Professur f\u00fcr Elektronik wird daher an Methoden gearbeitet, auch kleinste Sch\u00e4den in Carbon-Faser-Strukturen durch die Messung der elektrischen Eigenschaften der Struktur, wie <abbr title=\"zum Beispiel\">z.B.<\/abbr> des elektrischen Widerstandes oder der Kapazit\u00e4t, bereits w\u00e4hrend des Betriebs zuverl\u00e4ssig zu erkennen.<\/p>\n<h3>Herstellung\u00a0organischer\u00a0Leuchtdioden<\/h3>\n<p>An der Professur f\u00fcr Elektronik wurde in den letzten Jahren an organischen Leuchtdioden (OLED) mit alternativen, ungiftigen und preisg\u00fcnstigen Kathodenmaterialien geforscht. Dabei wurden Dioden mit dem Material Natriumstearat entwickelt, das auch Grundbestandteil vieler Seifen ist. Diese OLED weist eine spezielle Strom-Spannungs-Charakteristik auf, die aus unterschiedlichen, von der elektrischen Feldst\u00e4rke abh\u00e4ngigen Injektionsmechanismen an der Kathode resultiert. Diese auf dem quantenmechanischen Tunneleffekt basierenden Mechanismen werden derzeit (neben weiteren, speziell f\u00fcr die Modellierung von organischen Materialien notwendigen physikalischen Modellen) in einen f\u00fcr eindimensionale (1D) Strukturen ausgelegten und in der Programmiersprache C++ geschriebenen Device-Simulator implementiert, um das Verhalten der OLED simulieren zu k\u00f6nnen.<\/p>\n","protected":false},"excerpt":{"rendered":"<p>Herstellung, Charakterisierung und Modellierung organischer Feldeffekttransistoren Nach der Entdeckung leitf\u00e4higer Polymere in den siebziger Jahren des letzten Jahrhunderts hat sich innerhalb kurzer Zeit ein neues Forschungsgebiet, die organische Elektronik, entwickelt, [&hellip;]<\/p>\n","protected":false},"author":954,"featured_media":0,"parent":0,"menu_order":0,"comment_status":"closed","ping_status":"closed","template":"","meta":{"footnotes":""},"categories":[],"tags":[],"class_list":["post-1075","page","type-page","status-publish","hentry"],"_links":{"self":[{"href":"https:\/\/www.hsu-hh.de\/elo\/wp-json\/wp\/v2\/pages\/1075","targetHints":{"allow":["GET"]}}],"collection":[{"href":"https:\/\/www.hsu-hh.de\/elo\/wp-json\/wp\/v2\/pages"}],"about":[{"href":"https:\/\/www.hsu-hh.de\/elo\/wp-json\/wp\/v2\/types\/page"}],"author":[{"embeddable":true,"href":"https:\/\/www.hsu-hh.de\/elo\/wp-json\/wp\/v2\/users\/954"}],"replies":[{"embeddable":true,"href":"https:\/\/www.hsu-hh.de\/elo\/wp-json\/wp\/v2\/comments?post=1075"}],"version-history":[{"count":4,"href":"https:\/\/www.hsu-hh.de\/elo\/wp-json\/wp\/v2\/pages\/1075\/revisions"}],"predecessor-version":[{"id":1168,"href":"https:\/\/www.hsu-hh.de\/elo\/wp-json\/wp\/v2\/pages\/1075\/revisions\/1168"}],"wp:attachment":[{"href":"https:\/\/www.hsu-hh.de\/elo\/wp-json\/wp\/v2\/media?parent=1075"}],"wp:term":[{"taxonomy":"category","embeddable":true,"href":"https:\/\/www.hsu-hh.de\/elo\/wp-json\/wp\/v2\/categories?post=1075"},{"taxonomy":"post_tag","embeddable":true,"href":"https:\/\/www.hsu-hh.de\/elo\/wp-json\/wp\/v2\/tags?post=1075"}],"curies":[{"name":"wp","href":"https:\/\/api.w.org\/{rel}","templated":true}]}}