{"id":930,"date":"2018-02-05T10:13:49","date_gmt":"2018-02-05T09:13:49","guid":{"rendered":"https:\/\/www.hsu-hh.de\/ees\/?page_id=930"},"modified":"2022-03-14T11:07:39","modified_gmt":"2022-03-14T10:07:39","slug":"brennstoffzelle-mit-steuerbaren-membraneinheiten","status":"publish","type":"page","link":"https:\/\/www.hsu-hh.de\/ees\/forschung\/forschungsgebiete\/brennstoffzelle-mit-steuerbaren-membraneinheiten","title":{"rendered":"Technische Entwicklung und Test von elektrisch steuerbaren Membraneinheiten in Polymer-Elektrolyt-Brennstoffzellen (PEMFC)"},"content":{"rendered":"<p><img loading=\"lazy\" decoding=\"async\" class=\"alignnone wp-image-5014 size-full\" src=\"https:\/\/www.hsu-hh.de\/ees\/wp-content\/uploads\/sites\/680\/2022\/02\/BMWi_Logo_gefoerdert_durch_380x391-2.png\" alt=\"BMWK-F\u00f6rderlogo\" width=\"380\" height=\"391\" data-credit=\"BMWi\" srcset=\"https:\/\/www.hsu-hh.de\/ees\/wp-content\/uploads\/sites\/680\/2022\/02\/BMWi_Logo_gefoerdert_durch_380x391-2.png 380w, https:\/\/www.hsu-hh.de\/ees\/wp-content\/uploads\/sites\/680\/2022\/02\/BMWi_Logo_gefoerdert_durch_380x391-2-292x300.png 292w\" sizes=\"auto, (max-width: 380px) 100vw, 380px\" \/><\/p>\n<h3>FKZ 03<abbr title=\"Elektrotechnik\">ET<\/abbr>6133A<\/h3>\n<h2>Projekthintergrund<\/h2>\n<p>Mit Hilfe von Brennstoffzellensystemen kann der Flexibilisierungsgrad und die Versorgungssicherheit eines auf erneuerbaren Energien basierenden Energiesystems zuk\u00fcnftig erh\u00f6ht werden. Die Brennstoffzelle wandelt die in Wasserstoff gespeicherte chemische Energie in elektrische Energie und W\u00e4rme um:<\/p>\n<p><img loading=\"lazy\" decoding=\"async\" class=\"wp-image-2613 aligncenter\" src=\"https:\/\/www.hsu-hh.de\/ees\/wp-content\/uploads\/sites\/680\/2020\/04\/Formel.png\" alt=\"Formel\" width=\"150\" height=\"20\" data-credit=\"\" srcset=\"https:\/\/www.hsu-hh.de\/ees\/wp-content\/uploads\/sites\/680\/2020\/04\/Formel.png 741w, https:\/\/www.hsu-hh.de\/ees\/wp-content\/uploads\/sites\/680\/2020\/04\/Formel-300x40.png 300w\" sizes=\"auto, (max-width: 150px) 100vw, 150px\" \/><\/p>\n<p>Der Schwachpunkt heutiger Brennstoffzellen- und Elektrolysesysteme, insbesondere in Bezug auf die sogenannte Sektorenkopplung, ist dabei die nicht beeinflussbare Reaktionsgeschwindigkeit aufgrund des nicht beeinflussbaren Membranverhaltens. Deshalb reagieren die Brennstoffzellen mit einer begrenzten Dynamik auf schnelle Last\u00e4nderungen. Insbesondere f\u00fcr mobile Anwendungen werden dar\u00fcber hinaus h\u00f6here Leistungsdichten angestrebt. Aus diesem Grund wird an der Professur f\u00fcr Elektrische Energiesysteme der Helmut-Schmidt-Universit\u00e4t an neuen L\u00f6sungsans\u00e4tzen zur internen Steuerung von Brennstoffzellensystemen gearbeitet. Hauptaugenmerk ist hierbei die Erforschung der gezielten Beeinflussung des Transportprozesses in der Membran durch elektrische Felder. Durch die interne Steuerbarkeit soll die Dynamik dieser Systeme und damit vor allem die Reaktion auf Lastspr\u00fcnge optimiert werden.<\/p>\n<h2>Projektziel<\/h2>\n<p>Ziel dieses Teilprojektes ist die Modifizierung und Verbesserung des station\u00e4ren und dynamischen Betriebsverhaltens von PEM-Brennstoffzellen. Dies wird durch die Entwicklung einer elektrisch steuerbaren Membraneinheit f\u00fcr Brennstoffzellen realisiert. Konkrete Ziele umfassen:<\/p>\n<ul>\n<li>Die Entwicklung eines Prototyps einer steuerbaren Brennstoffzelle mit modifiziertem station\u00e4rem und dynamischem Verhalten<\/li>\n<li>Die Charakterisierung und Optimierung der Steuerbarkeit der Brennstoffzelle, sowie die Entwicklung der Ansteuerungsmethode<\/li>\n<\/ul>\n<h2><strong>Methodisches Vorgehen<\/strong><\/h2>\n<p>Zur Bearbeitung des Projekts werden in einem ersten Schritt die neuartigen Membraneinheiten mit elektrischem Steuergitter (EFM, Electric Field Modifier) sowohl als physikalisches Modell in der Software COMSOL Multiphysics\u00ae umgesetzt und analysiert, als auch als Einzelzellen-Laborprototypen aufgebaut und getestet. F\u00fcr die Charakterisierung von Brennstoffzellen steht die Ausr\u00fcstung des <a href=\"https:\/\/www.hsu-hh.de\/ees\/dlab\/brennstoffzellenlabor\">Brennstoffzellenlabors<\/a> der Professur zur Verf\u00fcgung.<\/p>\n<p>Die Simulationsergebnisse und die Charakterisierungsergebnisse der Prototypen dienen als gegenseitige Optimierungsgrundlage f\u00fcr die elektrisch steuerbaren Membraneinheiten. Anschlie\u00dfend werden in einem zweiten Schritt Dynamik- und Lebensdauertests mit den optimierten Prototypen durchgef\u00fchrt. Am Ende dieses Teilprojekts soll ein Brennstoffzellen-Stack mit neuartiger, elektrisch steuerbarer Membraneinheit realisiert werden.<\/p>\n<h2><strong>Publikationen<\/strong><\/h2>\n<p><em>Friedrich, J.<\/em><br \/>\nEstimation of the Influence of Novel Control Lattices within Fuel Cell Membranes using a 2D Steady-State Model<br \/>\nVortrag auf dem Electrochemistry Workshop an der Helmut-Schmidt-Universit\u00e4t \/ Universit\u00e4t der Bundeswehr Hamburg,<br \/>\n12. &#8211; 14. November 2018, Hamburg, Germany<\/p>\n<p><em>Schumann, M.; Grumm, F.; Friedrich, J.; Schulz, D.<\/em><br \/>\n<a href=\"https:\/\/ieeexplore.ieee.org\/document\/8910085\" target=\"_blank\" rel=\"noopener noreferrer\">Transient PEM Fuel Cell Control by an Electric Field Modifier<\/a><br \/>\n2nd European Conference on Electrical Engineering and Computer Science (EECS 2018), Bern, Switzerland, 20-22 December 2018<\/p>\n<p><em>Schumann, M.; Grumm, F.; Friedrich, J.; Schulz, D.<\/em><br \/>\n<a href=\"http:\/\/www.wseas.org\/multimedia\/journals\/circuits\/2019\/a205101-089.pdf\" target=\"_blank\" rel=\"noopener noreferrer\">Electric Field Modifier Design and Implementation for Transient PEM Fuel Cell Control<\/a><br \/>\nWSEAS TRANSACTIONS on CIRCUITS and SYSTEMS, vol. 18, pp. 55-62, 2019, ISSN (Online): 2224-266X<\/p>\n<p><em>Friedrich, J.; Schumann, M.; Schulz, D.<\/em><br \/>\nEffects, Position and Density of Novel Control Lattices for PEM Fuel Cells<br \/>\n7th Eur. Conf. Ren. Energy Sys. 10-12 June 2019, Madrid, Spain<\/p>\n<p><em>Friedrich, J.; Schumann, M.; Schulz, D.<br \/>\n<\/em>Manipulating the Current Density and the Transient Behavior of Fuel Cells by novel Electric Field Modifiers<br \/>\nCARISMA 2019, 27-30 August, Duisburg, Germany<\/p>\n<p><em>Schumann, M.; Friedrich, J.; K\u00f6tter, A.; Schulz, D.<\/em><br \/>\n<a href=\"http:\/\/edoc.sub.uni-hamburg.de\/hsu\/volltexte\/2019\/3245\/\" target=\"_blank\" rel=\"noopener noreferrer\">Entwicklung von Elektrisch Steuerbaren Membran-Elektroden-Einheiten in PEM Brennstoffzellen zur Verbesserung der Dynamik<\/a>,<br \/>\nIn: <em>Hamburger Beitr\u00e4ge f\u00fcr den technischen Klimaschutz,<br \/>\n<\/em>Helmut-Schmidt-Universit\u00e4t \/ Universit\u00e4t der Bundeswehr, Professur f\u00fcr Elektrische Energiesysteme, Hamburg, Oktober 2019,<br \/>\n<abbr title=\"Band\">Bd.<\/abbr> 1,\u00a0 S. 111-115, ISSN (Druck) 2698-8798, <abbr title=\"International Standard Book Number\">ISBN<\/abbr> (Druck) 978-3-86818-247-7, ISSN (Online) 2698-8801, <abbr title=\"International Standard Book Number\">ISBN<\/abbr> (Online) 978-3-86818-248-4<\/p>\n<h2><strong>Projektpartner<\/strong><\/h2>\n<p>Das Projekt StBZuEL \u2013 <em>Entwicklung und Test von elektrisch steuerbaren Membraneinheiten in Polymer-Elektrolyt-Brennstoffzellen und Elektrolyseuren mit interner Methanisierung im Auslasskanal<\/em> wird in Kooperation mit der Firma Altran Deutschland S.A.S. &amp; Co. <abbr title=\"Kommanditgesellschaft\">KG<\/abbr> bearbeitet.<\/p>\n<p><img loading=\"lazy\" decoding=\"async\" class=\"wp-image-5098  alignleft\" src=\"https:\/\/www.hsu-hh.de\/ees\/wp-content\/uploads\/sites\/680\/2022\/03\/ProjektPartner-neu-1.png\" alt=\"Logo StBZuEL\" width=\"1096\" height=\"151\" data-credit=\"HSU \/ DLab\" srcset=\"https:\/\/www.hsu-hh.de\/ees\/wp-content\/uploads\/sites\/680\/2022\/03\/ProjektPartner-neu-1.png 3012w, https:\/\/www.hsu-hh.de\/ees\/wp-content\/uploads\/sites\/680\/2022\/03\/ProjektPartner-neu-1-300x41.png 300w, https:\/\/www.hsu-hh.de\/ees\/wp-content\/uploads\/sites\/680\/2022\/03\/ProjektPartner-neu-1-1024x141.png 1024w, https:\/\/www.hsu-hh.de\/ees\/wp-content\/uploads\/sites\/680\/2022\/03\/ProjektPartner-neu-1-768x106.png 768w, https:\/\/www.hsu-hh.de\/ees\/wp-content\/uploads\/sites\/680\/2022\/03\/ProjektPartner-neu-1-1536x212.png 1536w, https:\/\/www.hsu-hh.de\/ees\/wp-content\/uploads\/sites\/680\/2022\/03\/ProjektPartner-neu-1-2048x283.png 2048w, https:\/\/www.hsu-hh.de\/ees\/wp-content\/uploads\/sites\/680\/2022\/03\/ProjektPartner-neu-1-1100x152.png 1100w\" sizes=\"auto, (max-width: 1096px) 100vw, 1096px\" \/><\/p>\n<h2><strong>Patente<\/strong><\/h2>\n<p>[1] Schulz, D.: Brennstoffzellenmembraneinheit, steuerbare Brennstoffzelle und Hochdruckelektrolysezelle, 15.12.2011, Patent DE 10 2011 088 613<\/p>\n<p>[2] Schulz, D.: INTERNALLY CONTROLLABLE FUEL CELL, United States Patent, Patent No.: US 9,437,887 B2, Sep.6, 2016<\/p>\n<p>[3] Schulz, D.: INTERNALLY CONTROLLABLE FUEL CELL, European patent No. 2791392, 16.08.2017<\/p>\n<p>[4] Schulz, D.: INTERNALLY CONTROLLABLE FUEL CELL, Chinese patent, Patent No.: ZL2012800617937, 6.12.2017<\/p>\n<p>[5] Schulz, D.: HIGH EFFICIENCY FUEL CELL, European patent No. 2978875, 07.03.18<\/p>\n<p>[6] Schulz, D.: HIGH EFFICIENCY FUEL CELL, Chinese patent, Patent No.: ZL 2014800178483, 22.06.2018<\/p>\n<p>[7] Schulz, D.: HIGH EFFICIENCY FUEL CELL, United States Patent, Patent No.: US 1050235506 B2, Jul. 17, 2018<\/p>\n<p>[8] Schulz, D.: HIGH EFFICIENCY FUEL CELL, Japanese Patent Number 6462660, 11.01.2019<\/p>\n<p>[9] Schulz, D.: INTERNALLY CONTROLLABLE FUEL CELL, Japanese Patent Number 8486105, 01.03.2019<\/p>\n<p>[10] Schulz, D.: INTERNALLY CONTROLLABLE FUEL CELL, Korean Patent Number 10-2001703, 12.07.2019<\/p>\n<h2>Ansprechpartner<\/h2>\n<p>Prof. <abbr title=\"Doktor der Ingenieurwissenschaften\">Dr.-Ing.<\/abbr> <abbr title=\"habilitatus\">habil.<\/abbr> Detlef Schulz (<u>Projektleiter<\/u>)<br \/>\nMarc Schumann, <abbr title=\"Master of Science\">M.Sc.<\/abbr><br \/>\nCarsten Cosse, <abbr title=\"Master of Science\">M.Sc.<\/abbr><br \/>\nFakult\u00e4t f\u00fcr Elektrotechnik<br \/>\nElektrische Energiesysteme<\/p>\n","protected":false},"excerpt":{"rendered":"<p>FKZ 03ET6133A Projekthintergrund Mit Hilfe von Brennstoffzellensystemen kann der Flexibilisierungsgrad und die Versorgungssicherheit eines auf erneuerbaren Energien basierenden Energiesystems zuk\u00fcnftig erh\u00f6ht werden. Die Brennstoffzelle wandelt die in Wasserstoff gespeicherte chemische [&hellip;]<\/p>\n","protected":false},"author":57,"featured_media":0,"parent":3518,"menu_order":0,"comment_status":"closed","ping_status":"closed","template":"","meta":{"footnotes":""},"categories":[4,118],"tags":[],"class_list":["post-930","page","type-page","status-publish","hentry","category-forschung","category-projekte"],"_links":{"self":[{"href":"https:\/\/www.hsu-hh.de\/ees\/wp-json\/wp\/v2\/pages\/930","targetHints":{"allow":["GET"]}}],"collection":[{"href":"https:\/\/www.hsu-hh.de\/ees\/wp-json\/wp\/v2\/pages"}],"about":[{"href":"https:\/\/www.hsu-hh.de\/ees\/wp-json\/wp\/v2\/types\/page"}],"author":[{"embeddable":true,"href":"https:\/\/www.hsu-hh.de\/ees\/wp-json\/wp\/v2\/users\/57"}],"replies":[{"embeddable":true,"href":"https:\/\/www.hsu-hh.de\/ees\/wp-json\/wp\/v2\/comments?post=930"}],"version-history":[{"count":61,"href":"https:\/\/www.hsu-hh.de\/ees\/wp-json\/wp\/v2\/pages\/930\/revisions"}],"predecessor-version":[{"id":5657,"href":"https:\/\/www.hsu-hh.de\/ees\/wp-json\/wp\/v2\/pages\/930\/revisions\/5657"}],"up":[{"embeddable":true,"href":"https:\/\/www.hsu-hh.de\/ees\/wp-json\/wp\/v2\/pages\/3518"}],"wp:attachment":[{"href":"https:\/\/www.hsu-hh.de\/ees\/wp-json\/wp\/v2\/media?parent=930"}],"wp:term":[{"taxonomy":"category","embeddable":true,"href":"https:\/\/www.hsu-hh.de\/ees\/wp-json\/wp\/v2\/categories?post=930"},{"taxonomy":"post_tag","embeddable":true,"href":"https:\/\/www.hsu-hh.de\/ees\/wp-json\/wp\/v2\/tags?post=930"}],"curies":[{"name":"wp","href":"https:\/\/api.w.org\/{rel}","templated":true}]}}