{"id":780,"date":"2018-01-22T09:00:25","date_gmt":"2018-01-22T08:00:25","guid":{"rendered":"https:\/\/www.hsu-hh.de\/ees\/?page_id=780"},"modified":"2025-09-08T10:53:26","modified_gmt":"2025-09-08T08:53:26","slug":"energieforschungsverbund-hamburg","status":"publish","type":"page","link":"https:\/\/www.hsu-hh.de\/ees\/forschung\/energieforschungsverbund-hamburg","title":{"rendered":"Energieforschungsverbund Hamburg"},"content":{"rendered":"\n<figure class=\"wp-block-image size-full\"><img loading=\"lazy\" decoding=\"async\" width=\"510\" height=\"100\" src=\"https:\/\/www.hsu-hh.de\/ees\/wp-content\/uploads\/sites\/680\/2018\/01\/Energieforschungsverbund-HH_Logo_reduziert-e1516620207234.jpg\" data-credit=\"Klaus-Dieter Dettmann\" alt=\"Logo EFH\" class=\"wp-image-782\" \/><\/figure>\n\n\n\n<p><strong>Hinweis:<\/strong> Ab dem 01.10.2025 suchen wir eine neue Mitarbeiterin \/ einen neuen Mitarbeiter im Energieforschungsverbund Hamburg. Zur Ausschreibung gelangen Sie <abbr title=\"unter anderem\">u.a.<\/abbr> <a href=\"https:\/\/www.hsu-hh.de\/ees\/wp-content\/uploads\/sites\/680\/2025\/09\/ET-2425-Final-HH-E13-Prof.-Schulz-1.pdf\" target=\"_blank\" rel=\"noreferrer noopener\">hier<\/a>.<\/p>\n\n\n\n<p>&#8212;&#8212;&#8212;<\/p>\n\n\n\n<p>Anfang 2013 wurde mit Unterst\u00fctzung der Beh\u00f6rde f\u00fcr Wissenschaft und Forschung (BWF) der Energieforschungsverbund Hamburg (EFH) als Zusammenschluss der f\u00fcnf gro\u00dfen Hamburger Hochschulen gegr\u00fcndet, um eine Vernetzung der verschiedenen Expertisen im Bereich Energieforschung zu erzeugen und gro\u00dfe Herausforderungen wie eine nachhaltige Energieversorgung gemeinsam zu bearbeiten. Jeweils vertreten durch ihre Energieforschungsbeauftragten geh\u00f6ren zum EFH die Universit\u00e4t Hamburg, die Technische Universit\u00e4t Hamburg-Harburg, die Helmut-Schmidt-Universit\u00e4t\/Universit\u00e4t der Bundeswehr Hamburg, die HafenCity Universit\u00e4t Hamburg sowie die Hochschule f\u00fcr Angewandte Wissenschaften. Als Energieforschungsbeauftragter der Helmut-Schmidt-Universit\u00e4t wurde von der Hochschulleitung Herr <abbr title=\"Professor\">Prof.<\/abbr> <abbr title=\"Doktor\">Dr.<\/abbr>&#8211;<abbr title=\"Ingenieur\">Ing.<\/abbr> Detlef Schulz eingesetzt.<\/p>\n\n\n\n<p>Mit Hilfe des Hamburger Energieforschungsverbunds sollen unterschiedliche Forschergruppen der Hamburger Hochschulen mit Interesse an energiebezogenen Themen zusammengef\u00fchrt werden, um potentielle auch f\u00e4cher\u00fcbergreifende Verbundprojekte auszuarbeiten. Als Schnittstelle zwischen den Hamburger Hochschulen \u00fcbernimmt der EFH dabei in erster Linie koordinative T\u00e4tigkeiten, indem zu verschiedenen Forschungsideen potentielle Projektpartner identifiziert und zusammengebracht werden. Dar\u00fcber hinaus besteht durch die Zusammenarbeit mit dem Cluster Erneuerbare Energien Hamburg (EEHH), das haupts\u00e4chlich die wirtschaftliche Seite der Hamburger Forschungslandschaft b\u00fcndelt, auch die M\u00f6glichkeit, auf dem Gebiet der erneuerbaren Energien gezielte Verbindungen zu Unternehmen herzustellen.<\/p>\n\n\n\n<p>Eine Initiative des EFH ist beispielsweise auch die Zusammenstellung der aktuellen Forschungsprogramme und F\u00f6rderinstrumente im Energiebereich auf nationaler sowie internationaler Ebene, welche in regelm\u00e4\u00dfigen Abst\u00e4nden (ca. alle 8 Wochen) an den Hamburger Hochschulen in Form eines Newsletters verteilt werden soll. Falls Sie diesen Newsletter mit den F\u00f6rderinformationen&nbsp;regelm\u00e4\u00dfig erhalten wollen, sprechen Sie uns gerne an.<\/p>\n\n\n\n<p><strong>Aktuelle F\u00f6rderinformationen:<\/strong> <a href=\"https:\/\/www.hsu-hh.de\/ees\/wp-content\/uploads\/sites\/680\/2025\/03\/stiftungen-und-institutionen-data-1.pdf\" target=\"_blank\" rel=\"noreferrer noopener\">Download<\/a><\/p>\n\n\n\n<p><strong>Einladung &#8222;Tag der Forschung&#8220; am 14.05.2025<\/strong><br>Der EFH l\u00e4dt zusammen mit dem Cluster Erneuerbare Energien Hamburg ein zum &#8222;Tag der Forschung&#8220;. Dieses Event fokussiert die Forschungst\u00e4tigkeiten der Hochschulen im Bereich der Energieforschung. Studierenden, wissenschaftlichen Mitarbeitenden, Post Docs und Professor:innen wird die M\u00f6glichkeit gegeben, die Ergebnisse und Erkenntnisse der Projekte durch Vortr\u00e4ge oder Poster vorzustellen. Danach sind die Teilnehmenden eingeladen, sich bei Speis und Trank auszutauschen.<\/p>\n\n\n\n<p>Weitere Informationen finden Sie auf dem Save-the-Date Flyer<strong>:<\/strong> <a href=\"https:\/\/www.hsu-hh.de\/ees\/wp-content\/uploads\/sites\/680\/2025\/03\/20250514_Tag-der-Energieforschung_Save-the-Date.pdf\" target=\"_blank\" rel=\"noreferrer noopener\">Download<\/a><\/p>\n\n\n\n<p>Ausf\u00fchrliche Informationen zum EFH finden Sie im <a href=\"https:\/\/www.hsu-hh.de\/ees\/wp-content\/uploads\/sites\/680\/2025\/03\/Flyer_Seite-1-und-2_2024_DINA4_neu_Datenformat.pdf\" target=\"_blank\" rel=\"noreferrer noopener\">Flyer<\/a>, im <a href=\"http:\/\/www.hamburg.de\/contentblob\/3430770\/data\/konzept-hamburger-energieforschungsverbund-broschuere.pdf\" target=\"_blank\" rel=\"noreferrer noopener\">Konzept zum Hamburger Energieforschungsverbund<\/a> sowie auf unserer <a href=\"https:\/\/www.energieforschungsverbund.hamburg\/\" rel='nofollow'>Projektwebsite<\/a>.<\/p>\n\n\n\n<h2 class=\"wp-block-heading\">Ansprechpartner:<\/h2>\n\n\n\n<p><a href=\"https:\/\/www.hsu-hh.de\/ees\/team-ueberblick-deu\/team-detail-deu#Schulz\" target=\"_blank\" rel=\"noreferrer noopener\"><abbr title=\"Professor\">Prof.<\/abbr> <abbr title=\"Doktor\">Dr.<\/abbr>&#8211;<abbr title=\"Ingenieur\">Ing.<\/abbr> <abbr title=\"habilitatus\">habil.<\/abbr> Detlef Schulz<\/a><br>Helmut-Schmidt-Universit\u00e4t \/ Universit\u00e4t der Bundeswehr Hamburg<br>Fakult\u00e4t f\u00fcr Elektrotechnik<br>Elektrische Energiesysteme<\/p>\n\n\n\n<p><abbr title=\"Doktor\">Dr.<\/abbr>&#8211;<abbr title=\"Ingenieur\">Ing.<\/abbr> Munira Halimjanova<br>Helmut-Schmidt-Universit\u00e4t \/ Universit\u00e4t der Bundeswehr Hamburg<br>Fakult\u00e4t f\u00fcr Elektrotechnik<br>Elektrische Energiesysteme<\/p>\n\n\n\n<p class=\"has-text-align-center\"><strong>Auftraggeber\/F\u00f6rdergeber<\/strong><br>Beh\u00f6rde f\u00fcr Wissenschaft, Forschung, Gleichstellung und Bezirke (BWFGB)<br>Beh\u00f6rde f\u00fcr Wirtschaft und Innovation (BWI)<br>Beh\u00f6rde f\u00fcr Umwelt, Klima, Energie und Agrarwirtschaft (BUKEA)<\/p>\n\n\n\n<p class=\"has-text-align-center\"><strong>Projektpartner<\/strong><br>UHH, <abbr title=\"Helmut Schmidt Universit\u00e4t\">HSU<\/abbr>, TUHH, HAW, HCU<\/p>\n\n\n\n<p class=\"has-text-align-center\">Die Finanzierung erfolgt zu 50 % von den genannten Beh\u00f6rden und&nbsp;50 % von den beteiligten Hochschulen.<\/p>\n\n\n\n<p class=\"has-text-align-center\"><strong>Projektumfang<\/strong><br>jeweils 24 Wissenschaftlermonate<\/p>\n\n\n\n<p class=\"has-text-align-center\"><strong>Laufzeiten<\/strong><br>2013-2014, 2015-2016, 2017-2018, 2019-2022, 2023-2024, 2025-2026<\/p>\n","protected":false},"excerpt":{"rendered":"<p>Hinweis: Ab dem 01.10.2025 suchen wir eine neue Mitarbeiterin \/ einen neuen Mitarbeiter im Energieforschungsverbund Hamburg. Zur Ausschreibung gelangen Sie u.a. hier. &#8212;&#8212;&#8212; Anfang 2013 wurde mit Unterst\u00fctzung der Beh\u00f6rde [&hellip;]<\/p>\n","protected":false},"author":57,"featured_media":0,"parent":3500,"menu_order":0,"comment_status":"closed","ping_status":"closed","template":"","meta":{"footnotes":""},"categories":[4,118],"tags":[124,120,122],"class_list":["post-780","page","type-page","status-publish","hentry","category-forschung","category-projekte","tag-efh","tag-energieforschungsverbund","tag-hamburg"],"_links":{"self":[{"href":"https:\/\/www.hsu-hh.de\/ees\/wp-json\/wp\/v2\/pages\/780","targetHints":{"allow":["GET"]}}],"collection":[{"href":"https:\/\/www.hsu-hh.de\/ees\/wp-json\/wp\/v2\/pages"}],"about":[{"href":"https:\/\/www.hsu-hh.de\/ees\/wp-json\/wp\/v2\/types\/page"}],"author":[{"embeddable":true,"href":"https:\/\/www.hsu-hh.de\/ees\/wp-json\/wp\/v2\/users\/57"}],"replies":[{"embeddable":true,"href":"https:\/\/www.hsu-hh.de\/ees\/wp-json\/wp\/v2\/comments?post=780"}],"version-history":[{"count":77,"href":"https:\/\/www.hsu-hh.de\/ees\/wp-json\/wp\/v2\/pages\/780\/revisions"}],"predecessor-version":[{"id":8086,"href":"https:\/\/www.hsu-hh.de\/ees\/wp-json\/wp\/v2\/pages\/780\/revisions\/8086"}],"up":[{"embeddable":true,"href":"https:\/\/www.hsu-hh.de\/ees\/wp-json\/wp\/v2\/pages\/3500"}],"wp:attachment":[{"href":"https:\/\/www.hsu-hh.de\/ees\/wp-json\/wp\/v2\/media?parent=780"}],"wp:term":[{"taxonomy":"category","embeddable":true,"href":"https:\/\/www.hsu-hh.de\/ees\/wp-json\/wp\/v2\/categories?post=780"},{"taxonomy":"post_tag","embeddable":true,"href":"https:\/\/www.hsu-hh.de\/ees\/wp-json\/wp\/v2\/tags?post=780"}],"curies":[{"name":"wp","href":"https:\/\/api.w.org\/{rel}","templated":true}]}}