{"id":7248,"date":"2023-10-06T08:59:58","date_gmt":"2023-10-06T06:59:58","guid":{"rendered":"https:\/\/www.hsu-hh.de\/ees\/?page_id=7248"},"modified":"2025-05-21T16:46:34","modified_gmt":"2025-05-21T14:46:34","slug":"kola-projekt","status":"publish","type":"page","link":"https:\/\/www.hsu-hh.de\/ees\/kola-projekt","title":{"rendered":"Projekt KoLa"},"content":{"rendered":"\n<p class=\"has-medium-font-size\"><strong>Willkommen beim Projekt \u201eKoLa &#8211; Koordinierungsfunktion des Verteilnetzes und Lastmanagement f\u00fcr den elektrifizierten Personenverkehr\u201c<\/strong><\/p>\n\n\n\n<hr class=\"wp-block-separator has-alpha-channel-opacity\" \/>\n\n\n\n<p style=\"font-size:20px\"><strong>Teilvorhaben<\/strong><\/p>\n\n\n\n<p class=\"has-medium-font-size\"><strong>Wissenschaftliche Begleitforschung: Lastprognosen und Optimierung elektrifizierter Busbetriebsh\u00f6fe (01MV22005C)<\/strong><\/p>\n\n\n\n<figure class=\"wp-block-image size-large is-resized is-style-default\"><img loading=\"lazy\" decoding=\"async\" width=\"906\" height=\"1024\" src=\"https:\/\/www.hsu-hh.de\/ees\/wp-content\/uploads\/sites\/680\/2023\/10\/Bericht_KoLa_png-906x1024.png\" data-credit=\"Projekt KoLa\" alt=\"\" class=\"wp-image-7262\" style=\"width:671px;height:758px\" srcset=\"https:\/\/www.hsu-hh.de\/ees\/wp-content\/uploads\/sites\/680\/2023\/10\/Bericht_KoLa_png-906x1024.png 906w, https:\/\/www.hsu-hh.de\/ees\/wp-content\/uploads\/sites\/680\/2023\/10\/Bericht_KoLa_png-265x300.png 265w, https:\/\/www.hsu-hh.de\/ees\/wp-content\/uploads\/sites\/680\/2023\/10\/Bericht_KoLa_png-768x868.png 768w, https:\/\/www.hsu-hh.de\/ees\/wp-content\/uploads\/sites\/680\/2023\/10\/Bericht_KoLa_png-1359x1536.png 1359w, https:\/\/www.hsu-hh.de\/ees\/wp-content\/uploads\/sites\/680\/2023\/10\/Bericht_KoLa_png-1812x2048.png 1812w, https:\/\/www.hsu-hh.de\/ees\/wp-content\/uploads\/sites\/680\/2023\/10\/Bericht_KoLa_png-1100x1243.png 1100w\" sizes=\"auto, (max-width: 906px) 100vw, 906px\" \/><\/figure>\n\n\n\n<p class=\"has-medium-font-size\"><strong>Eine nachhaltige Zukunft erfordert nicht nur Elektrifizierung, sondern auch innovative L\u00f6sungen zur Integration von Elektromobilit\u00e4t ins Netz. Unser Projekt konzentriert sich darauf, die Flexibilit\u00e4t von Elektrobus-Flotten zu nutzen und die Ladeinfrastruktur intelligent zu betreiben.<\/strong><\/p>\n\n\n\n<figure class=\"wp-block-image size-large\"><img loading=\"lazy\" decoding=\"async\" width=\"1024\" height=\"683\" src=\"https:\/\/www.hsu-hh.de\/ees\/wp-content\/uploads\/sites\/680\/2023\/10\/busbetriebshof-alsterdorf-data-2-1024x683.jpg\" data-credit=\"Hamburger Hochbahn AG\" alt=\"\" class=\"wp-image-7260\" srcset=\"https:\/\/www.hsu-hh.de\/ees\/wp-content\/uploads\/sites\/680\/2023\/10\/busbetriebshof-alsterdorf-data-2-1024x683.jpg 1024w, https:\/\/www.hsu-hh.de\/ees\/wp-content\/uploads\/sites\/680\/2023\/10\/busbetriebshof-alsterdorf-data-2-300x200.jpg 300w, https:\/\/www.hsu-hh.de\/ees\/wp-content\/uploads\/sites\/680\/2023\/10\/busbetriebshof-alsterdorf-data-2-768x512.jpg 768w, https:\/\/www.hsu-hh.de\/ees\/wp-content\/uploads\/sites\/680\/2023\/10\/busbetriebshof-alsterdorf-data-2-1536x1024.jpg 1536w, https:\/\/www.hsu-hh.de\/ees\/wp-content\/uploads\/sites\/680\/2023\/10\/busbetriebshof-alsterdorf-data-2-2048x1366.jpg 2048w, https:\/\/www.hsu-hh.de\/ees\/wp-content\/uploads\/sites\/680\/2023\/10\/busbetriebshof-alsterdorf-data-2-1100x734.jpg 1100w\" sizes=\"auto, (max-width: 1024px) 100vw, 1024px\" \/><\/figure>\n\n\n\n<hr class=\"wp-block-separator has-alpha-channel-opacity\" \/>\n\n\n\n<p class=\"has-medium-font-size\"><strong>Unsere Mission<\/strong><\/p>\n\n\n\n<p class=\"has-medium-font-size\"><strong>Unsere Mission ist es, die Elektromobilit\u00e4t als Eckpfeiler einer gr\u00fcnen Verkehrszukunft zu etablieren. Elektrifizierte Busse sind ein wichtiger Teil dieser Vision, aber um ihr volles Potenzial zu entfalten, ben\u00f6tigen wir intelligente L\u00f6sungen zum Last- und Lademanagement und zur effizienten Erweiterung der schon existierenden Ladeinfrastruktur.<\/strong><\/p>\n\n\n\n<hr class=\"wp-block-separator has-alpha-channel-opacity\" \/>\n\n\n\n<p class=\"has-medium-font-size\"><strong>Unsere L\u00f6sungen<\/strong><\/p>\n\n\n\n<ol class=\"wp-block-list\">\n<li class=\"has-medium-font-size\"><strong>Flexibilit\u00e4t im Netz: Wir entwickeln fortschrittliche Technologien und Strategien, um Elektrobusflotten als flexibles Energie-Reservoir in das Stromnetz zu integrieren. Dies erm\u00f6glicht es, \u00fcbersch\u00fcssige Energie zu speichern und bei Bedarf wieder ins Netz einzuspeisen, was die Netzstabilit\u00e4t verbessert und die Integration erneuerbarer Energien f\u00f6rdert.<\/strong><\/li>\n\n\n\n<li class=\"has-medium-font-size\"><strong>Optimierung von Busbetriebsh\u00f6fen: Unsere L\u00f6sungen unterst\u00fctzen Busbetriebsh\u00f6fe dabei, ihren Energieverbrauch zu reduzieren und die Effizienz der Lade- und Entladevorg\u00e4nge zu maximieren. Dies tr\u00e4gt zur Senkung der Betriebskosten und zur Verringerung der Umweltauswirkungen bei.<\/strong><\/li>\n\n\n\n<li class=\"has-medium-font-size\"><strong>Nachhaltigkeit: Wir forschen daran, die Energieeffizienz zu steigern und den CO2-Fu\u00dfabdruck des \u00f6ffentlichen Verkehrs zu reduzieren. Unser Projekt zielt darauf ab, die Elektromobilit\u00e4t so nachhaltig wie m\u00f6glich zu gestalten und einen Beitrag zum Klimaschutz zu leisten.<\/strong><\/li>\n\n\n\n<li class=\"has-medium-font-size\"><strong>Wirtschaftlichkeit: Die wirtschaftliche Rentabilit\u00e4t des Gesamtsystems muss gew\u00e4hrleistet sein. Dies wird unter anderem durch die Ber\u00fccksichtigung des Energiespeichers erreicht. Die Einsch\u00e4tzung des Flexibilit\u00e4tspotenzials, das durch den Speicher geboten wird, hilft dabei, das gesamte Potenzial des Speichers zu ermitteln und sowohl sein technisches Anwendungsfeld als auch die wirtschaftlichen Auswirkungen zu analysieren.<\/strong><\/li>\n<\/ol>\n\n\n\n<hr class=\"wp-block-separator has-alpha-channel-opacity\" \/>\n\n\n\n<p class=\"has-medium-font-size\"><strong>Warum ist unser Projekt wichtig?<\/strong><\/p>\n\n\n\n<p class=\"has-medium-font-size\"><strong>Die erfolgreiche Integration von Elektromobilit\u00e4t ins Netz ist entscheidend f\u00fcr eine nachhaltige Zukunft. Elektrifizierte Busflotten sind nicht nur umweltfreundlich, sondern bieten auch M\u00f6glichkeiten zur Stabilisierung und Optimierung des Stromnetzes. Unser Projekt vereint Expertise aus den Bereichen Energie, Verkehr und Technologie, um diese Chancen zu nutzen.<\/strong><\/p>\n\n\n\n<hr class=\"wp-block-separator has-alpha-channel-opacity\" \/>\n\n\n\n<p class=\"has-medium-font-size\"><strong>Kontaktieren Sie uns<\/strong><\/p>\n\n\n\n<p class=\"has-medium-font-size\"><strong>M\u00f6chten Sie mehr \u00fcber unser Projekt erfahren oder mit uns zusammenarbeiten? Wir sind immer auf der Suche nach Partnern, die unsere Vision teilen und an der Gestaltung einer nachhaltigen Mobilit\u00e4t mitwirken m\u00f6chten.<\/strong><\/p>\n\n\n\n<p class=\"has-medium-font-size\"><strong>Gemeinsam gestalten wir die Zukunft der Elektromobilit\u00e4t und tragen dazu bei, unsere St\u00e4dte gr\u00fcner, sauberer und lebenswerter zu machen.<\/strong><\/p>\n\n\n\n<hr class=\"wp-block-separator has-alpha-channel-opacity\" \/>\n\n\n\n<p class=\"has-medium-font-size\"><strong>Ansprechpartner<\/strong><\/p>\n\n\n\n<p class=\"has-medium-font-size\"><strong><a href=\"http:\/\/hsu-hh.de\/ees\/team-ueberblick-deu\/team-detail-deu#Schulz\" data-type=\"link\" data-id=\"hsu-hh.de\/ees\/team-ueberblick-deu\/team-detail-deu#Schulz\" rel='nofollow'><abbr title=\"Professor\">Prof.<\/abbr> <abbr title=\"Doktor\">Dr.<\/abbr>\u2013<abbr title=\"Ingenieur\">Ing.<\/abbr> <abbr title=\"habilitatus\">habil.<\/abbr> Detlef Schulz (Teilprojektleiter)<\/a><\/strong><\/p>\n\n\n\n<p class=\"has-medium-font-size\"><strong><a href=\"http:\/\/hsu-hh.de\/ees\/team-ueberblick-deu\/team-detail-deu#Eskander\" data-type=\"link\" data-id=\"hsu-hh.de\/ees\/team-ueberblick-deu\/team-detail-deu#Schulz\" rel='nofollow'><abbr title=\"Doktor\">Dr.<\/abbr>\u2013<abbr title=\"Ingenieur\">Ing.<\/abbr> Mina Eskander<\/a><\/strong><\/p>\n\n\n\n<p class=\"has-medium-font-size\"><strong><a href=\"http:\/\/hsu-hh.de\/ees\/team-ueberblick-deu\/team-detail-deu#Avdevicius\" data-type=\"link\" data-id=\"hsu-hh.de\/ees\/team-ueberblick-deu\/team-detail-deu#Avdevicius\" rel='nofollow'>Edvard Avdevi\u010dius, <abbr title=\"Master of Science\">M.Sc.<\/abbr><\/a><\/strong><\/p>\n\n\n\n<hr class=\"wp-block-separator has-alpha-channel-opacity\" \/>\n\n\n\n<p>Projektpartner<\/p>\n\n\n\n<p><a href=\"https:\/\/www.hochbahn.de\/de\" rel='nofollow'>https:\/\/www.hochbahn.de\/de<\/a><\/p>\n\n\n\n<p><a href=\"https:\/\/www.hamburger-energienetze.de\/energie-der-zukunft\/fortschritt-innovation\/netz-der-zukunft\" rel='nofollow'>https:\/\/www.hamburger-energienetze.de\/energie-der-zukunft\/fortschritt-innovation\/netz-der-zukunft<\/a><\/p>\n\n\n\n<p><a href=\"https:\/\/www.tuhh.de\/ieet\/startseite\" rel='nofollow'>https:\/\/www.tuhh.de\/ieet\/startseite<\/a><\/p>\n","protected":false},"excerpt":{"rendered":"<p>Willkommen beim Projekt \u201eKoLa &#8211; Koordinierungsfunktion des Verteilnetzes und Lastmanagement f\u00fcr den elektrifizierten Personenverkehr\u201c Teilvorhaben Wissenschaftliche Begleitforschung: Lastprognosen und Optimierung elektrifizierter Busbetriebsh\u00f6fe (01MV22005C) Eine nachhaltige Zukunft erfordert nicht nur Elektrifizierung, [&hellip;]<\/p>\n","protected":false},"author":2926,"featured_media":0,"parent":0,"menu_order":0,"comment_status":"closed","ping_status":"closed","template":"","meta":{"footnotes":""},"categories":[4,572],"tags":[],"class_list":["post-7248","page","type-page","status-publish","hentry","category-forschung","category-projekte-2"],"_links":{"self":[{"href":"https:\/\/www.hsu-hh.de\/ees\/wp-json\/wp\/v2\/pages\/7248","targetHints":{"allow":["GET"]}}],"collection":[{"href":"https:\/\/www.hsu-hh.de\/ees\/wp-json\/wp\/v2\/pages"}],"about":[{"href":"https:\/\/www.hsu-hh.de\/ees\/wp-json\/wp\/v2\/types\/page"}],"author":[{"embeddable":true,"href":"https:\/\/www.hsu-hh.de\/ees\/wp-json\/wp\/v2\/users\/2926"}],"replies":[{"embeddable":true,"href":"https:\/\/www.hsu-hh.de\/ees\/wp-json\/wp\/v2\/comments?post=7248"}],"version-history":[{"count":18,"href":"https:\/\/www.hsu-hh.de\/ees\/wp-json\/wp\/v2\/pages\/7248\/revisions"}],"predecessor-version":[{"id":7999,"href":"https:\/\/www.hsu-hh.de\/ees\/wp-json\/wp\/v2\/pages\/7248\/revisions\/7999"}],"wp:attachment":[{"href":"https:\/\/www.hsu-hh.de\/ees\/wp-json\/wp\/v2\/media?parent=7248"}],"wp:term":[{"taxonomy":"category","embeddable":true,"href":"https:\/\/www.hsu-hh.de\/ees\/wp-json\/wp\/v2\/categories?post=7248"},{"taxonomy":"post_tag","embeddable":true,"href":"https:\/\/www.hsu-hh.de\/ees\/wp-json\/wp\/v2\/tags?post=7248"}],"curies":[{"name":"wp","href":"https:\/\/api.w.org\/{rel}","templated":true}]}}