{"id":6317,"date":"2023-01-17T11:55:15","date_gmt":"2023-01-17T10:55:15","guid":{"rendered":"https:\/\/www.hsu-hh.de\/ees\/?page_id=6317"},"modified":"2023-04-20T15:38:02","modified_gmt":"2023-04-20T13:38:02","slug":"dtec-risktwin-deu","status":"publish","type":"page","link":"https:\/\/www.hsu-hh.de\/ees\/dtec-risktwin-deu","title":{"rendered":"dtec.bw Projekt RISK.twin"},"content":{"rendered":"\n<div class=\"wp-block-columns is-layout-flex wp-container-core-columns-is-layout-9d6595d7 wp-block-columns-is-layout-flex\">\n<div class=\"wp-block-column is-vertically-aligned-top is-layout-flow wp-block-column-is-layout-flow\" style=\"flex-basis:100%\">\n<p class=\"has-text-align-center\"><img loading=\"lazy\" decoding=\"async\" width=\"1937\" height=\"856\" class=\"wp-image-6332\" style=\"width: 400px\" src=\"https:\/\/www.hsu-hh.de\/ees\/wp-content\/uploads\/sites\/680\/2023\/01\/dtecRISK.twin_Logo.png\" alt=\"\" srcset=\"https:\/\/www.hsu-hh.de\/ees\/wp-content\/uploads\/sites\/680\/2023\/01\/dtecRISK.twin_Logo.png 1937w, https:\/\/www.hsu-hh.de\/ees\/wp-content\/uploads\/sites\/680\/2023\/01\/dtecRISK.twin_Logo-300x133.png 300w, https:\/\/www.hsu-hh.de\/ees\/wp-content\/uploads\/sites\/680\/2023\/01\/dtecRISK.twin_Logo-1024x453.png 1024w, https:\/\/www.hsu-hh.de\/ees\/wp-content\/uploads\/sites\/680\/2023\/01\/dtecRISK.twin_Logo-768x339.png 768w, https:\/\/www.hsu-hh.de\/ees\/wp-content\/uploads\/sites\/680\/2023\/01\/dtecRISK.twin_Logo-1536x679.png 1536w, https:\/\/www.hsu-hh.de\/ees\/wp-content\/uploads\/sites\/680\/2023\/01\/dtecRISK.twin_Logo-1100x486.png 1100w\" sizes=\"auto, (max-width: 1937px) 100vw, 1937px\" \/><\/p>\n<\/div>\n<\/div>\n\n\n\n<h1 class=\"wp-block-heading\">Aktuelles<\/h1>\n\n\n\n<div class=\"wp-block-columns is-layout-flex wp-container-core-columns-is-layout-9d6595d7 wp-block-columns-is-layout-flex\">\n<div class=\"wp-block-column is-layout-flow wp-block-column-is-layout-flow\" style=\"flex-basis:12%\">\n<p class=\"has-text-align-left\"><strong>26.01.2023<\/strong><\/p>\n<\/div>\n\n\n\n<div class=\"wp-block-column is-layout-flow wp-block-column-is-layout-flow\" style=\"flex-basis:88%\">\n<p><strong>2. dtec.bw-Workshop<\/strong><\/p>\n\n\n\n<p>F\u00fcr die Pr\u00e4sentation aktueller Forschungsergebnisse im Bereich der KI-Nutzung und die F\u00f6rderung der wissenschaftlichen Vernetzung, wurde der zweite KI-Workshop <em>dtec.bw-workshop Digitalization and AI Use in the Research Area <\/em>&#8222;<em>Energy and Digitalization&#8220;<\/em> organisiert.<\/p>\n<\/div>\n<\/div>\n\n\n\n<div class=\"wp-block-columns is-layout-flex wp-container-core-columns-is-layout-9d6595d7 wp-block-columns-is-layout-flex\">\n<div class=\"wp-block-column is-layout-flow wp-block-column-is-layout-flow\" style=\"flex-basis:12%\">\n<p class=\"has-text-align-left\"><strong>15.12.2022 \u2013<\/strong><br><strong>16.12.2022<\/strong><\/p>\n<\/div>\n\n\n\n<div class=\"wp-block-column is-layout-flow wp-block-column-is-layout-flow\" style=\"flex-basis:88%\">\n<p><strong>4. Doktorandenkolloquium der Professur f\u00fcr Elektrische Energiesysteme<\/strong><\/p>\n\n\n\n<p>Das 4. Doktorandenkolloquium \u201eMein Weg zur Promotion\u201c bot internen sowie externen wissenschaftlichen Mitarbeitern die M\u00f6glichkeit, im Rahmen von Vortr\u00e4gen mit anschlie\u00dfender Diskussions- und Feedbackrunde ihre aktuellen Forschungsschwerpunkte vorzustellen. Der Fokus lag auf dem Stand der Promotion und dem Forschungsthema.<\/p>\n<\/div>\n<\/div>\n\n\n\n<div class=\"wp-block-columns is-layout-flex wp-container-core-columns-is-layout-9d6595d7 wp-block-columns-is-layout-flex\">\n<div class=\"wp-block-column is-layout-flow wp-block-column-is-layout-flow\" style=\"flex-basis:12%\">\n<p class=\"has-text-align-left\"><strong>28.11.2022 \u2013<\/strong><br><strong>29.11.2022<\/strong><\/p>\n<\/div>\n\n\n\n<div class=\"wp-block-column is-layout-flow wp-block-column-is-layout-flow\" style=\"flex-basis:88%\">\n<p><strong><strong><strong>4. RISK.twin-Workshop an der Universit\u00e4t der Bundeswehr M\u00fcnche<\/strong><\/strong>n<\/strong><\/p>\n\n\n\n<p>Zwei Wissenschaftliche Mitarbeiter nahmen am 4. RISK.twin &#8211; Workshop in Neubiberg teil. Zu sehen war am ersten Tag ein Gastvortrag zum Thema \u201eVon der Ostsee bis in den Weltraum \u2013 der Schutz kritischer Infrastrukturen\u201c mit Christoph M\u00fcller und Michael Langerbeins vom Deutschen Zentrum f\u00fcr Luft- und Raumfahrt (DLR) mit dem RISK.twin kooperiert. Beim Kolloquium der Wissenschaftlichen Mitarbeiter am zweiten Tag wurden in Pr\u00e4sentationen mit anschlie\u00dfender Diskussion die aktuellen Forschungsinhalte dargestellt.<\/p>\n<\/div>\n<\/div>\n\n\n\n<div class=\"wp-block-columns is-layout-flex wp-container-core-columns-is-layout-9d6595d7 wp-block-columns-is-layout-flex\">\n<div class=\"wp-block-column is-layout-flow wp-block-column-is-layout-flow\" style=\"flex-basis:12%\">\n<p class=\"has-text-align-left\"><strong>26.10.2022<\/strong><\/p>\n<\/div>\n\n\n\n<div class=\"wp-block-column is-layout-flow wp-block-column-is-layout-flow\" style=\"flex-basis:88%\">\n<p><strong>1. dtec.bw-Workshop<\/strong><\/p>\n\n\n\n<p>Ein Doppel-Workshop zu den Themen&nbsp;<em>Energie und Digitalisierung<\/em>&nbsp;und&nbsp;<em>K\u00fcnstliche Intelligenz<\/em><\/p>\n\n\n\n<p>Der erste dtec.bw-Workshop der Professur f\u00fcr Elektrische Energiesysteme fand am 26. Oktober 2022 an der\u00a0<abbr title=\"Helmut Schmidt Universit\u00e4t\">HSU<\/abbr>\u00a0Hamburg als hybride Veranstaltung statt. Der Workshop war als Doppel-Workshop angelegt, der vormittags die Themen\u00a0<em>Energie und Digitalisierung<\/em>\u00a0und nachmittags das Thema\u00a0<em>K\u00fcnstliche Intelligenz<\/em>\u00a0behandelte.<\/p>\n\n\n\n<p>Weitere Informationen zu diesem Workshop inklusive einer ansprechenden Bildergalerie finden Sie unter diesem Link:<br><a href=\"https:\/\/www.hsu-hh.de\/ees\/dlab\/events\/1-dtec-workshop-edki\">1. dtec.bw-Workshop<\/a><\/p>\n<\/div>\n<\/div>\n\n\n\n<h1 class=\"wp-block-heading\">Laufzeit<\/h1>\n\n\n\n<p>01.01.2021 \u2013 31.12.2024<\/p>\n\n\n\n<h1 class=\"wp-block-heading\">Projektbeschreibung<\/h1>\n\n\n\n<p>Das Projekt RISK.twin ist ein Partnerprojekt zwischen der Universit\u00e4t der Bundeswehr M\u00fcnchen, welche die Projektleitung innehat, und der Helmut-Schmidt-Universit\u00e4t \/ Universit\u00e4t der Bundeswehr Hamburg (<abbr title=\"Helmut Schmidt Universit\u00e4t\">HSU<\/abbr>).<\/p>\n\n\n\n<p>Im Arbeitspaket 3 <em>Intelligente Prozesse in der Wasseraufbereitung \/ Energie<\/em> erfolgen Planung und Bau einer realen Versuchsanlage zur (Ab-)Wasseraufbereitung im Technikumsma\u00dfstab einschlie\u00dflich der hierf\u00fcr notwendigen Analytik und Sensorik auf dem Gel\u00e4nde der Universit\u00e4t der Bundeswehr M\u00fcnchen. St\u00f6rfallszenarien f\u00fcr die kritische technische Infrastruktur, vor allem bedingt durch die Anforderungen der Energiewende sowie des Klimawandels, werden definiert und entsprechende Betriebseinstellungen an den realen (Ab-)Wasseraufbereitungsanlagen unter Ber\u00fccksichtigung der energetischen Fragestellung durchgef\u00fchrt. Die verschiedenen Betriebseinstellungen werden sowohl in einer dynamischen Simulation abgebildet als auch f\u00fcr eine datengetriebene KI-basierte Betriebsdatenauswertung als Basis f\u00fcr die Erstellung eines digitalen Zwillings erhoben. Parallel erfolgt der Entwurf, Aufbau und Hardwaretest eines Steuerungs- und Energiemanagement-Systems f\u00fcr (Ab-)Wasseraufbereitungsanlagen. Dies beinhaltet eine Charakterisierung und Klassifizierung der elektrischen Verbraucher sowie die Signaleinbindung aller steuerbaren Komponenten und Datenschnittstellen zur Zusammenf\u00fchrung in einer virtuellen Leitwarte. Dies erlaubt eine Nutzung als verteiltes Steuerungs- und Energiemanagement-System und die Simulation relevanter St\u00f6rfallszenarien. Die folgende Abbildung bietet einen grafischen \u00dcberblick des Konzepts.<\/p>\n\n\n<div class=\"wp-block-image is-style-default\">\n<figure class=\"aligncenter size-large\"><a href=\"https:\/\/www.hsu-hh.de\/ees\/wp-content\/uploads\/sites\/680\/2023\/04\/2023-04-20-Abbildung_Website_RISK.twin_DEU.png\"><img loading=\"lazy\" decoding=\"async\" width=\"1024\" height=\"512\" src=\"https:\/\/www.hsu-hh.de\/ees\/wp-content\/uploads\/sites\/680\/2023\/04\/2023-04-20-Abbildung_Website_RISK.twin_DEU-1024x512.png\" data-credit=\"Stefan Best\" alt=\"\" class=\"wp-image-7025\" srcset=\"https:\/\/www.hsu-hh.de\/ees\/wp-content\/uploads\/sites\/680\/2023\/04\/2023-04-20-Abbildung_Website_RISK.twin_DEU-1024x512.png 1024w, https:\/\/www.hsu-hh.de\/ees\/wp-content\/uploads\/sites\/680\/2023\/04\/2023-04-20-Abbildung_Website_RISK.twin_DEU-300x150.png 300w, https:\/\/www.hsu-hh.de\/ees\/wp-content\/uploads\/sites\/680\/2023\/04\/2023-04-20-Abbildung_Website_RISK.twin_DEU-768x384.png 768w, https:\/\/www.hsu-hh.de\/ees\/wp-content\/uploads\/sites\/680\/2023\/04\/2023-04-20-Abbildung_Website_RISK.twin_DEU-1536x768.png 1536w, https:\/\/www.hsu-hh.de\/ees\/wp-content\/uploads\/sites\/680\/2023\/04\/2023-04-20-Abbildung_Website_RISK.twin_DEU-2048x1024.png 2048w, https:\/\/www.hsu-hh.de\/ees\/wp-content\/uploads\/sites\/680\/2023\/04\/2023-04-20-Abbildung_Website_RISK.twin_DEU-400x200.png 400w, https:\/\/www.hsu-hh.de\/ees\/wp-content\/uploads\/sites\/680\/2023\/04\/2023-04-20-Abbildung_Website_RISK.twin_DEU-1100x550.png 1100w\" sizes=\"auto, (max-width: 1024px) 100vw, 1024px\" \/><\/a><figcaption class=\"wp-element-caption\"> Schematische Darstellung eines Digitalen Zwillings einer (Ab-)Wasseraufbereitungsanlage mit verteiltem Steuerungs- und Energiemanagement-System zur Untersuchung von St\u00f6rf\u00e4llen.<\/figcaption><\/figure>\n<\/div>\n\n\n<p><\/p>\n\n\n\n<p>Die Professur f\u00fcr Elektrische Energiesysteme der <abbr title=\"Helmut Schmidt Universit\u00e4t\">HSU<\/abbr> modelliert in Kooperation ein verteiltes Steuerungs- und Energiemanagement-System. Die damit m\u00f6glichen Simulationen relevanter St\u00f6rfallszenarien werden mit einem Echtzeitsimulator durchgef\u00fchrt und anschlie\u00dfend analysiert.<\/p>\n\n\n\n<p>F\u00fcr weitergehende Informationen f\u00fchrt Sie der folgende Link zu  der Hauptseite des Projekts: <a rel=\"noreferrer noopener\" href=\"https:\/\/dtecbw.de\/home\/forschung\/unibw-m\/projekt-risk-twin\" target=\"_blank\">RISK.twin-Hauptseite<\/a>.<\/p>\n\n\n\n<h1 class=\"wp-block-heading\">Publikationen<\/h1>\n\n\n\n<p><em><em><em>Pankow, N.; Niemann, A.; Frehmann, T.; Tat\u00e0no, F.<\/em><\/em><\/em><br><strong>7. JSWA\/EWA\/WEF-Fachkonferenz \u201eResilienz in den Wasserdienstleistungen\u201c<\/strong><br>In: <em><em>KA Korrespondenz Abwasser Abfall<\/em>, Hennef, M\u00e4rz 2023<\/em><br>Jahrgang 70, Nr. 3, S. 167-171, ISSN 1866-0029<\/p>\n\n\n\n<p><em>Pankow, N.; Krause, S.; Schaum, C.<\/em><br><strong>Approach for Risk Assessment of Water Resource Recovery Facilities<\/strong><br>In: <em>7th JSWA\/EWA\/WEF Specialty Conference: \u201cResilience of Water Service\u201d<\/em><br>Japan Sewage Works Association (JSWA), Sendai, 15-17 November 2022<br>Download der Pr\u00e4sentation unter: <a href=\"https:\/\/www.jswa.jp\/en\/jswa-en\/pdf\/powerpoint\/221116\/502_Approach_for_Risk_Assessment_of_Water_Resource_Recovery_Plants.pdf\" rel='nofollow'>https:\/\/www.jswa.jp\/en\/jswa-en\/pdf\/powerpoint\/221116\/502_Approach_for_Risk_Assessment_of_Water_Resource_Recovery_Plants.pdf<\/a><\/p>\n\n\n\n<p><em>Chalupczok, S.; Pankow, N.; Hubert, C.; Krause, S.; Schaum, C.<\/em><br><strong>Energie- und Risikomanagement auf Kl\u00e4ranlagen<\/strong><br>In: <em>wwt modernisierungsreport<\/em>, Frankfurt am Main, November 2022<br>Jahrgang 2022\/23, S. 28-33, ISSN 1438-5716<\/p>\n\n\n\n<p><em>Chalupczok, S.; Pankow, N.; Krause, S.; Schaum, C.; Jebali ep Samet, M.; Wienken, H.; Schulz, D.<\/em><br><strong>Von der Realit\u00e4t zum (hybriden) digitalen Zwilling: Intelligente Prozesse in der Wasseraufbereitung<\/strong><br>In: <em>Hamburger Beitr\u00e4ge zum technischen Klimaschutz <\/em>\u2013 <em>Stand der Technik und Digitalisierung bei integrierten Energiesystemen, Sektorenkopplungs- und Mobilit\u00e4tstechnologien<\/em><br>Helmut-Schmidt-Universit\u00e4t \/ Universit\u00e4t der Bundeswehr, Professur f\u00fcr Elektrische Energiesysteme, Hamburg, Dezember 2021<br><abbr title=\"Band\">Bd.<\/abbr>&nbsp;3, S. 29-34, ISSN (Druck) 2698-8798, <abbr title=\"International Standard Book Number\">ISBN<\/abbr> (Druck) 978-3-86818-250-7, ISSN (Online) 2698-8801, <abbr title=\"International Standard Book Number\">ISBN<\/abbr> (Online) 978-3-86818-251-4, DOI: 10.24405\/13945<\/p>\n","protected":false},"excerpt":{"rendered":"<p>Aktuelles 26.01.2023 2. dtec.bw-Workshop F\u00fcr die Pr\u00e4sentation aktueller Forschungsergebnisse im Bereich der KI-Nutzung und die F\u00f6rderung der wissenschaftlichen Vernetzung, wurde der zweite KI-Workshop dtec.bw-workshop Digitalization and AI Use in the [&hellip;]<\/p>\n","protected":false},"author":2444,"featured_media":0,"parent":0,"menu_order":0,"comment_status":"closed","ping_status":"closed","template":"","meta":{"footnotes":""},"categories":[4],"tags":[],"class_list":["post-6317","page","type-page","status-publish","hentry","category-forschung"],"_links":{"self":[{"href":"https:\/\/www.hsu-hh.de\/ees\/wp-json\/wp\/v2\/pages\/6317","targetHints":{"allow":["GET"]}}],"collection":[{"href":"https:\/\/www.hsu-hh.de\/ees\/wp-json\/wp\/v2\/pages"}],"about":[{"href":"https:\/\/www.hsu-hh.de\/ees\/wp-json\/wp\/v2\/types\/page"}],"author":[{"embeddable":true,"href":"https:\/\/www.hsu-hh.de\/ees\/wp-json\/wp\/v2\/users\/2444"}],"replies":[{"embeddable":true,"href":"https:\/\/www.hsu-hh.de\/ees\/wp-json\/wp\/v2\/comments?post=6317"}],"version-history":[{"count":40,"href":"https:\/\/www.hsu-hh.de\/ees\/wp-json\/wp\/v2\/pages\/6317\/revisions"}],"predecessor-version":[{"id":7042,"href":"https:\/\/www.hsu-hh.de\/ees\/wp-json\/wp\/v2\/pages\/6317\/revisions\/7042"}],"wp:attachment":[{"href":"https:\/\/www.hsu-hh.de\/ees\/wp-json\/wp\/v2\/media?parent=6317"}],"wp:term":[{"taxonomy":"category","embeddable":true,"href":"https:\/\/www.hsu-hh.de\/ees\/wp-json\/wp\/v2\/categories?post=6317"},{"taxonomy":"post_tag","embeddable":true,"href":"https:\/\/www.hsu-hh.de\/ees\/wp-json\/wp\/v2\/tags?post=6317"}],"curies":[{"name":"wp","href":"https:\/\/api.w.org\/{rel}","templated":true}]}}