{"id":5435,"date":"2022-09-20T12:17:34","date_gmt":"2022-09-20T10:17:34","guid":{"rendered":"https:\/\/www.hsu-hh.de\/ees\/?page_id=5435"},"modified":"2024-02-12T15:59:53","modified_gmt":"2024-02-12T14:59:53","slug":"besuch-snh-innovationsabteilung-an-der-hsu","status":"publish","type":"page","link":"https:\/\/www.hsu-hh.de\/ees\/besuch-snh-innovationsabteilung-an-der-hsu","title":{"rendered":"Besuch SNH Innovationsabteilung an der HSU"},"content":{"rendered":"\n<p>Am 12. September 2022 besuchte die Innovationsabteilung der Stromnetz Hamburg <abbr title=\"Gesellschaft mit beschr\u00e4nkter Haftung\">GmbH<\/abbr> (SNH) die Professur f\u00fcr Elektrische Energiesysteme (EES) an der Helmut-Schmidt-Universit\u00e4t (<abbr title=\"Helmut Schmidt Universit\u00e4t\">HSU<\/abbr>). Es fand ein reger fachlicher Austausch mit Pr\u00e4sentationen zu aktuellen Themen sowie Laborbesichtigungen in den Bereichen Wasserstoff, Elektromobilit\u00e4t, elektrische Netze und Hochspannungstechnik statt. Die tiefe fachliche Verflechtung und intensive Kooperation zwischen der EES-Professur und der SNH zeigte sich darin, dass insgesamt 23 wissenschaftliche Mitarbeiter eng mit dem Innovationsteam in insgesamt 8 gemeinsamen Projekten zusammenarbeiten. Diese Veranstaltung konnte einen wertvollen Beitrag dazu leisten, die Zusammenarbeit zwischen der EES-Professur und der SNH noch weiter zu st\u00e4rken und neue Forschungsimpulse f\u00fcr zuk\u00fcnftige Projekte zu setzen.<\/p>\n\n\n\n<figure class=\"wp-block-image size-large is-resized\"><img loading=\"lazy\" decoding=\"async\" src=\"https:\/\/www.hsu-hh.de\/ees\/wp-content\/uploads\/sites\/680\/2022\/09\/BesuchSNH_Innovation-1024x683.jpg\" data-credit=\"Professur Elektrische Energiesysteme, HSU, Detlef Schulz\" alt=\"BesuchSNH\" class=\"wp-image-5436\" width=\"1139\" height=\"760\" srcset=\"https:\/\/www.hsu-hh.de\/ees\/wp-content\/uploads\/sites\/680\/2022\/09\/BesuchSNH_Innovation-1024x683.jpg 1024w, https:\/\/www.hsu-hh.de\/ees\/wp-content\/uploads\/sites\/680\/2022\/09\/BesuchSNH_Innovation-300x200.jpg 300w, https:\/\/www.hsu-hh.de\/ees\/wp-content\/uploads\/sites\/680\/2022\/09\/BesuchSNH_Innovation-768x512.jpg 768w, https:\/\/www.hsu-hh.de\/ees\/wp-content\/uploads\/sites\/680\/2022\/09\/BesuchSNH_Innovation-1536x1024.jpg 1536w, https:\/\/www.hsu-hh.de\/ees\/wp-content\/uploads\/sites\/680\/2022\/09\/BesuchSNH_Innovation-2048x1365.jpg 2048w, https:\/\/www.hsu-hh.de\/ees\/wp-content\/uploads\/sites\/680\/2022\/09\/BesuchSNH_Innovation-1100x733.jpg 1100w\" sizes=\"auto, (max-width: 1139px) 100vw, 1139px\" \/><\/figure>\n","protected":false},"excerpt":{"rendered":"<p>Am 12. September 2022 besuchte die Innovationsabteilung der Stromnetz Hamburg GmbH (SNH) die Professur f\u00fcr Elektrische Energiesysteme (EES) an der Helmut-Schmidt-Universit\u00e4t (HSU). Es fand ein reger fachlicher Austausch mit Pr\u00e4sentationen [&hellip;]<\/p>\n","protected":false},"author":1434,"featured_media":0,"parent":0,"menu_order":0,"comment_status":"closed","ping_status":"closed","template":"","meta":{"footnotes":""},"categories":[4],"tags":[],"class_list":["post-5435","page","type-page","status-publish","hentry","category-forschung"],"_links":{"self":[{"href":"https:\/\/www.hsu-hh.de\/ees\/wp-json\/wp\/v2\/pages\/5435","targetHints":{"allow":["GET"]}}],"collection":[{"href":"https:\/\/www.hsu-hh.de\/ees\/wp-json\/wp\/v2\/pages"}],"about":[{"href":"https:\/\/www.hsu-hh.de\/ees\/wp-json\/wp\/v2\/types\/page"}],"author":[{"embeddable":true,"href":"https:\/\/www.hsu-hh.de\/ees\/wp-json\/wp\/v2\/users\/1434"}],"replies":[{"embeddable":true,"href":"https:\/\/www.hsu-hh.de\/ees\/wp-json\/wp\/v2\/comments?post=5435"}],"version-history":[{"count":3,"href":"https:\/\/www.hsu-hh.de\/ees\/wp-json\/wp\/v2\/pages\/5435\/revisions"}],"predecessor-version":[{"id":7460,"href":"https:\/\/www.hsu-hh.de\/ees\/wp-json\/wp\/v2\/pages\/5435\/revisions\/7460"}],"wp:attachment":[{"href":"https:\/\/www.hsu-hh.de\/ees\/wp-json\/wp\/v2\/media?parent=5435"}],"wp:term":[{"taxonomy":"category","embeddable":true,"href":"https:\/\/www.hsu-hh.de\/ees\/wp-json\/wp\/v2\/categories?post=5435"},{"taxonomy":"post_tag","embeddable":true,"href":"https:\/\/www.hsu-hh.de\/ees\/wp-json\/wp\/v2\/tags?post=5435"}],"curies":[{"name":"wp","href":"https:\/\/api.w.org\/{rel}","templated":true}]}}