{"id":5413,"date":"2022-09-15T17:53:10","date_gmt":"2022-09-15T15:53:10","guid":{"rendered":"https:\/\/www.hsu-hh.de\/ees\/?page_id=5413"},"modified":"2025-09-29T15:07:09","modified_gmt":"2025-09-29T13:07:09","slug":"studentische-arbeiten","status":"publish","type":"page","link":"https:\/\/www.hsu-hh.de\/ees\/studentische-arbeiten","title":{"rendered":"Studentische Arbeiten"},"content":{"rendered":"\n<p>Wir bieten sowohl intern als auch extern Studierenden die M\u00f6glichkeit sich mit Bachelor-, Seminar- und Masterarbeiten an innovativen Projekten in den Themenbereichen elektrische und multi-modale Netze, Elektromobilit\u00e4t sowie Wasserstoff und Brennstoffzellen zu beteiligen.<br>Zudem besteht die M\u00f6glichkeit, als studentische Hilfskraft in die Forschung einzusteigen. <br>Die aktuellen Ausschreibungen sind nachfolgend nach Themengebiet sortiert aufgef\u00fchrt. F\u00fcr den Fall, dass in einem Themenbereich keine Arbeiten ausgeschrieben sind oder die vorhandenen nicht den pers\u00f6nlichen Interessen entsprechen, gibt es auch die M\u00f6glichkeit, mit den jeweiligen Themenbereichsleitern pers\u00f6nlich in Kontakt zu treten. Oft ergeben sich Aufgabenstellungen auch aus dem pers\u00f6nlichen Austausch.<\/p>\n\n\n\n<h2 class=\"wp-block-heading\">Elektrische und multi-modale Netze<\/h2>\n\n\n\n<p><strong>Themenbereichsleiter<\/strong><br>Florian Grumm (<a href=\"mailto:florian.grumm@hsu-hh.de\" rel='nofollow'>florian.grumm@hsu-hh.de<\/a>)<br>Marc Florian Meyer (<a href=\"mailto:marc.meyer@hsu-hh.de\" rel='nofollow'>marc.meyer@hsu-hh.de<\/a>)<\/p>\n\n\n\n<p><strong>Ausschreibungen<\/strong><\/p>\n\n\n\n<p>Titel: <strong>Entwicklung eines Sensorsystems zum Schutz von KRITIS<\/strong><br>Ansprechpartner: Kevin Winterfeld<br>Kontakt: <a href=\"mailto:kevin.winterfeld@hsu.hamburg\" rel='nofollow'>kevin.winterfeld@hsu-hh.de<\/a><br>Art der Arbeit: Bachelor-, oder Masterarbeit<br><a href=\"https:\/\/www.hsu-hh.de\/ees\/wp-content\/uploads\/sites\/680\/2025\/09\/20250929_Sensor-zum-Schutz-von-KRITIS-2.pdf\" data-type=\"link\" data-id=\"https:\/\/www.hsu-hh.de\/ees\/wp-content\/uploads\/sites\/680\/2024\/03\/Ausschreibung-fuer-studentische-Abschlussarbeiten-P.Wagner.pdf\" target=\"_blank\" rel=\"noreferrer noopener\">Zur Ausschreibung<\/a><\/p>\n\n\n\n<p>Titel: <strong>Untersuchung elektrischer Schiffsbordnetze &#8211; Resilienzabsch\u00e4tzung gegen Netzr\u00fcckwirkungen<\/strong><br>Ansprechpartner: Philipp Wagner<br>Kontakt: <a href=\"mailto:philipp.wagner@hsu.hamburg\" rel='nofollow'>philipp.wagner@hsu-hh.de<\/a><br>Art der Arbeit: Seminar-\/Projekt-, oder Masterarbeit<br><a href=\"https:\/\/www.hsu-hh.de\/ees\/wp-content\/uploads\/sites\/680\/2024\/03\/Ausschreibung-fuer-studentische-Abschlussarbeiten-P.Wagner.pdf\" data-type=\"link\" data-id=\"https:\/\/www.hsu-hh.de\/ees\/wp-content\/uploads\/sites\/680\/2024\/03\/Ausschreibung-fuer-studentische-Abschlussarbeiten-P.Wagner.pdf\" target=\"_blank\" rel=\"noreferrer noopener\">Zur Ausschreibung<\/a><\/p>\n\n\n\n<p>Titel: <strong>Auswahl und Untersuchung von Kabelkonfigurationen zur Entwicklung einer Korrelations-Methodik ausgedehnter Kabelsysteme.<\/strong><br>Ansprechpartner: Patrick M\u00f6bius<br>Kontakt: <a href=\"mailto:patrick.moebius@hsu-hh.de\" rel='nofollow'>patrick.moebius@hsu-hh.de<\/a><br>Art der Arbeit: Seminar-\/Projekt-, oder Masterarbeit<br><a href=\"https:\/\/www.hsu-hh.de\/ees\/wp-content\/uploads\/sites\/680\/2024\/01\/Ausschreibung-fuer-studentische-Abschlussarbeiten.pdf\">Zur Ausschreibung<\/a><\/p>\n\n\n\n<hr class=\"wp-block-separator has-alpha-channel-opacity\" \/>\n\n\n\n<h2 class=\"wp-block-heading\">Elektromobilit\u00e4t<\/h2>\n\n\n\n<p><strong>Themenbereichsleiter<\/strong><br>Amra Jahic (<a href=\"mailto:amra.jahic@hsu-hh.de\" rel='nofollow'>amra.jahic@hsu-hh.de<\/a>)<br>Maik Plenz (<a href=\"mailto:maik.plenz@hsu-hh.de\" rel='nofollow'>maik.plenz@hsu-hh.de<\/a>)<\/p>\n\n\n\n<p><strong>Ausschreibungen<\/strong><\/p>\n\n\n\n<p>Thema: <strong>Effizienz bei der Ladung von Elektroautos &nbsp;(AC\/DC\/Lademanagement\/&#8230;)<\/strong><br>Ansprechpartner: Andreas Stadler<br>Kontakt: <a href=\"mailto:patrick.moebius@hsu-hh.de\" rel='nofollow'>andreas.stadler@hsu-hh.de<\/a><br>Art der Arbeit: Seminar-\/Projekt-, oder Masterarbeit<\/p>\n\n\n\n<p>Thema: <strong>Potentielle Fehlerf\u00e4lle ankommend bei HPC (Modellierung Tankstellennetz, Definition von Fehlerf\u00e4llen, Simulation der Auswirkung auf LIS, Messungen)<\/strong><br>Ansprechpartner: Andreas Stadler<br>Kontakt: <a href=\"mailto:patrick.moebius@hsu-hh.de\" rel='nofollow'>andreas.stadler@hsu-hh.de<\/a><br>Art der Arbeit: Seminar-\/Projekt-, oder Masterarbeit<\/p>\n\n\n\n<p>Thema: <strong>Ansteuerung LIS \u00fcber OCPP (Programmierung und Schnittstelle basierend auf der API eines Partnerunternehmens)<\/strong><br>Ansprechpartner: Andreas Stadler<br>Kontakt: <a href=\"mailto:patrick.moebius@hsu-hh.de\" rel='nofollow'>andreas.stadler@hsu-hh.de<\/a><br>Art der Arbeit: Seminar-\/Projekt-, oder Masterarbeit<\/p>\n\n\n\n<p>Thema: <strong>Energieverbrauchsmodelle \/ Digitale Zwillinge von Schiffen, Drohnen, LKW und Auto f\u00fcr die Integration in unser Labor mithilfe von Leistungsverst\u00e4rkern (Mikrokontroller \/ OPAL \/ &#8230; )<\/strong><br>Ansprechpartner: Andreas Stadler<br>Kontakt: <a href=\"mailto:patrick.moebius@hsu-hh.de\" rel='nofollow'>andreas.stadler@hsu-hh.de<\/a><br>Art der Arbeit: Seminar-\/Projekt-, oder Masterarbeit<\/p>\n\n\n\n<hr class=\"wp-block-separator has-alpha-channel-opacity\" \/>\n\n\n\n<h2 class=\"wp-block-heading\">Wasserstoff und Brennstoffzellen<\/h2>\n\n\n\n<p><strong>Themenbereichsleiter<\/strong><br>Marc Schumann (<a href=\"mailto:marc.schumann@hsu-hh.de\" rel='nofollow'>marc.schumann@hsu-hh.de<\/a>)<br>Daniel Becker (<a href=\"mailto:daniel.becker@hsu-hh.de\" rel='nofollow'>daniel.becker@hsu-hh.de<\/a>)<\/p>\n\n\n\n<p class=\"has-text-align-left\"><strong>Ausschreibungen<\/strong><\/p>\n\n\n\n<p>Aktuell sind keine Ausschreibungen vorhanden.<\/p>\n","protected":false},"excerpt":{"rendered":"<p>Wir bieten sowohl intern als auch extern Studierenden die M\u00f6glichkeit sich mit Bachelor-, Seminar- und Masterarbeiten an innovativen Projekten in den Themenbereichen elektrische und multi-modale Netze, Elektromobilit\u00e4t sowie Wasserstoff und [&hellip;]<\/p>\n","protected":false},"author":3288,"featured_media":0,"parent":0,"menu_order":0,"comment_status":"closed","ping_status":"closed","template":"","meta":{"footnotes":""},"categories":[4],"tags":[],"class_list":["post-5413","page","type-page","status-publish","hentry","category-forschung"],"_links":{"self":[{"href":"https:\/\/www.hsu-hh.de\/ees\/wp-json\/wp\/v2\/pages\/5413","targetHints":{"allow":["GET"]}}],"collection":[{"href":"https:\/\/www.hsu-hh.de\/ees\/wp-json\/wp\/v2\/pages"}],"about":[{"href":"https:\/\/www.hsu-hh.de\/ees\/wp-json\/wp\/v2\/types\/page"}],"author":[{"embeddable":true,"href":"https:\/\/www.hsu-hh.de\/ees\/wp-json\/wp\/v2\/users\/3288"}],"replies":[{"embeddable":true,"href":"https:\/\/www.hsu-hh.de\/ees\/wp-json\/wp\/v2\/comments?post=5413"}],"version-history":[{"count":30,"href":"https:\/\/www.hsu-hh.de\/ees\/wp-json\/wp\/v2\/pages\/5413\/revisions"}],"predecessor-version":[{"id":8102,"href":"https:\/\/www.hsu-hh.de\/ees\/wp-json\/wp\/v2\/pages\/5413\/revisions\/8102"}],"wp:attachment":[{"href":"https:\/\/www.hsu-hh.de\/ees\/wp-json\/wp\/v2\/media?parent=5413"}],"wp:term":[{"taxonomy":"category","embeddable":true,"href":"https:\/\/www.hsu-hh.de\/ees\/wp-json\/wp\/v2\/categories?post=5413"},{"taxonomy":"post_tag","embeddable":true,"href":"https:\/\/www.hsu-hh.de\/ees\/wp-json\/wp\/v2\/tags?post=5413"}],"curies":[{"name":"wp","href":"https:\/\/api.w.org\/{rel}","templated":true}]}}