{"id":4963,"date":"2021-11-30T09:32:08","date_gmt":"2021-11-30T08:32:08","guid":{"rendered":"https:\/\/www.hsu-hh.de\/ees\/?page_id=4963"},"modified":"2023-05-22T15:59:47","modified_gmt":"2023-05-22T13:59:47","slug":"fuel-cell-system-development-for-aviation-technology-beta-2","status":"publish","type":"page","link":"https:\/\/www.hsu-hh.de\/ees\/en\/research\/research-aeras\/fuel-cell-system-development-for-aviation-technology-beta-2","title":{"rendered":"Fuel Cell System Development for Aviation Technology (BETA)"},"content":{"rendered":"<div class=\"wp-block-image\">\n<figure class=\"alignleft size-large is-resized\"><img loading=\"lazy\" decoding=\"async\" src=\"https:\/\/www.hsu-hh.de\/ees\/wp-content\/uploads\/sites\/680\/2020\/04\/Logokombi_gefoerdert-durch-BMVI-koordiniert-durch-NOW_de-1024x420.png\" data-credit=\"BMVI \/ NOW-GmbH\" alt=\"BMVI\/NOW\" class=\"wp-image-2679\" width=\"512\" height=\"210\" srcset=\"https:\/\/www.hsu-hh.de\/ees\/wp-content\/uploads\/sites\/680\/2020\/04\/Logokombi_gefoerdert-durch-BMVI-koordiniert-durch-NOW_de-1024x420.png 1024w, https:\/\/www.hsu-hh.de\/ees\/wp-content\/uploads\/sites\/680\/2020\/04\/Logokombi_gefoerdert-durch-BMVI-koordiniert-durch-NOW_de-300x123.png 300w, https:\/\/www.hsu-hh.de\/ees\/wp-content\/uploads\/sites\/680\/2020\/04\/Logokombi_gefoerdert-durch-BMVI-koordiniert-durch-NOW_de-768x315.png 768w, https:\/\/www.hsu-hh.de\/ees\/wp-content\/uploads\/sites\/680\/2020\/04\/Logokombi_gefoerdert-durch-BMVI-koordiniert-durch-NOW_de.png 1364w\" sizes=\"auto, (max-width: 512px) 100vw, 512px\" \/><\/figure>\n<\/div>\n\n\n<div style=\"height:20px\" aria-hidden=\"true\" class=\"wp-block-spacer\"><\/div>\n\n\n\n<h3 class=\"wp-block-heading\">Funding code: 03B10704B<\/h3>\n\n\n\n<p>Global air travel contributes to climate change through emission of greenhouse gasses such as Carbon dioxide (CO<sub>2<\/sub>) and Nitrous oxides (NO<sub>x<\/sub>), which can have an even bigger impact on the climate when emitted at altitude [1]. Therefore, save and \u201cgreen\u201c, or low emission air travel without fossil fuels is a necessity. The current environmental targets of the European Union, specified in the <em>Flightpath 2050 \u2014 Europe\u2019s Vision for Aviation \u2014 <\/em>are 75% reduction of CO<sub>2<\/sub> emissions per passenger and kilometre (PAX), 90% reduction of NO<sub>x<\/sub> emissions, zero emission taxiing and recyclable aircraft [2].<\/p>\n\n\n\n<p>\u201cGreen\u201c aviation without the use of fossil fuels could be accomplished with battery or fuel cell electric aircraft designs, like the CityAirbus (Figure 1) or a DLR concept (Figure 2), [3]. Such future propulsion concepts are currently developed by engineers and scientists at the Department of Electrical Power Systems at the Helmut Schmidt University, the German Aerospace Centre DLR, the ZAL <abbr title=\"Gesellschaft mit beschr\u00e4nkter Haftung\">GmbH<\/abbr> and at Airbus Operations <abbr title=\"Gesellschaft mit beschr\u00e4nkter Haftung\">GmbH<\/abbr>, in the joint project \u201cFuel Cell System Development for Aviation Technology (<strong>BETA<\/strong>)\u201d. In the framework of the <em>NIP \u2013 National Innovation Programme Hydrogen and Fuel Cell Technology<\/em> the BMVI supports the development of H<sub>2<\/sub>-to-Torque-Concepts with the project BETA.<\/p>\n\n\n\n<div style=\"height:30px\" aria-hidden=\"true\" class=\"wp-block-spacer\"><\/div>\n\n\n\n<div class=\"wp-block-columns is-layout-flex wp-container-core-columns-is-layout-9d6595d7 wp-block-columns-is-layout-flex\">\n<div class=\"wp-block-column is-layout-flow wp-block-column-is-layout-flow\">\n<figure class=\"wp-block-image size-large\"><img loading=\"lazy\" decoding=\"async\" width=\"1024\" height=\"540\" src=\"https:\/\/www.hsu-hh.de\/ees\/wp-content\/uploads\/sites\/680\/2021\/07\/CityAirbus-cityscape-1024x540.jpg\" data-credit=\"Airbus Operations GmbH\" alt=\"Abbildung 1: City Airbus\" class=\"wp-image-4810\" srcset=\"https:\/\/www.hsu-hh.de\/ees\/wp-content\/uploads\/sites\/680\/2021\/07\/CityAirbus-cityscape-1024x540.jpg 1024w, https:\/\/www.hsu-hh.de\/ees\/wp-content\/uploads\/sites\/680\/2021\/07\/CityAirbus-cityscape-300x158.jpg 300w, https:\/\/www.hsu-hh.de\/ees\/wp-content\/uploads\/sites\/680\/2021\/07\/CityAirbus-cityscape-768x405.jpg 768w, https:\/\/www.hsu-hh.de\/ees\/wp-content\/uploads\/sites\/680\/2021\/07\/CityAirbus-cityscape-1536x810.jpg 1536w, https:\/\/www.hsu-hh.de\/ees\/wp-content\/uploads\/sites\/680\/2021\/07\/CityAirbus-cityscape-2048x1080.jpg 2048w, https:\/\/www.hsu-hh.de\/ees\/wp-content\/uploads\/sites\/680\/2021\/07\/CityAirbus-cityscape-1100x580.jpg 1100w\" sizes=\"auto, (max-width: 1024px) 100vw, 1024px\" \/><figcaption class=\"wp-element-caption\">Figure 1: CityAirbus<\/figcaption><\/figure>\n<\/div>\n\n\n\n<div class=\"wp-block-column is-layout-flow wp-block-column-is-layout-flow\">\n<figure class=\"wp-block-image size-large\"><img loading=\"lazy\" decoding=\"async\" width=\"1024\" height=\"539\" src=\"https:\/\/www.hsu-hh.de\/ees\/wp-content\/uploads\/sites\/680\/2021\/07\/emifr-m-neu-look-dossier-e-fliegen_CC-BY-3.0-e1626778260100-1024x539.jpg\" data-credit=\"DLR: CC-BY 3.0\" alt=\"Abbildung 2: Konzeptstudie des DLR\" class=\"wp-image-4816\" srcset=\"https:\/\/www.hsu-hh.de\/ees\/wp-content\/uploads\/sites\/680\/2021\/07\/emifr-m-neu-look-dossier-e-fliegen_CC-BY-3.0-e1626778260100-1024x539.jpg 1024w, https:\/\/www.hsu-hh.de\/ees\/wp-content\/uploads\/sites\/680\/2021\/07\/emifr-m-neu-look-dossier-e-fliegen_CC-BY-3.0-e1626778260100-300x158.jpg 300w, https:\/\/www.hsu-hh.de\/ees\/wp-content\/uploads\/sites\/680\/2021\/07\/emifr-m-neu-look-dossier-e-fliegen_CC-BY-3.0-e1626778260100-768x404.jpg 768w, https:\/\/www.hsu-hh.de\/ees\/wp-content\/uploads\/sites\/680\/2021\/07\/emifr-m-neu-look-dossier-e-fliegen_CC-BY-3.0-e1626778260100-1536x809.jpg 1536w, https:\/\/www.hsu-hh.de\/ees\/wp-content\/uploads\/sites\/680\/2021\/07\/emifr-m-neu-look-dossier-e-fliegen_CC-BY-3.0-e1626778260100-1100x579.jpg 1100w, https:\/\/www.hsu-hh.de\/ees\/wp-content\/uploads\/sites\/680\/2021\/07\/emifr-m-neu-look-dossier-e-fliegen_CC-BY-3.0-e1626778260100.jpg 1876w\" sizes=\"auto, (max-width: 1024px) 100vw, 1024px\" \/><figcaption class=\"wp-element-caption\">Figure 2: DLR concept<\/figcaption><\/figure>\n<\/div>\n<\/div>\n\n\n\n<h2 class=\"wp-block-heading\"><strong>H<sub>2<\/sub>-to-Torque<\/strong><\/h2>\n\n\n\n<p>H<sub>2<\/sub>-to-Torque could enable novel, zero-emission mobility concepts, which previously were out of the question. H<sub>2<\/sub>-to-Torque is a concept where fuel cells are coupled directly with the electric motor, omitting a high-power DC-electrical system. Figuratively, the Hydrogen (H<sub>2<\/sub>) is directly converted into mechanical torque at the shaft via the Hydrogen fuel cell. Concepts like <em>The \u201ePod\u201c configuration<\/em>&nbsp;by Airbus (Figure 3) combine all necessary components in each propulsion unit. The topology of the energy supply system changes with this concept: Centralized fuel cell systems with high power DC\/DC-converters and DC-links can be omitted. This reduces system weight and material use and, at the same time, increases safety and redundancy. Figure 4 visualizes the H<sub>2<\/sub>-to-Torque concept.<\/p>\n\n\n\n<div style=\"height:40px\" aria-hidden=\"true\" class=\"wp-block-spacer\"><\/div>\n\n\n\n<figure class=\"wp-block-image size-large\"><img loading=\"lazy\" decoding=\"async\" width=\"1024\" height=\"576\" src=\"https:\/\/www.hsu-hh.de\/ees\/wp-content\/uploads\/sites\/680\/2021\/07\/ZEROe-Pod-Configuration-1024x576.png\" data-credit=\"Airbus Operations GmbH\" alt=\"Abbildung 4: The &quot;Pod&quot; configuration\" class=\"wp-image-4814\" srcset=\"https:\/\/www.hsu-hh.de\/ees\/wp-content\/uploads\/sites\/680\/2021\/07\/ZEROe-Pod-Configuration-1024x576.png 1024w, https:\/\/www.hsu-hh.de\/ees\/wp-content\/uploads\/sites\/680\/2021\/07\/ZEROe-Pod-Configuration-300x169.png 300w, https:\/\/www.hsu-hh.de\/ees\/wp-content\/uploads\/sites\/680\/2021\/07\/ZEROe-Pod-Configuration-768x432.png 768w, https:\/\/www.hsu-hh.de\/ees\/wp-content\/uploads\/sites\/680\/2021\/07\/ZEROe-Pod-Configuration-1536x864.png 1536w, https:\/\/www.hsu-hh.de\/ees\/wp-content\/uploads\/sites\/680\/2021\/07\/ZEROe-Pod-Configuration-2048x1152.png 2048w, https:\/\/www.hsu-hh.de\/ees\/wp-content\/uploads\/sites\/680\/2021\/07\/ZEROe-Pod-Configuration-1100x619.png 1100w\" sizes=\"auto, (max-width: 1024px) 100vw, 1024px\" \/><figcaption class=\"wp-element-caption\">Figure 3: The &#8222;Pod&#8220; configuration<\/figcaption><\/figure>\n\n\n\n<div style=\"height:50px\" aria-hidden=\"true\" class=\"wp-block-spacer\"><\/div>\n\n\n\n<figure class=\"wp-block-image size-large is-resized\"><img loading=\"lazy\" decoding=\"async\" src=\"https:\/\/www.hsu-hh.de\/ees\/wp-content\/uploads\/sites\/680\/2021\/01\/Beta01-1024x523.png\" data-credit=\"HSU \/ DLab\" alt=\"H2-to-Torque\" class=\"wp-image-3875\" width=\"768\" height=\"392\" srcset=\"https:\/\/www.hsu-hh.de\/ees\/wp-content\/uploads\/sites\/680\/2021\/01\/Beta01-1024x523.png 1024w, https:\/\/www.hsu-hh.de\/ees\/wp-content\/uploads\/sites\/680\/2021\/01\/Beta01-300x153.png 300w, https:\/\/www.hsu-hh.de\/ees\/wp-content\/uploads\/sites\/680\/2021\/01\/Beta01-768x393.png 768w, https:\/\/www.hsu-hh.de\/ees\/wp-content\/uploads\/sites\/680\/2021\/01\/Beta01-1100x562.png 1100w, https:\/\/www.hsu-hh.de\/ees\/wp-content\/uploads\/sites\/680\/2021\/01\/Beta01.png 1305w\" sizes=\"auto, (max-width: 768px) 100vw, 768px\" \/><figcaption class=\"wp-element-caption\">Figure 4: H<sub>2<\/sub>-to-Torque concept with decentralized energy generation<\/figcaption><\/figure>\n\n\n\n<p>Standard fuel cell systems use a DC\/DC-converter to control the DC-link voltage and, thus, the operating point of the fuel cell. A central inverter, which is supplied via a high-power DC-link, facilitates the controlled supply of the motors as shown in Figure 5. Since the new concept renders these components obsolete, new approaches for the control strategy of the motors and the operation of the fuel cell need to be developed.<\/p>\n\n\n\n<div style=\"height:19px\" aria-hidden=\"true\" class=\"wp-block-spacer\"><\/div>\n\n\n\n<figure class=\"wp-block-image size-large is-resized\"><img loading=\"lazy\" decoding=\"async\" src=\"https:\/\/www.hsu-hh.de\/ees\/wp-content\/uploads\/sites\/680\/2021\/01\/Beta03-1024x464.png\" data-credit=\"HSU \/ DLab\" alt=\"Zentrale Systeme\" class=\"wp-image-3883\" width=\"768\" height=\"348\" srcset=\"https:\/\/www.hsu-hh.de\/ees\/wp-content\/uploads\/sites\/680\/2021\/01\/Beta03-1024x464.png 1024w, https:\/\/www.hsu-hh.de\/ees\/wp-content\/uploads\/sites\/680\/2021\/01\/Beta03-300x136.png 300w, https:\/\/www.hsu-hh.de\/ees\/wp-content\/uploads\/sites\/680\/2021\/01\/Beta03-768x348.png 768w, https:\/\/www.hsu-hh.de\/ees\/wp-content\/uploads\/sites\/680\/2021\/01\/Beta03-1536x695.png 1536w, https:\/\/www.hsu-hh.de\/ees\/wp-content\/uploads\/sites\/680\/2021\/01\/Beta03-2048x927.png 2048w, https:\/\/www.hsu-hh.de\/ees\/wp-content\/uploads\/sites\/680\/2021\/01\/Beta03-1100x498.png 1100w\" sizes=\"auto, (max-width: 768px) 100vw, 768px\" \/><figcaption class=\"wp-element-caption\">Figure 5: Standard fuel cell system using a high-power DC link<\/figcaption><\/figure>\n\n\n\n<h2 class=\"wp-block-heading\"><strong>Aim of the<\/strong> <strong>Project<\/strong><\/h2>\n\n\n\n<p>In the framework of the project the department develops and tests a motor-control-unit-system (MCU system), which will supply the motor windings with electrical energy. This MCU system consists of protection electronics, a communications link, a state detection and control for each motor winding.versorgt. Das MCU-System besteht aus Schutzelektronik, Kommunikationsschnittstellen, Zustandserfassung und der Ansteuerung f\u00fcr die jeweiligen Motorspulen.<\/p>\n\n\n\n<p>In order to analyze and optimize the MCU system the department will develop a bespoke test rig, which will enable the validation of the MCU-systems functionality and reliability through several test procedures. The information gathered from these tests will be used in the development of the prototype for the full system test rig, which will be able to show the potential of this H<sub>2<\/sub>-to-Torque concept. The full system test rig will be built in association with all partners at the ZAL facility.<\/p>\n\n\n\n<p>This development for the integration of fuel cell technology can play an important role in the phase-out of fossil fuels in the mobility sector. Utilisation scenarios range from small aircraft to longe range airliners. Particularly novel mobility concepts such as drones or air taxis can be made emission-free through the use of this Hydrogen technology. Therefore, the project follows the guiding principle set by the aviation strategy of the Federal German Government:<\/p>\n\n\n\n<p><em><em>\u201eWith its products, the German aviation sector makes a decisive contribution to a clean, efficient air transport system that constitutes a major pillar of the overall economy. As a technology leader, the aviation industry makes a permanent and substantial contribution to value-added in Germany, also for other industries. [4].\u201d<\/em><\/em><\/p>\n\n\n\n<h2 class=\"wp-block-heading\"><strong>Project Consortium<\/strong><\/h2>\n\n\n\n<div class=\"wp-block-columns are-vertically-aligned-center is-layout-flex wp-container-core-columns-is-layout-9d6595d7 wp-block-columns-is-layout-flex\">\n<div class=\"wp-block-column is-vertically-aligned-center is-layout-flow wp-block-column-is-layout-flow\"><div class=\"wp-block-image\">\n<figure class=\"aligncenter size-large is-resized\"><img loading=\"lazy\" decoding=\"async\" src=\"https:\/\/www.hsu-hh.de\/ees\/wp-content\/uploads\/sites\/680\/2021\/01\/AIRBUS.png\" data-credit=\"Airbus Operations GmbH\" alt=\"Airbus\" class=\"wp-image-3870\" width=\"190\" height=\"55\" srcset=\"https:\/\/www.hsu-hh.de\/ees\/wp-content\/uploads\/sites\/680\/2021\/01\/AIRBUS.png 516w, https:\/\/www.hsu-hh.de\/ees\/wp-content\/uploads\/sites\/680\/2021\/01\/AIRBUS-300x88.png 300w\" sizes=\"auto, (max-width: 190px) 100vw, 190px\" \/><\/figure>\n<\/div><\/div>\n\n\n\n<div class=\"wp-block-column is-vertically-aligned-center is-layout-flow wp-block-column-is-layout-flow\"><div class=\"wp-block-image\">\n<figure class=\"aligncenter size-large is-resized\"><img loading=\"lazy\" decoding=\"async\" src=\"https:\/\/www.hsu-hh.de\/ees\/wp-content\/uploads\/sites\/680\/2021\/01\/DLR.png\" data-credit=\"DLR\" alt=\"DLR\" class=\"wp-image-3867\" width=\"135\" height=\"113\" \/><\/figure>\n<\/div><\/div>\n\n\n\n<div class=\"wp-block-column is-vertically-aligned-center is-layout-flow wp-block-column-is-layout-flow\"><div class=\"wp-block-image\">\n<figure class=\"aligncenter size-large is-resized\"><img loading=\"lazy\" decoding=\"async\" src=\"https:\/\/www.hsu-hh.de\/ees\/wp-content\/uploads\/sites\/680\/2021\/01\/HSU_FARBIG_HG_transparent_klein-1024x642.png\" data-credit=\"HSU\" alt=\"HSU (klein)\" class=\"wp-image-3878\" width=\"192\" height=\"120\" srcset=\"https:\/\/www.hsu-hh.de\/ees\/wp-content\/uploads\/sites\/680\/2021\/01\/HSU_FARBIG_HG_transparent_klein-1024x642.png 1024w, https:\/\/www.hsu-hh.de\/ees\/wp-content\/uploads\/sites\/680\/2021\/01\/HSU_FARBIG_HG_transparent_klein-300x188.png 300w, https:\/\/www.hsu-hh.de\/ees\/wp-content\/uploads\/sites\/680\/2021\/01\/HSU_FARBIG_HG_transparent_klein-768x481.png 768w, https:\/\/www.hsu-hh.de\/ees\/wp-content\/uploads\/sites\/680\/2021\/01\/HSU_FARBIG_HG_transparent_klein-1100x689.png 1100w, https:\/\/www.hsu-hh.de\/ees\/wp-content\/uploads\/sites\/680\/2021\/01\/HSU_FARBIG_HG_transparent_klein.png 1181w\" sizes=\"auto, (max-width: 192px) 100vw, 192px\" \/><\/figure>\n<\/div><\/div>\n\n\n\n<div class=\"wp-block-column is-vertically-aligned-center is-layout-flow wp-block-column-is-layout-flow\"><div class=\"wp-block-image\">\n<figure class=\"aligncenter size-large is-resized\"><img loading=\"lazy\" decoding=\"async\" src=\"https:\/\/www.hsu-hh.de\/ees\/wp-content\/uploads\/sites\/680\/2021\/01\/ZAL.png\" data-credit=\"\" alt=\"ZAL\" class=\"wp-image-3868\" width=\"165\" height=\"97\" \/><\/figure>\n<\/div><\/div>\n<\/div>\n\n\n\n<h2 class=\"wp-block-heading\"><strong>References<\/strong><\/h2>\n\n\n\n<p>[1] Schumann, U. <em>Klimawirkung des Luftverkehrs.<\/em> Deutsches Zentrum f\u00fcr Luft-und Raumfahrt e.V. &#8211; Institut f\u00fcr Physik der Atmosph\u00e4re (2000).<\/p>\n\n\n\n<p>[2] Darecki, M., et al. <em>Flightpath 2050\u2014Europe\u2019s Vision for Aviation-Report of the High Level Group on Aviation Research<\/em>. 2011<\/p>\n\n\n\n<p>[3] Schefer, Hendrik, et al. <em>Discussion on Electric Power Supply Systems for All Electric Aircraft<\/em>. IEEE Access 8 (2020): 84188-84216<\/p>\n\n\n\n<p>[4] Federal Ministry for Economic Affairs and Energy (publ.). <em>Aviation Strategy of the Federal German Government<\/em>. March 2014<\/p>\n\n\n\n<h2 class=\"wp-block-heading\"><strong>Contact Persons<\/strong><\/h2>\n\n\n\n<p><abbr title=\"Professor\">Prof.<\/abbr> <abbr title=\"Doktor\">Dr.<\/abbr>&#8211;<abbr title=\"Ingenieur\">Ing.<\/abbr> <abbr title=\"habilitatus\">habil.<\/abbr> Detlef Schulz (sub-project manager)<\/p>\n\n\n\n<p>Project Group BETA:<br>Lukas Baum, <abbr title=\"Master of Science\">M.Sc.<\/abbr><br><abbr title=\"Diplom\">Dipl.<\/abbr>&#8211;<abbr title=\"Ingenieur\">Ing.<\/abbr> Florian Grumm<br>Carsten Cosse, <abbr title=\"Master of Science\">M.Sc.<\/abbr><br>Faculty of Electrical Engineering<br>Department of Electrical Power Systems<\/p>\n\n\n\n<p>Contact: beta.ees@hsu-hh.de<\/p>\n","protected":false},"excerpt":{"rendered":"<p>Funding code: 03B10704B Global air travel contributes to climate change through emission of greenhouse gasses such as Carbon dioxide (CO2) and Nitrous oxides (NOx), which can have an even bigger [&hellip;]<\/p>\n","protected":false},"author":57,"featured_media":0,"parent":4394,"menu_order":0,"comment_status":"closed","ping_status":"closed","template":"","meta":{"footnotes":""},"categories":[7],"tags":[662],"class_list":["post-4963","page","type-page","status-publish","hentry","category-research","tag-beta-en"],"_links":{"self":[{"href":"https:\/\/www.hsu-hh.de\/ees\/wp-json\/wp\/v2\/pages\/4963","targetHints":{"allow":["GET"]}}],"collection":[{"href":"https:\/\/www.hsu-hh.de\/ees\/wp-json\/wp\/v2\/pages"}],"about":[{"href":"https:\/\/www.hsu-hh.de\/ees\/wp-json\/wp\/v2\/types\/page"}],"author":[{"embeddable":true,"href":"https:\/\/www.hsu-hh.de\/ees\/wp-json\/wp\/v2\/users\/57"}],"replies":[{"embeddable":true,"href":"https:\/\/www.hsu-hh.de\/ees\/wp-json\/wp\/v2\/comments?post=4963"}],"version-history":[{"count":5,"href":"https:\/\/www.hsu-hh.de\/ees\/wp-json\/wp\/v2\/pages\/4963\/revisions"}],"predecessor-version":[{"id":7096,"href":"https:\/\/www.hsu-hh.de\/ees\/wp-json\/wp\/v2\/pages\/4963\/revisions\/7096"}],"up":[{"embeddable":true,"href":"https:\/\/www.hsu-hh.de\/ees\/wp-json\/wp\/v2\/pages\/4394"}],"wp:attachment":[{"href":"https:\/\/www.hsu-hh.de\/ees\/wp-json\/wp\/v2\/media?parent=4963"}],"wp:term":[{"taxonomy":"category","embeddable":true,"href":"https:\/\/www.hsu-hh.de\/ees\/wp-json\/wp\/v2\/categories?post=4963"},{"taxonomy":"post_tag","embeddable":true,"href":"https:\/\/www.hsu-hh.de\/ees\/wp-json\/wp\/v2\/tags?post=4963"}],"curies":[{"name":"wp","href":"https:\/\/api.w.org\/{rel}","templated":true}]}}